{"id":4432,"date":"2025-09-09T10:36:16","date_gmt":"2025-09-09T08:36:16","guid":{"rendered":"https:\/\/eyeofthewind.net\/?post_type=product&#038;p=4432"},"modified":"2026-03-12T11:26:47","modified_gmt":"2026-03-12T10:26:47","slug":"the-west-swedish-skerry-garden","status":"publish","type":"product","link":"https:\/\/eyeofthewind.net\/en\/produkt\/der-westschwedische-schaerengarten\/","title":{"rendered":"The Western Swedish Archipelago"},"content":{"rendered":"<p class=\"translation-block\">The <strong>archipelago off the west coast of Sweden<\/strong> is considered by experienced sailors and Scandinavia enthusiasts to be perhaps the <strong>most beautiful sea area in the Baltic Sea<\/strong>. With its diverse landscape, unique visual appeal and sometimes fairytale-like dreaminess, this <strong>\"maritime adventure playground\" off the coast of the Swedish provinces of V\u00e4sterg\u00f6tland and Bohusl\u00e4n<\/strong> is a real treat. Join us on a special <strong>discovery voyage<\/strong> and explore this dreamlike landscape in an unusual yet pleasant and comfortable way: <strong>aboard a traditional tall ship<\/strong> that is over 100 years old!<\/p>","protected":false},"excerpt":{"rendered":"<p>Das Revier der westschwedischen Sch\u00e4ren gilt unter erfahrenen Seglern und Skandinavien-Enthusiasten als das vielleicht sch\u00f6nste Seegebiet der Ostsee. Landschaftlich vielf\u00e4ltig, gut gesch\u00fctzt, optisch einzigartig-reizvoll und bisweilen m\u00e4rchenhaft-vertr\u00e4umt pr\u00e4sentiert sich dieser \u201emaritime Abenteuerspielplatz\u201c vor der K\u00fcste der schwedischen Provinzen V\u00e4sterg\u00f6tland und Bohusl\u00e4n. Kommen Sie mit uns auf eine besondere Entdeckertour und bereisen Sie diese traumhafte Landschaft [&hellip;]<\/p>\n","protected":false},"featured_media":4433,"template":"","meta":{"_acf_changed":false,"_vp_format_video_url":"","_vp_image_focal_point":[]},"product_brand":[],"product_cat":[15],"product_tag":[],"class_list":{"0":"post-4432","1":"product","2":"type-product","3":"status-publish","4":"has-post-thumbnail","6":"product_cat-unkategorisiert","8":"first","9":"instock","10":"featured","11":"virtual","12":"purchasable","13":"product-type-simple"},"acf":[],"yoast_head":"<!-- This site is optimized with the Yoast SEO plugin v27.4 - https:\/\/yoast.com\/product\/yoast-seo-wordpress\/ -->\n<title>Der Westschwedische Sch\u00e4rengarten - Segelschiff Charter &amp; Reisen - Eye of the Wind<\/title>\n<meta name=\"description\" content=\"Der Westschwedische Sch\u00e4rengarten: Segelt\u00f6rn auf der Ostsee mit der Eye of the Wind, Start- und Zielhafen G\u00f6teborg (Schweden)\" \/>\n<meta name=\"robots\" content=\"index, follow, max-snippet:-1, max-image-preview:large, max-video-preview:-1\" \/>\n<link rel=\"canonical\" href=\"https:\/\/eyeofthewind.net\/en\/product\/the-west-swedish-skerry-garden\/\" \/>\n<meta property=\"og:locale\" content=\"en_GB\" \/>\n<meta property=\"og:type\" content=\"article\" \/>\n<meta property=\"og:title\" content=\"Der Westschwedische Sch\u00e4rengarten - Segelschiff Charter &amp; Reisen - Eye of the Wind\" \/>\n<meta property=\"og:description\" content=\"Der Westschwedische Sch\u00e4rengarten: Segelt\u00f6rn auf der Ostsee mit der Eye of the Wind, Start- und Zielhafen G\u00f6teborg (Schweden)\" \/>\n<meta property=\"og:url\" content=\"https:\/\/eyeofthewind.net\/en\/product\/the-west-swedish-skerry-garden\/\" \/>\n<meta property=\"og:site_name\" content=\"Segelschiff Charter &amp; Reisen - Eye of the Wind\" \/>\n<meta property=\"article:modified_time\" content=\"2026-03-12T10:26:47+00:00\" \/>\n<meta property=\"og:image\" content=\"https:\/\/eyeofthewind.net\/wp-content\/uploads\/2025\/09\/Schweden-Lyseikil-Bohuslaen-beachhut-by-Andreas-Nordstroem.jpg\" \/>\n\t<meta property=\"og:image:width\" content=\"800\" \/>\n\t<meta property=\"og:image:height\" content=\"562\" \/>\n\t<meta property=\"og:image:type\" content=\"image\/jpeg\" \/>\n<meta name=\"twitter:card\" content=\"summary_large_image\" \/>\n<meta name=\"twitter:label1\" content=\"Estimated reading time\" \/>\n\t<meta name=\"twitter:data1\" content=\"1 minute\" \/>\n<script type=\"application\/ld+json\" class=\"yoast-schema-graph\">{\"@context\":\"https:\\\/\\\/schema.org\",\"@graph\":[{\"@type\":\"WebPage\",\"@id\":\"https:\\\/\\\/eyeofthewind.net\\\/produkt\\\/der-westschwedische-schaerengarten\\\/\",\"url\":\"https:\\\/\\\/eyeofthewind.net\\\/produkt\\\/der-westschwedische-schaerengarten\\\/\",\"name\":\"Der Westschwedische Sch\u00e4rengarten - Segelschiff Charter &amp; Reisen - Eye of the Wind\",\"isPartOf\":{\"@id\":\"https:\\\/\\\/eyeofthewind.net\\\/#website\"},\"primaryImageOfPage\":{\"@id\":\"https:\\\/\\\/eyeofthewind.net\\\/produkt\\\/der-westschwedische-schaerengarten\\\/#primaryimage\"},\"image\":{\"@id\":\"https:\\\/\\\/eyeofthewind.net\\\/produkt\\\/der-westschwedische-schaerengarten\\\/#primaryimage\"},\"thumbnailUrl\":\"https:\\\/\\\/eyeofthewind.net\\\/wp-content\\\/uploads\\\/2025\\\/09\\\/Schweden-Lyseikil-Bohuslaen-beachhut-by-Andreas-Nordstroem.jpg\",\"datePublished\":\"2025-09-09T08:36:16+00:00\",\"dateModified\":\"2026-03-12T10:26:47+00:00\",\"description\":\"Der Westschwedische Sch\u00e4rengarten: Segelt\u00f6rn auf der Ostsee mit der Eye of the Wind, Start- und Zielhafen G\u00f6teborg (Schweden)\",\"breadcrumb\":{\"@id\":\"https:\\\/\\\/eyeofthewind.net\\\/produkt\\\/der-westschwedische-schaerengarten\\\/#breadcrumb\"},\"inLanguage\":\"en-GB\",\"potentialAction\":[{\"@type\":\"ReadAction\",\"target\":[\"https:\\\/\\\/eyeofthewind.net\\\/produkt\\\/der-westschwedische-schaerengarten\\\/\"]}]},{\"@type\":\"ImageObject\",\"inLanguage\":\"en-GB\",\"@id\":\"https:\\\/\\\/eyeofthewind.net\\\/produkt\\\/der-westschwedische-schaerengarten\\\/#primaryimage\",\"url\":\"https:\\\/\\\/eyeofthewind.net\\\/wp-content\\\/uploads\\\/2025\\\/09\\\/Schweden-Lyseikil-Bohuslaen-beachhut-by-Andreas-Nordstroem.jpg\",\"contentUrl\":\"https:\\\/\\\/eyeofthewind.net\\\/wp-content\\\/uploads\\\/2025\\\/09\\\/Schweden-Lyseikil-Bohuslaen-beachhut-by-Andreas-Nordstroem.jpg\",\"width\":800,\"height\":562,\"caption\":\"Der Westschwedische Sch\u00e4rengarten\"},{\"@type\":\"BreadcrumbList\",\"@id\":\"https:\\\/\\\/eyeofthewind.net\\\/produkt\\\/der-westschwedische-schaerengarten\\\/#breadcrumb\",\"itemListElement\":[{\"@type\":\"ListItem\",\"position\":1,\"name\":\"Startseite\",\"item\":\"https:\\\/\\\/eyeofthewind.net\\\/\"},{\"@type\":\"ListItem\",\"position\":2,\"name\":\"Shop\",\"item\":\"https:\\\/\\\/eyeofthewind.net\\\/shop\\\/\"},{\"@type\":\"ListItem\",\"position\":3,\"name\":\"Der Westschwedische Sch\u00e4rengarten\"}]},{\"@type\":\"WebSite\",\"@id\":\"https:\\\/\\\/eyeofthewind.net\\\/#website\",\"url\":\"https:\\\/\\\/eyeofthewind.net\\\/\",\"name\":\"Segelschiff Charter &amp; Reisen - Eye of the Wind\",\"description\":\"Segelurlaub mit der Eye of the Wind: Segelt\u00f6rns zwischen Ostsee, Kanaren und Karibik. Jeder kann mitsegeln! Mehr zu Ihrer Segelreise.\",\"publisher\":{\"@id\":\"https:\\\/\\\/eyeofthewind.net\\\/#organization\"},\"potentialAction\":[{\"@type\":\"SearchAction\",\"target\":{\"@type\":\"EntryPoint\",\"urlTemplate\":\"https:\\\/\\\/eyeofthewind.net\\\/?s={search_term_string}\"},\"query-input\":{\"@type\":\"PropertyValueSpecification\",\"valueRequired\":true,\"valueName\":\"search_term_string\"}}],\"inLanguage\":\"en-GB\"},{\"@type\":\"Organization\",\"@id\":\"https:\\\/\\\/eyeofthewind.net\\\/#organization\",\"name\":\"Segelschiff Charter &amp; Reisen - Eye of the Wind\",\"url\":\"https:\\\/\\\/eyeofthewind.net\\\/\",\"logo\":{\"@type\":\"ImageObject\",\"inLanguage\":\"en-GB\",\"@id\":\"https:\\\/\\\/eyeofthewind.net\\\/#\\\/schema\\\/logo\\\/image\\\/\",\"url\":\"https:\\\/\\\/eyeofthewind.net\\\/wp-content\\\/uploads\\\/2024\\\/10\\\/L_Eye_weiss.svg\",\"contentUrl\":\"https:\\\/\\\/eyeofthewind.net\\\/wp-content\\\/uploads\\\/2024\\\/10\\\/L_Eye_weiss.svg\",\"width\":202,\"height\":123,\"caption\":\"Segelschiff Charter &amp; Reisen - Eye of the Wind\"},\"image\":{\"@id\":\"https:\\\/\\\/eyeofthewind.net\\\/#\\\/schema\\\/logo\\\/image\\\/\"}}]}<\/script>\n<!-- \/ Yoast SEO plugin. -->","yoast_head_json":{"title":"The Western Swedish Archipelago - Sailboat Charter &amp; Travel - Eye of the Wind","description":"The Western Swedish Archipelago: Sailing trip on the Baltic Sea with the Eye of the Wind, starting and finishing harbour Gothenburg (Sweden)","robots":{"index":"index","follow":"follow","max-snippet":"max-snippet:-1","max-image-preview":"max-image-preview:large","max-video-preview":"max-video-preview:-1"},"canonical":"https:\/\/eyeofthewind.net\/en\/product\/the-west-swedish-skerry-garden\/","og_locale":"en_GB","og_type":"article","og_title":"Der Westschwedische Sch\u00e4rengarten - Segelschiff Charter &amp; Reisen - Eye of the Wind","og_description":"Der Westschwedische Sch\u00e4rengarten: Segelt\u00f6rn auf der Ostsee mit der Eye of the Wind, Start- und Zielhafen G\u00f6teborg (Schweden)","og_url":"https:\/\/eyeofthewind.net\/en\/product\/the-west-swedish-skerry-garden\/","og_site_name":"Segelschiff Charter &amp; Reisen - Eye of the Wind","article_modified_time":"2026-03-12T10:26:47+00:00","og_image":[{"width":800,"height":562,"url":"https:\/\/eyeofthewind.net\/wp-content\/uploads\/2025\/09\/Schweden-Lyseikil-Bohuslaen-beachhut-by-Andreas-Nordstroem.jpg","type":"image\/jpeg"}],"twitter_card":"summary_large_image","twitter_misc":{"Estimated reading time":"1 minute"},"schema":{"@context":"https:\/\/schema.org","@graph":[{"@type":"WebPage","@id":"https:\/\/eyeofthewind.net\/produkt\/der-westschwedische-schaerengarten\/","url":"https:\/\/eyeofthewind.net\/produkt\/der-westschwedische-schaerengarten\/","name":"The Western Swedish Archipelago - Sailboat Charter &amp; Travel - Eye of the Wind","isPartOf":{"@id":"https:\/\/eyeofthewind.net\/#website"},"primaryImageOfPage":{"@id":"https:\/\/eyeofthewind.net\/produkt\/der-westschwedische-schaerengarten\/#primaryimage"},"image":{"@id":"https:\/\/eyeofthewind.net\/produkt\/der-westschwedische-schaerengarten\/#primaryimage"},"thumbnailUrl":"https:\/\/eyeofthewind.net\/wp-content\/uploads\/2025\/09\/Schweden-Lyseikil-Bohuslaen-beachhut-by-Andreas-Nordstroem.jpg","datePublished":"2025-09-09T08:36:16+00:00","dateModified":"2026-03-12T10:26:47+00:00","description":"The Western Swedish Archipelago: Sailing trip on the Baltic Sea with the Eye of the Wind, starting and finishing harbour Gothenburg (Sweden)","breadcrumb":{"@id":"https:\/\/eyeofthewind.net\/produkt\/der-westschwedische-schaerengarten\/#breadcrumb"},"inLanguage":"en-GB","potentialAction":[{"@type":"ReadAction","target":["https:\/\/eyeofthewind.net\/produkt\/der-westschwedische-schaerengarten\/"]}]},{"@type":"ImageObject","inLanguage":"en-GB","@id":"https:\/\/eyeofthewind.net\/produkt\/der-westschwedische-schaerengarten\/#primaryimage","url":"https:\/\/eyeofthewind.net\/wp-content\/uploads\/2025\/09\/Schweden-Lyseikil-Bohuslaen-beachhut-by-Andreas-Nordstroem.jpg","contentUrl":"https:\/\/eyeofthewind.net\/wp-content\/uploads\/2025\/09\/Schweden-Lyseikil-Bohuslaen-beachhut-by-Andreas-Nordstroem.jpg","width":800,"height":562,"caption":"Der Westschwedische Sch\u00e4rengarten"},{"@type":"BreadcrumbList","@id":"https:\/\/eyeofthewind.net\/produkt\/der-westschwedische-schaerengarten\/#breadcrumb","itemListElement":[{"@type":"ListItem","position":1,"name":"Startseite","item":"https:\/\/eyeofthewind.net\/"},{"@type":"ListItem","position":2,"name":"Shop","item":"https:\/\/eyeofthewind.net\/shop\/"},{"@type":"ListItem","position":3,"name":"Der Westschwedische Sch\u00e4rengarten"}]},{"@type":"WebSite","@id":"https:\/\/eyeofthewind.net\/#website","url":"https:\/\/eyeofthewind.net\/","name":"Sailing Ship Charter &amp; Travelling - Eye of the Wind","description":"Sailing holidays with the Eye of the Wind: sailing trips between the Baltic Sea, Canary Islands and Caribbean. Anyone can sail with us! More about your sailing holiday.","publisher":{"@id":"https:\/\/eyeofthewind.net\/#organization"},"potentialAction":[{"@type":"SearchAction","target":{"@type":"EntryPoint","urlTemplate":"https:\/\/eyeofthewind.net\/?s={search_term_string}"},"query-input":{"@type":"PropertyValueSpecification","valueRequired":true,"valueName":"search_term_string"}}],"inLanguage":"en-GB"},{"@type":"Organization","@id":"https:\/\/eyeofthewind.net\/#organization","name":"Sailing Ship Charter &amp; Travelling - Eye of the Wind","url":"https:\/\/eyeofthewind.net\/","logo":{"@type":"ImageObject","inLanguage":"en-GB","@id":"https:\/\/eyeofthewind.net\/#\/schema\/logo\/image\/","url":"https:\/\/eyeofthewind.net\/wp-content\/uploads\/2024\/10\/L_Eye_weiss.svg","contentUrl":"https:\/\/eyeofthewind.net\/wp-content\/uploads\/2024\/10\/L_Eye_weiss.svg","width":202,"height":123,"caption":"Segelschiff Charter &amp; Reisen - Eye of the Wind"},"image":{"@id":"https:\/\/eyeofthewind.net\/#\/schema\/logo\/image\/"}}]}},"_links":{"self":[{"href":"https:\/\/eyeofthewind.net\/en\/wp-json\/wp\/v2\/product\/4432","targetHints":{"allow":["GET"]}}],"collection":[{"href":"https:\/\/eyeofthewind.net\/en\/wp-json\/wp\/v2\/product"}],"about":[{"href":"https:\/\/eyeofthewind.net\/en\/wp-json\/wp\/v2\/types\/product"}],"wp:featuredmedia":[{"embeddable":true,"href":"https:\/\/eyeofthewind.net\/en\/wp-json\/wp\/v2\/media\/4433"}],"wp:attachment":[{"href":"https:\/\/eyeofthewind.net\/en\/wp-json\/wp\/v2\/media?parent=4432"}],"wp:term":[{"taxonomy":"product_brand","embeddable":true,"href":"https:\/\/eyeofthewind.net\/en\/wp-json\/wp\/v2\/product_brand?post=4432"},{"taxonomy":"product_cat","embeddable":true,"href":"https:\/\/eyeofthewind.net\/en\/wp-json\/wp\/v2\/product_cat?post=4432"},{"taxonomy":"product_tag","embeddable":true,"href":"https:\/\/eyeofthewind.net\/en\/wp-json\/wp\/v2\/product_tag?post=4432"}],"curies":[{"name":"wp","href":"https:\/\/api.w.org\/{rel}","templated":true}]}}

<p class="translation-block">The <strong>archipelago off the west coast of Sweden</strong> is considered by experienced sailors and Scandinavia enthusiasts to be perhaps the <strong>most beautiful sea area in the Baltic Sea</strong>. With its diverse landscape, unique visual appeal and sometimes fairytale-like dreaminess, this <strong>"maritime adventure playground" off the coast of the Swedish provinces of Västergötland and Bohuslän</strong> is a real treat. Join us on a special <strong>discovery voyage</strong> and explore this dreamlike landscape in an unusual yet pleasant and comfortable way: <strong>aboard a traditional tall ship</strong> that is over 100 years old!</p>

<p>Das Revier der westschwedischen Schären gilt unter erfahrenen Seglern und Skandinavien-Enthusiasten als das vielleicht schönste Seegebiet der Ostsee. Landschaftlich vielfältig, gut geschützt, optisch einzigartig-reizvoll und bisweilen märchenhaft-verträumt präsentiert sich dieser „maritime Abenteuerspielplatz“ vor der Küste der schwedischen Provinzen Västergötland und Bohuslän. Kommen Sie mit uns auf eine besondere Entdeckertour und bereisen Sie diese traumhafte Landschaft [&hellip;]</p>

<!-- This site is optimized with the Yoast SEO plugin v27.4 - https://yoast.com/product/yoast-seo-wordpress/ -->
<title>Der Westschwedische Schärengarten - Segelschiff Charter &amp; Reisen - Eye of the Wind</title>
<meta name="description" content="Der Westschwedische Schärengarten: Segeltörn auf der Ostsee mit der Eye of the Wind, Start- und Zielhafen Göteborg (Schweden)" />
<meta name="robots" content="index, follow, max-snippet:-1, max-image-preview:large, max-video-preview:-1" />
<link rel="canonical" href="https://eyeofthewind.net/en/product/the-west-swedish-skerry-garden/" />
<meta property="og:locale" content="en_GB" />
<meta property="og:type" content="article" />
<meta property="og:title" content="Der Westschwedische Schärengarten - Segelschiff Charter &amp; Reisen - Eye of the Wind" />
<meta property="og:description" content="Der Westschwedische Schärengarten: Segeltörn auf der Ostsee mit der Eye of the Wind, Start- und Zielhafen Göteborg (Schweden)" />
<meta property="og:url" content="https://eyeofthewind.net/en/product/the-west-swedish-skerry-garden/" />
<meta property="og:site_name" content="Segelschiff Charter &amp; Reisen - Eye of the Wind" />
<meta property="article:modified_time" content="2026-03-12T10:26:47+00:00" />
<meta property="og:image" content="https://eyeofthewind.net/wp-content/uploads/2025/09/Schweden-Lyseikil-Bohuslaen-beachhut-by-Andreas-Nordstroem.jpg" />
	<meta property="og:image:width" content="800" />
	<meta property="og:image:height" content="562" />
	<meta property="og:image:type" content="image/jpeg" />
<meta name="twitter:card" content="summary_large_image" />
<meta name="twitter:label1" content="Estimated reading time" />
	<meta name="twitter:data1" content="1 minute" />
<script type="application/ld+json" class="yoast-schema-graph">{"@context":"https:\/\/schema.org","@graph":[{"@type":"WebPage","@id":"https:\/\/eyeofthewind.net\/produkt\/der-westschwedische-schaerengarten\/","url":"https:\/\/eyeofthewind.net\/produkt\/der-westschwedische-schaerengarten\/","name":"Der Westschwedische Schärengarten - Segelschiff Charter &amp; Reisen - Eye of the Wind","isPartOf":{"@id":"https:\/\/eyeofthewind.net\/#website"},"primaryImageOfPage":{"@id":"https:\/\/eyeofthewind.net\/produkt\/der-westschwedische-schaerengarten\/#primaryimage"},"image":{"@id":"https:\/\/eyeofthewind.net\/produkt\/der-westschwedische-schaerengarten\/#primaryimage"},"thumbnailUrl":"https:\/\/eyeofthewind.net\/wp-content\/uploads\/2025\/09\/Schweden-Lyseikil-Bohuslaen-beachhut-by-Andreas-Nordstroem.jpg","datePublished":"2025-09-09T08:36:16+00:00","dateModified":"2026-03-12T10:26:47+00:00","description":"Der Westschwedische Schärengarten: Segeltörn auf der Ostsee mit der Eye of the Wind, Start- und Zielhafen Göteborg (Schweden)","breadcrumb":{"@id":"https:\/\/eyeofthewind.net\/produkt\/der-westschwedische-schaerengarten\/#breadcrumb"},"inLanguage":"en-GB","potentialAction":[{"@type":"ReadAction","target":["https:\/\/eyeofthewind.net\/produkt\/der-westschwedische-schaerengarten\/"]}]},{"@type":"ImageObject","inLanguage":"en-GB","@id":"https:\/\/eyeofthewind.net\/produkt\/der-westschwedische-schaerengarten\/#primaryimage","url":"https:\/\/eyeofthewind.net\/wp-content\/uploads\/2025\/09\/Schweden-Lyseikil-Bohuslaen-beachhut-by-Andreas-Nordstroem.jpg","contentUrl":"https:\/\/eyeofthewind.net\/wp-content\/uploads\/2025\/09\/Schweden-Lyseikil-Bohuslaen-beachhut-by-Andreas-Nordstroem.jpg","width":800,"height":562,"caption":"Der Westschwedische Schärengarten"},{"@type":"BreadcrumbList","@id":"https:\/\/eyeofthewind.net\/produkt\/der-westschwedische-schaerengarten\/#breadcrumb","itemListElement":[{"@type":"ListItem","position":1,"name":"Startseite","item":"https:\/\/eyeofthewind.net\/"},{"@type":"ListItem","position":2,"name":"Shop","item":"https:\/\/eyeofthewind.net\/shop\/"},{"@type":"ListItem","position":3,"name":"Der Westschwedische Schärengarten"}]},{"@type":"WebSite","@id":"https:\/\/eyeofthewind.net\/#website","url":"https:\/\/eyeofthewind.net\/","name":"Segelschiff Charter &amp; Reisen - Eye of the Wind","description":"Segelurlaub mit der Eye of the Wind: Segeltörns zwischen Ostsee, Kanaren und Karibik. Jeder kann mitsegeln! Mehr zu Ihrer Segelreise.","publisher":{"@id":"https:\/\/eyeofthewind.net\/#organization"},"potentialAction":[{"@type":"SearchAction","target":{"@type":"EntryPoint","urlTemplate":"https:\/\/eyeofthewind.net\/?s={search_term_string}"},"query-input":{"@type":"PropertyValueSpecification","valueRequired":true,"valueName":"search_term_string"}}],"inLanguage":"en-GB"},{"@type":"Organization","@id":"https:\/\/eyeofthewind.net\/#organization","name":"Segelschiff Charter &amp; Reisen - Eye of the Wind","url":"https:\/\/eyeofthewind.net\/","logo":{"@type":"ImageObject","inLanguage":"en-GB","@id":"https:\/\/eyeofthewind.net\/#\/schema\/logo\/image\/","url":"https:\/\/eyeofthewind.net\/wp-content\/uploads\/2024\/10\/L_Eye_weiss.svg","contentUrl":"https:\/\/eyeofthewind.net\/wp-content\/uploads\/2024\/10\/L_Eye_weiss.svg","width":202,"height":123,"caption":"Segelschiff Charter &amp; Reisen - Eye of the Wind"},"image":{"@id":"https:\/\/eyeofthewind.net\/#\/schema\/logo\/image\/"}}]}</script>
<!-- / Yoast SEO plugin. -->

Der Westschwedische Schärengarten - Segelschiff Charter &amp; Reisen - Eye of the Wind

Der Westschwedische Schärengarten: Segeltörn auf der Ostsee mit der Eye of the Wind, Start- und Zielhafen Göteborg (Schweden)

Der Westschwedische Schärengarten
