{"id":4541,"date":"2025-09-15T09:33:38","date_gmt":"2025-09-15T07:33:38","guid":{"rendered":"https:\/\/eyeofthewind.net\/?post_type=product&#038;p=4541"},"modified":"2026-04-02T11:51:59","modified_gmt":"2026-04-02T09:51:59","slug":"kieler-woche-windjammer-parade","status":"publish","type":"product","link":"https:\/\/eyeofthewind.net\/en\/produkt\/kieler-woche-windjammerparade\/","title":{"rendered":"Kiel Sailing Week 2026: Windjammer Parade"},"content":{"rendered":"<p class=\"translation-block\">Over a <strong>welcome drink<\/strong>, you will get to know your fellow passengers for the day. Or <strong>bring your family and friends on board with you<\/strong> and enjoy an eventful day together on one of the last original tall ships of our time.<\/p>\n<p class=\"translation-block\">The grand <strong>windjammer parade<\/strong> on the penultimate day of <strong>Kiel Sailing Week<\/strong> is the highlight of the event for all visitors and participating sailors. <strong>On board the Eye of the Wind<\/strong>, you will be right <strong>in the middle of the parade<\/strong> \u2013 experiencing the atmosphere on board, watching the other tall ships sail by and enjoying the view of the fjord landscape on the shore!<\/p>\n<p class=\"translation-block\">Together with a large <strong>fleet of pleasure boats, historic steamships and traditional sailing ships<\/strong>, we sail past the green and white Friedrichsort lighthouse towards the Baltic Sea. On our starboard side, we see the Laboe Naval Memorial, and right next to it, we discover the former submarine U 995, which looks particularly impressive from this perspective as it sits enthroned on the beach. Small colourful sails dominate the scene on the opposite shore of the fjord. This is where <strong>the sailing competitions take place on the regatta courses<\/strong>. The centre of the sailing competition is the Schilksee Olympic Centre \u2013 this is where the Olympic flame burned during the 1972 Games, and to this day it is the heart of the organisational headquarters for every Kiel Sailing Week.<\/p>\n<p>&nbsp;<\/p>","protected":false},"excerpt":{"rendered":"<p>Bei einem Begr\u00fc\u00dfungsgetr\u00e4nk lernen Sie Ihre Mitreisenden f\u00fcr den heutigen Tag kennen. Oder bringen Sie gleich Ihre Familie und Freunde mit zu uns an Bord und erleben Sie gemeinsam einen ereignisreichen Tag auf einem der letzten originalen Gro\u00dfsegler unserer Zeit. Die gro\u00dfe Windjammer-Parade am vorletzten Tag der Kieler Woche ist der Veranstaltungsh\u00f6hepunkt f\u00fcr alle Besucher [&hellip;]<\/p>\n","protected":false},"featured_media":2435,"template":"","meta":{"_acf_changed":false,"_vp_format_video_url":"","_vp_image_focal_point":[]},"product_brand":[],"product_cat":[15],"product_tag":[],"class_list":{"0":"post-4541","1":"product","2":"type-product","3":"status-publish","4":"has-post-thumbnail","6":"product_cat-unkategorisiert","8":"first","9":"outofstock","10":"virtual","11":"taxable","12":"purchasable","13":"product-type-simple"},"acf":[],"yoast_head":"<!-- This site is optimized with the Yoast SEO plugin v27.4 - https:\/\/yoast.com\/product\/yoast-seo-wordpress\/ -->\n<title>Kieler Woche: Windjammerparade - Segelschiff Charter &amp; Reisen - Eye of the Wind<\/title>\n<meta name=\"description\" content=\"Kieler Woche: Teilnahme an der Windjammerparade. Ostsee-Segelt\u00f6rn mit der Eye of the Wind, Start- und Zielhafen Kiel, inkl. Verpflegung\" \/>\n<meta name=\"robots\" content=\"index, follow, max-snippet:-1, max-image-preview:large, max-video-preview:-1\" \/>\n<link rel=\"canonical\" href=\"https:\/\/eyeofthewind.net\/en\/product\/kieler-woche-windjammer-parade\/\" \/>\n<meta property=\"og:locale\" content=\"en_GB\" \/>\n<meta property=\"og:type\" content=\"article\" \/>\n<meta property=\"og:title\" content=\"Kieler Woche: Windjammerparade - Segelschiff Charter &amp; Reisen - Eye of the Wind\" \/>\n<meta property=\"og:description\" content=\"Kieler Woche: Teilnahme an der Windjammerparade. Ostsee-Segelt\u00f6rn mit der Eye of the Wind, Start- und Zielhafen Kiel, inkl. Verpflegung\" \/>\n<meta property=\"og:url\" content=\"https:\/\/eyeofthewind.net\/en\/product\/kieler-woche-windjammer-parade\/\" \/>\n<meta property=\"og:site_name\" content=\"Segelschiff Charter &amp; Reisen - Eye of the Wind\" \/>\n<meta property=\"article:modified_time\" content=\"2026-04-02T09:51:59+00:00\" \/>\n<meta property=\"og:image\" content=\"https:\/\/eyeofthewind.net\/wp-content\/uploads\/2025\/04\/parade-1-e1744190849370.jpg\" \/>\n\t<meta property=\"og:image:width\" content=\"880\" \/>\n\t<meta property=\"og:image:height\" content=\"623\" \/>\n\t<meta property=\"og:image:type\" content=\"image\/jpeg\" \/>\n<meta name=\"twitter:card\" content=\"summary_large_image\" \/>\n<meta name=\"twitter:label1\" content=\"Estimated reading time\" \/>\n\t<meta name=\"twitter:data1\" content=\"2 minutes\" \/>\n<script type=\"application\/ld+json\" class=\"yoast-schema-graph\">{\"@context\":\"https:\\\/\\\/schema.org\",\"@graph\":[{\"@type\":\"WebPage\",\"@id\":\"https:\\\/\\\/eyeofthewind.net\\\/produkt\\\/kieler-woche-windjammerparade\\\/\",\"url\":\"https:\\\/\\\/eyeofthewind.net\\\/produkt\\\/kieler-woche-windjammerparade\\\/\",\"name\":\"Kieler Woche: Windjammerparade - Segelschiff Charter &amp; Reisen - Eye of the Wind\",\"isPartOf\":{\"@id\":\"https:\\\/\\\/eyeofthewind.net\\\/#website\"},\"primaryImageOfPage\":{\"@id\":\"https:\\\/\\\/eyeofthewind.net\\\/produkt\\\/kieler-woche-windjammerparade\\\/#primaryimage\"},\"image\":{\"@id\":\"https:\\\/\\\/eyeofthewind.net\\\/produkt\\\/kieler-woche-windjammerparade\\\/#primaryimage\"},\"thumbnailUrl\":\"https:\\\/\\\/eyeofthewind.net\\\/wp-content\\\/uploads\\\/2025\\\/04\\\/parade-1-e1744190849370.jpg\",\"datePublished\":\"2025-09-15T07:33:38+00:00\",\"dateModified\":\"2026-04-02T09:51:59+00:00\",\"description\":\"Kieler Woche: Teilnahme an der Windjammerparade. Ostsee-Segelt\u00f6rn mit der Eye of the Wind, Start- und Zielhafen Kiel, inkl. Verpflegung\",\"breadcrumb\":{\"@id\":\"https:\\\/\\\/eyeofthewind.net\\\/produkt\\\/kieler-woche-windjammerparade\\\/#breadcrumb\"},\"inLanguage\":\"en-GB\",\"potentialAction\":[{\"@type\":\"ReadAction\",\"target\":[\"https:\\\/\\\/eyeofthewind.net\\\/produkt\\\/kieler-woche-windjammerparade\\\/\"]}]},{\"@type\":\"ImageObject\",\"inLanguage\":\"en-GB\",\"@id\":\"https:\\\/\\\/eyeofthewind.net\\\/produkt\\\/kieler-woche-windjammerparade\\\/#primaryimage\",\"url\":\"https:\\\/\\\/eyeofthewind.net\\\/wp-content\\\/uploads\\\/2025\\\/04\\\/parade-1-e1744190849370.jpg\",\"contentUrl\":\"https:\\\/\\\/eyeofthewind.net\\\/wp-content\\\/uploads\\\/2025\\\/04\\\/parade-1-e1744190849370.jpg\",\"width\":880,\"height\":623,\"caption\":\"Kieler Woche Windjammerparade\"},{\"@type\":\"BreadcrumbList\",\"@id\":\"https:\\\/\\\/eyeofthewind.net\\\/produkt\\\/kieler-woche-windjammerparade\\\/#breadcrumb\",\"itemListElement\":[{\"@type\":\"ListItem\",\"position\":1,\"name\":\"Startseite\",\"item\":\"https:\\\/\\\/eyeofthewind.net\\\/\"},{\"@type\":\"ListItem\",\"position\":2,\"name\":\"Shop\",\"item\":\"https:\\\/\\\/eyeofthewind.net\\\/shop\\\/\"},{\"@type\":\"ListItem\",\"position\":3,\"name\":\"Kieler Woche: Windjammerparade\"}]},{\"@type\":\"WebSite\",\"@id\":\"https:\\\/\\\/eyeofthewind.net\\\/#website\",\"url\":\"https:\\\/\\\/eyeofthewind.net\\\/\",\"name\":\"Segelschiff Charter &amp; Reisen - Eye of the Wind\",\"description\":\"Segelurlaub mit der Eye of the Wind: Segelt\u00f6rns zwischen Ostsee, Kanaren und Karibik. Jeder kann mitsegeln! Mehr zu Ihrer Segelreise.\",\"publisher\":{\"@id\":\"https:\\\/\\\/eyeofthewind.net\\\/#organization\"},\"potentialAction\":[{\"@type\":\"SearchAction\",\"target\":{\"@type\":\"EntryPoint\",\"urlTemplate\":\"https:\\\/\\\/eyeofthewind.net\\\/?s={search_term_string}\"},\"query-input\":{\"@type\":\"PropertyValueSpecification\",\"valueRequired\":true,\"valueName\":\"search_term_string\"}}],\"inLanguage\":\"en-GB\"},{\"@type\":\"Organization\",\"@id\":\"https:\\\/\\\/eyeofthewind.net\\\/#organization\",\"name\":\"Segelschiff Charter &amp; Reisen - Eye of the Wind\",\"url\":\"https:\\\/\\\/eyeofthewind.net\\\/\",\"logo\":{\"@type\":\"ImageObject\",\"inLanguage\":\"en-GB\",\"@id\":\"https:\\\/\\\/eyeofthewind.net\\\/#\\\/schema\\\/logo\\\/image\\\/\",\"url\":\"https:\\\/\\\/eyeofthewind.net\\\/wp-content\\\/uploads\\\/2024\\\/10\\\/L_Eye_weiss.svg\",\"contentUrl\":\"https:\\\/\\\/eyeofthewind.net\\\/wp-content\\\/uploads\\\/2024\\\/10\\\/L_Eye_weiss.svg\",\"width\":202,\"height\":123,\"caption\":\"Segelschiff Charter &amp; Reisen - Eye of the Wind\"},\"image\":{\"@id\":\"https:\\\/\\\/eyeofthewind.net\\\/#\\\/schema\\\/logo\\\/image\\\/\"}}]}<\/script>\n<!-- \/ Yoast SEO plugin. -->","yoast_head_json":{"title":"Kieler Woche: Windjammer Parade - Sailing Ship Charter &amp; Travelling - Eye of the Wind","description":"Kieler Woche: Participation in the Windjammer Parade. Baltic Sea sailing trip with the Eye of the Wind, starting and finishing harbour Kiel, incl. catering","robots":{"index":"index","follow":"follow","max-snippet":"max-snippet:-1","max-image-preview":"max-image-preview:large","max-video-preview":"max-video-preview:-1"},"canonical":"https:\/\/eyeofthewind.net\/en\/product\/kieler-woche-windjammer-parade\/","og_locale":"en_GB","og_type":"article","og_title":"Kieler Woche: Windjammerparade - Segelschiff Charter &amp; Reisen - Eye of the Wind","og_description":"Kieler Woche: Teilnahme an der Windjammerparade. Ostsee-Segelt\u00f6rn mit der Eye of the Wind, Start- und Zielhafen Kiel, inkl. Verpflegung","og_url":"https:\/\/eyeofthewind.net\/en\/product\/kieler-woche-windjammer-parade\/","og_site_name":"Segelschiff Charter &amp; Reisen - Eye of the Wind","article_modified_time":"2026-04-02T09:51:59+00:00","og_image":[{"width":880,"height":623,"url":"https:\/\/eyeofthewind.net\/wp-content\/uploads\/2025\/04\/parade-1-e1744190849370.jpg","type":"image\/jpeg"}],"twitter_card":"summary_large_image","twitter_misc":{"Estimated reading time":"2 minutes"},"schema":{"@context":"https:\/\/schema.org","@graph":[{"@type":"WebPage","@id":"https:\/\/eyeofthewind.net\/produkt\/kieler-woche-windjammerparade\/","url":"https:\/\/eyeofthewind.net\/produkt\/kieler-woche-windjammerparade\/","name":"Kieler Woche: Windjammer Parade - Sailing Ship Charter &amp; Travelling - Eye of the Wind","isPartOf":{"@id":"https:\/\/eyeofthewind.net\/#website"},"primaryImageOfPage":{"@id":"https:\/\/eyeofthewind.net\/produkt\/kieler-woche-windjammerparade\/#primaryimage"},"image":{"@id":"https:\/\/eyeofthewind.net\/produkt\/kieler-woche-windjammerparade\/#primaryimage"},"thumbnailUrl":"https:\/\/eyeofthewind.net\/wp-content\/uploads\/2025\/04\/parade-1-e1744190849370.jpg","datePublished":"2025-09-15T07:33:38+00:00","dateModified":"2026-04-02T09:51:59+00:00","description":"Kieler Woche: Participation in the Windjammer Parade. Baltic Sea sailing trip with the Eye of the Wind, starting and finishing harbour Kiel, incl. catering","breadcrumb":{"@id":"https:\/\/eyeofthewind.net\/produkt\/kieler-woche-windjammerparade\/#breadcrumb"},"inLanguage":"en-GB","potentialAction":[{"@type":"ReadAction","target":["https:\/\/eyeofthewind.net\/produkt\/kieler-woche-windjammerparade\/"]}]},{"@type":"ImageObject","inLanguage":"en-GB","@id":"https:\/\/eyeofthewind.net\/produkt\/kieler-woche-windjammerparade\/#primaryimage","url":"https:\/\/eyeofthewind.net\/wp-content\/uploads\/2025\/04\/parade-1-e1744190849370.jpg","contentUrl":"https:\/\/eyeofthewind.net\/wp-content\/uploads\/2025\/04\/parade-1-e1744190849370.jpg","width":880,"height":623,"caption":"Kieler Woche Windjammerparade"},{"@type":"BreadcrumbList","@id":"https:\/\/eyeofthewind.net\/produkt\/kieler-woche-windjammerparade\/#breadcrumb","itemListElement":[{"@type":"ListItem","position":1,"name":"Startseite","item":"https:\/\/eyeofthewind.net\/"},{"@type":"ListItem","position":2,"name":"Shop","item":"https:\/\/eyeofthewind.net\/shop\/"},{"@type":"ListItem","position":3,"name":"Kieler Woche: Windjammerparade"}]},{"@type":"WebSite","@id":"https:\/\/eyeofthewind.net\/#website","url":"https:\/\/eyeofthewind.net\/","name":"Sailing Ship Charter &amp; Travelling - Eye of the Wind","description":"Sailing holidays with the Eye of the Wind: sailing trips between the Baltic Sea, Canary Islands and Caribbean. Anyone can sail with us! More about your sailing holiday.","publisher":{"@id":"https:\/\/eyeofthewind.net\/#organization"},"potentialAction":[{"@type":"SearchAction","target":{"@type":"EntryPoint","urlTemplate":"https:\/\/eyeofthewind.net\/?s={search_term_string}"},"query-input":{"@type":"PropertyValueSpecification","valueRequired":true,"valueName":"search_term_string"}}],"inLanguage":"en-GB"},{"@type":"Organization","@id":"https:\/\/eyeofthewind.net\/#organization","name":"Sailing Ship Charter &amp; Travelling - Eye of the Wind","url":"https:\/\/eyeofthewind.net\/","logo":{"@type":"ImageObject","inLanguage":"en-GB","@id":"https:\/\/eyeofthewind.net\/#\/schema\/logo\/image\/","url":"https:\/\/eyeofthewind.net\/wp-content\/uploads\/2024\/10\/L_Eye_weiss.svg","contentUrl":"https:\/\/eyeofthewind.net\/wp-content\/uploads\/2024\/10\/L_Eye_weiss.svg","width":202,"height":123,"caption":"Segelschiff Charter &amp; Reisen - Eye of the Wind"},"image":{"@id":"https:\/\/eyeofthewind.net\/#\/schema\/logo\/image\/"}}]}},"_links":{"self":[{"href":"https:\/\/eyeofthewind.net\/en\/wp-json\/wp\/v2\/product\/4541","targetHints":{"allow":["GET"]}}],"collection":[{"href":"https:\/\/eyeofthewind.net\/en\/wp-json\/wp\/v2\/product"}],"about":[{"href":"https:\/\/eyeofthewind.net\/en\/wp-json\/wp\/v2\/types\/product"}],"wp:featuredmedia":[{"embeddable":true,"href":"https:\/\/eyeofthewind.net\/en\/wp-json\/wp\/v2\/media\/2435"}],"wp:attachment":[{"href":"https:\/\/eyeofthewind.net\/en\/wp-json\/wp\/v2\/media?parent=4541"}],"wp:term":[{"taxonomy":"product_brand","embeddable":true,"href":"https:\/\/eyeofthewind.net\/en\/wp-json\/wp\/v2\/product_brand?post=4541"},{"taxonomy":"product_cat","embeddable":true,"href":"https:\/\/eyeofthewind.net\/en\/wp-json\/wp\/v2\/product_cat?post=4541"},{"taxonomy":"product_tag","embeddable":true,"href":"https:\/\/eyeofthewind.net\/en\/wp-json\/wp\/v2\/product_tag?post=4541"}],"curies":[{"name":"wp","href":"https:\/\/api.w.org\/{rel}","templated":true}]}}

<p>Bei einem Begrüßungsgetränk lernen Sie Ihre Mitreisenden für den heutigen Tag kennen. Oder bringen Sie gleich Ihre Familie und Freunde mit zu uns an Bord und erleben Sie gemeinsam einen ereignisreichen Tag auf einem der letzten originalen Großsegler unserer Zeit. Die große Windjammer-Parade am vorletzten Tag der Kieler Woche ist der Veranstaltungshöhepunkt für alle Besucher [&hellip;]</p>

<!-- This site is optimized with the Yoast SEO plugin v27.4 - https://yoast.com/product/yoast-seo-wordpress/ -->
<title>Kieler Woche: Windjammerparade - Segelschiff Charter &amp; Reisen - Eye of the Wind</title>
<meta name="description" content="Kieler Woche: Teilnahme an der Windjammerparade. Ostsee-Segeltörn mit der Eye of the Wind, Start- und Zielhafen Kiel, inkl. Verpflegung" />
<meta name="robots" content="index, follow, max-snippet:-1, max-image-preview:large, max-video-preview:-1" />
<link rel="canonical" href="https://eyeofthewind.net/en/product/kieler-woche-windjammer-parade/" />
<meta property="og:locale" content="en_GB" />
<meta property="og:type" content="article" />
<meta property="og:title" content="Kieler Woche: Windjammerparade - Segelschiff Charter &amp; Reisen - Eye of the Wind" />
<meta property="og:description" content="Kieler Woche: Teilnahme an der Windjammerparade. Ostsee-Segeltörn mit der Eye of the Wind, Start- und Zielhafen Kiel, inkl. Verpflegung" />
<meta property="og:url" content="https://eyeofthewind.net/en/product/kieler-woche-windjammer-parade/" />
<meta property="og:site_name" content="Segelschiff Charter &amp; Reisen - Eye of the Wind" />
<meta property="article:modified_time" content="2026-04-02T09:51:59+00:00" />
<meta property="og:image" content="https://eyeofthewind.net/wp-content/uploads/2025/04/parade-1-e1744190849370.jpg" />
	<meta property="og:image:width" content="880" />
	<meta property="og:image:height" content="623" />
	<meta property="og:image:type" content="image/jpeg" />
<meta name="twitter:card" content="summary_large_image" />
<meta name="twitter:label1" content="Estimated reading time" />
	<meta name="twitter:data1" content="2 minutes" />
<script type="application/ld+json" class="yoast-schema-graph">{"@context":"https:\/\/schema.org","@graph":[{"@type":"WebPage","@id":"https:\/\/eyeofthewind.net\/produkt\/kieler-woche-windjammerparade\/","url":"https:\/\/eyeofthewind.net\/produkt\/kieler-woche-windjammerparade\/","name":"Kieler Woche: Windjammerparade - Segelschiff Charter &amp; Reisen - Eye of the Wind","isPartOf":{"@id":"https:\/\/eyeofthewind.net\/#website"},"primaryImageOfPage":{"@id":"https:\/\/eyeofthewind.net\/produkt\/kieler-woche-windjammerparade\/#primaryimage"},"image":{"@id":"https:\/\/eyeofthewind.net\/produkt\/kieler-woche-windjammerparade\/#primaryimage"},"thumbnailUrl":"https:\/\/eyeofthewind.net\/wp-content\/uploads\/2025\/04\/parade-1-e1744190849370.jpg","datePublished":"2025-09-15T07:33:38+00:00","dateModified":"2026-04-02T09:51:59+00:00","description":"Kieler Woche: Teilnahme an der Windjammerparade. Ostsee-Segeltörn mit der Eye of the Wind, Start- und Zielhafen Kiel, inkl. Verpflegung","breadcrumb":{"@id":"https:\/\/eyeofthewind.net\/produkt\/kieler-woche-windjammerparade\/#breadcrumb"},"inLanguage":"en-GB","potentialAction":[{"@type":"ReadAction","target":["https:\/\/eyeofthewind.net\/produkt\/kieler-woche-windjammerparade\/"]}]},{"@type":"ImageObject","inLanguage":"en-GB","@id":"https:\/\/eyeofthewind.net\/produkt\/kieler-woche-windjammerparade\/#primaryimage","url":"https:\/\/eyeofthewind.net\/wp-content\/uploads\/2025\/04\/parade-1-e1744190849370.jpg","contentUrl":"https:\/\/eyeofthewind.net\/wp-content\/uploads\/2025\/04\/parade-1-e1744190849370.jpg","width":880,"height":623,"caption":"Kieler Woche Windjammerparade"},{"@type":"BreadcrumbList","@id":"https:\/\/eyeofthewind.net\/produkt\/kieler-woche-windjammerparade\/#breadcrumb","itemListElement":[{"@type":"ListItem","position":1,"name":"Startseite","item":"https:\/\/eyeofthewind.net\/"},{"@type":"ListItem","position":2,"name":"Shop","item":"https:\/\/eyeofthewind.net\/shop\/"},{"@type":"ListItem","position":3,"name":"Kieler Woche: Windjammerparade"}]},{"@type":"WebSite","@id":"https:\/\/eyeofthewind.net\/#website","url":"https:\/\/eyeofthewind.net\/","name":"Segelschiff Charter &amp; Reisen - Eye of the Wind","description":"Segelurlaub mit der Eye of the Wind: Segeltörns zwischen Ostsee, Kanaren und Karibik. Jeder kann mitsegeln! Mehr zu Ihrer Segelreise.","publisher":{"@id":"https:\/\/eyeofthewind.net\/#organization"},"potentialAction":[{"@type":"SearchAction","target":{"@type":"EntryPoint","urlTemplate":"https:\/\/eyeofthewind.net\/?s={search_term_string}"},"query-input":{"@type":"PropertyValueSpecification","valueRequired":true,"valueName":"search_term_string"}}],"inLanguage":"en-GB"},{"@type":"Organization","@id":"https:\/\/eyeofthewind.net\/#organization","name":"Segelschiff Charter &amp; Reisen - Eye of the Wind","url":"https:\/\/eyeofthewind.net\/","logo":{"@type":"ImageObject","inLanguage":"en-GB","@id":"https:\/\/eyeofthewind.net\/#\/schema\/logo\/image\/","url":"https:\/\/eyeofthewind.net\/wp-content\/uploads\/2024\/10\/L_Eye_weiss.svg","contentUrl":"https:\/\/eyeofthewind.net\/wp-content\/uploads\/2024\/10\/L_Eye_weiss.svg","width":202,"height":123,"caption":"Segelschiff Charter &amp; Reisen - Eye of the Wind"},"image":{"@id":"https:\/\/eyeofthewind.net\/#\/schema\/logo\/image\/"}}]}</script>
<!-- / Yoast SEO plugin. -->

Kieler Woche: Teilnahme an der Windjammerparade. Ostsee-Segeltörn mit der Eye of the Wind, Start- und Zielhafen Kiel, inkl. Verpflegung
