{"id":5873,"date":"2026-01-19T10:50:36","date_gmt":"2026-01-19T09:50:36","guid":{"rendered":"https:\/\/eyeofthewind.net\/?post_type=product&#038;p=5873"},"modified":"2026-04-17T10:23:12","modified_gmt":"2026-04-17T08:23:12","slug":"summer-in-southern-scandinavia","status":"publish","type":"product","link":"https:\/\/eyeofthewind.net\/en\/produkt\/sommer-in-sued-skandinavien\/","title":{"rendered":"Summer in southern Scandinavia"},"content":{"rendered":"<p class=\"translation-block\">Swap everyday life for a week <strong>aboard a traditional tall ship<\/strong>! On this sea voyage through the summery <strong>archipelago off the coast of southern Sweden<\/strong>, we first visit the <strong>Danish island of Bornholm<\/strong>. The journey ends in Kalmar, where the Eye of the Wind had her home port almost 100 years ago. Adventure, relaxation and <strong>nature impressions off the coasts of the Swedish summer provinces of Sk\u00e5ne l\u00e4n and Sm\u00e5land<\/strong>: the vastness of the sea and the gentle sound of the Baltic Sea waves are the best ingredients for a relaxing holiday experience!<\/p>","protected":false},"excerpt":{"rendered":"<p>Tauschen Sie den Alltag eine Woche lang gegen das Leben an Bord eines traditionellen Gro\u00dfseglers! Auf dieser Seereise durch die sommerliche Sch\u00e4ren-Landschaft vor der s\u00fcdschwedischen K\u00fcste besuchen wir zun\u00e4chst die d\u00e4nische Insel Bornholm. Die Reise endet in Kalmar, wo die Eye of the Wind vor fast 100 Jahren ihren Heimathafen hatte. Abenteuer, Entspannung und Natureindr\u00fccke [&hellip;]<\/p>\n","protected":false},"featured_media":5875,"template":"","meta":{"_acf_changed":false,"_vp_format_video_url":"","_vp_image_focal_point":[]},"product_brand":[],"product_cat":[15],"product_tag":[],"class_list":{"0":"post-5873","1":"product","2":"type-product","3":"status-publish","4":"has-post-thumbnail","6":"product_cat-unkategorisiert","8":"first","9":"instock","10":"featured","11":"virtual","12":"purchasable","13":"product-type-simple"},"acf":[],"yoast_head":"<!-- This site is optimized with the Yoast SEO plugin v27.4 - https:\/\/yoast.com\/product\/yoast-seo-wordpress\/ -->\n<title>Sommer in S\u00fcd-Skandinavien - Segelschiff Charter &amp; Reisen - Eye of the Wind<\/title>\n<meta name=\"description\" content=\"Sommer in S\u00fcd-Skandinavien: Segelt\u00f6rn auf der Ostsee mit dem Segelschiff Eye of the Wind von Stralsund nach Kalmar (Schweden)\" \/>\n<meta name=\"robots\" content=\"index, follow, max-snippet:-1, max-image-preview:large, max-video-preview:-1\" \/>\n<link rel=\"canonical\" href=\"https:\/\/eyeofthewind.net\/en\/product\/summer-in-southern-scandinavia\/\" \/>\n<meta property=\"og:locale\" content=\"en_GB\" \/>\n<meta property=\"og:type\" content=\"article\" \/>\n<meta property=\"og:title\" content=\"Sommer in S\u00fcd-Skandinavien - Segelschiff Charter &amp; Reisen - Eye of the Wind\" \/>\n<meta property=\"og:description\" content=\"Sommer in S\u00fcd-Skandinavien: Segelt\u00f6rn auf der Ostsee mit dem Segelschiff Eye of the Wind von Stralsund nach Kalmar (Schweden)\" \/>\n<meta property=\"og:url\" content=\"https:\/\/eyeofthewind.net\/en\/product\/summer-in-southern-scandinavia\/\" \/>\n<meta property=\"og:site_name\" content=\"Segelschiff Charter &amp; Reisen - Eye of the Wind\" \/>\n<meta property=\"article:modified_time\" content=\"2026-04-17T08:23:12+00:00\" \/>\n<meta property=\"og:image\" content=\"https:\/\/eyeofthewind.net\/wp-content\/uploads\/2026\/01\/IMG_3828-Willy-Bauhofer-scaled.jpg\" \/>\n\t<meta property=\"og:image:width\" content=\"2560\" \/>\n\t<meta property=\"og:image:height\" content=\"1920\" \/>\n\t<meta property=\"og:image:type\" content=\"image\/jpeg\" \/>\n<meta name=\"twitter:card\" content=\"summary_large_image\" \/>\n<meta name=\"twitter:label1\" content=\"Estimated reading time\" \/>\n\t<meta name=\"twitter:data1\" content=\"1 minute\" \/>\n<script type=\"application\/ld+json\" class=\"yoast-schema-graph\">{\"@context\":\"https:\\\/\\\/schema.org\",\"@graph\":[{\"@type\":\"WebPage\",\"@id\":\"https:\\\/\\\/eyeofthewind.net\\\/produkt\\\/sommer-in-sued-skandinavien\\\/\",\"url\":\"https:\\\/\\\/eyeofthewind.net\\\/produkt\\\/sommer-in-sued-skandinavien\\\/\",\"name\":\"Sommer in S\u00fcd-Skandinavien - Segelschiff Charter &amp; Reisen - Eye of the Wind\",\"isPartOf\":{\"@id\":\"https:\\\/\\\/eyeofthewind.net\\\/#website\"},\"primaryImageOfPage\":{\"@id\":\"https:\\\/\\\/eyeofthewind.net\\\/produkt\\\/sommer-in-sued-skandinavien\\\/#primaryimage\"},\"image\":{\"@id\":\"https:\\\/\\\/eyeofthewind.net\\\/produkt\\\/sommer-in-sued-skandinavien\\\/#primaryimage\"},\"thumbnailUrl\":\"https:\\\/\\\/eyeofthewind.net\\\/wp-content\\\/uploads\\\/2026\\\/01\\\/IMG_3828-Willy-Bauhofer-scaled.jpg\",\"datePublished\":\"2026-01-19T09:50:36+00:00\",\"dateModified\":\"2026-04-17T08:23:12+00:00\",\"description\":\"Sommer in S\u00fcd-Skandinavien: Segelt\u00f6rn auf der Ostsee mit dem Segelschiff Eye of the Wind von Stralsund nach Kalmar (Schweden)\",\"breadcrumb\":{\"@id\":\"https:\\\/\\\/eyeofthewind.net\\\/produkt\\\/sommer-in-sued-skandinavien\\\/#breadcrumb\"},\"inLanguage\":\"en-GB\",\"potentialAction\":[{\"@type\":\"ReadAction\",\"target\":[\"https:\\\/\\\/eyeofthewind.net\\\/produkt\\\/sommer-in-sued-skandinavien\\\/\"]}]},{\"@type\":\"ImageObject\",\"inLanguage\":\"en-GB\",\"@id\":\"https:\\\/\\\/eyeofthewind.net\\\/produkt\\\/sommer-in-sued-skandinavien\\\/#primaryimage\",\"url\":\"https:\\\/\\\/eyeofthewind.net\\\/wp-content\\\/uploads\\\/2026\\\/01\\\/IMG_3828-Willy-Bauhofer-scaled.jpg\",\"contentUrl\":\"https:\\\/\\\/eyeofthewind.net\\\/wp-content\\\/uploads\\\/2026\\\/01\\\/IMG_3828-Willy-Bauhofer-scaled.jpg\",\"width\":2560,\"height\":1920,\"caption\":\"Sommer in S\u00fcd-Skandinavien\"},{\"@type\":\"BreadcrumbList\",\"@id\":\"https:\\\/\\\/eyeofthewind.net\\\/produkt\\\/sommer-in-sued-skandinavien\\\/#breadcrumb\",\"itemListElement\":[{\"@type\":\"ListItem\",\"position\":1,\"name\":\"Startseite\",\"item\":\"https:\\\/\\\/eyeofthewind.net\\\/\"},{\"@type\":\"ListItem\",\"position\":2,\"name\":\"Shop\",\"item\":\"https:\\\/\\\/eyeofthewind.net\\\/shop\\\/\"},{\"@type\":\"ListItem\",\"position\":3,\"name\":\"Sommer in S\u00fcd-Skandinavien\"}]},{\"@type\":\"WebSite\",\"@id\":\"https:\\\/\\\/eyeofthewind.net\\\/#website\",\"url\":\"https:\\\/\\\/eyeofthewind.net\\\/\",\"name\":\"Segelschiff Charter &amp; Reisen - Eye of the Wind\",\"description\":\"Segelurlaub mit der Eye of the Wind: Segelt\u00f6rns zwischen Ostsee, Kanaren und Karibik. Jeder kann mitsegeln! Mehr zu Ihrer Segelreise.\",\"publisher\":{\"@id\":\"https:\\\/\\\/eyeofthewind.net\\\/#organization\"},\"potentialAction\":[{\"@type\":\"SearchAction\",\"target\":{\"@type\":\"EntryPoint\",\"urlTemplate\":\"https:\\\/\\\/eyeofthewind.net\\\/?s={search_term_string}\"},\"query-input\":{\"@type\":\"PropertyValueSpecification\",\"valueRequired\":true,\"valueName\":\"search_term_string\"}}],\"inLanguage\":\"en-GB\"},{\"@type\":\"Organization\",\"@id\":\"https:\\\/\\\/eyeofthewind.net\\\/#organization\",\"name\":\"Segelschiff Charter &amp; Reisen - Eye of the Wind\",\"url\":\"https:\\\/\\\/eyeofthewind.net\\\/\",\"logo\":{\"@type\":\"ImageObject\",\"inLanguage\":\"en-GB\",\"@id\":\"https:\\\/\\\/eyeofthewind.net\\\/#\\\/schema\\\/logo\\\/image\\\/\",\"url\":\"https:\\\/\\\/eyeofthewind.net\\\/wp-content\\\/uploads\\\/2024\\\/10\\\/L_Eye_weiss.svg\",\"contentUrl\":\"https:\\\/\\\/eyeofthewind.net\\\/wp-content\\\/uploads\\\/2024\\\/10\\\/L_Eye_weiss.svg\",\"width\":202,\"height\":123,\"caption\":\"Segelschiff Charter &amp; Reisen - Eye of the Wind\"},\"image\":{\"@id\":\"https:\\\/\\\/eyeofthewind.net\\\/#\\\/schema\\\/logo\\\/image\\\/\"}}]}<\/script>\n<!-- \/ Yoast SEO plugin. -->","yoast_head_json":{"title":"Summer in Southern Scandinavia - Sailing Ship Charter &amp; Travelling - Eye of the Wind","description":"Summer in southern Scandinavia: Sailing trip on the Baltic Sea with the sailing ship Eye of the Wind from Stralsund to Kalmar (Sweden)","robots":{"index":"index","follow":"follow","max-snippet":"max-snippet:-1","max-image-preview":"max-image-preview:large","max-video-preview":"max-video-preview:-1"},"canonical":"https:\/\/eyeofthewind.net\/en\/product\/summer-in-southern-scandinavia\/","og_locale":"en_GB","og_type":"article","og_title":"Sommer in S\u00fcd-Skandinavien - Segelschiff Charter &amp; Reisen - Eye of the Wind","og_description":"Sommer in S\u00fcd-Skandinavien: Segelt\u00f6rn auf der Ostsee mit dem Segelschiff Eye of the Wind von Stralsund nach Kalmar (Schweden)","og_url":"https:\/\/eyeofthewind.net\/en\/product\/summer-in-southern-scandinavia\/","og_site_name":"Segelschiff Charter &amp; Reisen - Eye of the Wind","article_modified_time":"2026-04-17T08:23:12+00:00","og_image":[{"width":2560,"height":1920,"url":"https:\/\/eyeofthewind.net\/wp-content\/uploads\/2026\/01\/IMG_3828-Willy-Bauhofer-scaled.jpg","type":"image\/jpeg"}],"twitter_card":"summary_large_image","twitter_misc":{"Estimated reading time":"1 minute"},"schema":{"@context":"https:\/\/schema.org","@graph":[{"@type":"WebPage","@id":"https:\/\/eyeofthewind.net\/produkt\/sommer-in-sued-skandinavien\/","url":"https:\/\/eyeofthewind.net\/produkt\/sommer-in-sued-skandinavien\/","name":"Summer in Southern Scandinavia - Sailing Ship Charter &amp; Travelling - Eye of the Wind","isPartOf":{"@id":"https:\/\/eyeofthewind.net\/#website"},"primaryImageOfPage":{"@id":"https:\/\/eyeofthewind.net\/produkt\/sommer-in-sued-skandinavien\/#primaryimage"},"image":{"@id":"https:\/\/eyeofthewind.net\/produkt\/sommer-in-sued-skandinavien\/#primaryimage"},"thumbnailUrl":"https:\/\/eyeofthewind.net\/wp-content\/uploads\/2026\/01\/IMG_3828-Willy-Bauhofer-scaled.jpg","datePublished":"2026-01-19T09:50:36+00:00","dateModified":"2026-04-17T08:23:12+00:00","description":"Summer in southern Scandinavia: Sailing trip on the Baltic Sea with the sailing ship Eye of the Wind from Stralsund to Kalmar (Sweden)","breadcrumb":{"@id":"https:\/\/eyeofthewind.net\/produkt\/sommer-in-sued-skandinavien\/#breadcrumb"},"inLanguage":"en-GB","potentialAction":[{"@type":"ReadAction","target":["https:\/\/eyeofthewind.net\/produkt\/sommer-in-sued-skandinavien\/"]}]},{"@type":"ImageObject","inLanguage":"en-GB","@id":"https:\/\/eyeofthewind.net\/produkt\/sommer-in-sued-skandinavien\/#primaryimage","url":"https:\/\/eyeofthewind.net\/wp-content\/uploads\/2026\/01\/IMG_3828-Willy-Bauhofer-scaled.jpg","contentUrl":"https:\/\/eyeofthewind.net\/wp-content\/uploads\/2026\/01\/IMG_3828-Willy-Bauhofer-scaled.jpg","width":2560,"height":1920,"caption":"Sommer in S\u00fcd-Skandinavien"},{"@type":"BreadcrumbList","@id":"https:\/\/eyeofthewind.net\/produkt\/sommer-in-sued-skandinavien\/#breadcrumb","itemListElement":[{"@type":"ListItem","position":1,"name":"Startseite","item":"https:\/\/eyeofthewind.net\/"},{"@type":"ListItem","position":2,"name":"Shop","item":"https:\/\/eyeofthewind.net\/shop\/"},{"@type":"ListItem","position":3,"name":"Sommer in S\u00fcd-Skandinavien"}]},{"@type":"WebSite","@id":"https:\/\/eyeofthewind.net\/#website","url":"https:\/\/eyeofthewind.net\/","name":"Sailing Ship Charter &amp; Travelling - Eye of the Wind","description":"Sailing holidays with the Eye of the Wind: sailing trips between the Baltic Sea, Canary Islands and Caribbean. Anyone can sail with us! More about your sailing holiday.","publisher":{"@id":"https:\/\/eyeofthewind.net\/#organization"},"potentialAction":[{"@type":"SearchAction","target":{"@type":"EntryPoint","urlTemplate":"https:\/\/eyeofthewind.net\/?s={search_term_string}"},"query-input":{"@type":"PropertyValueSpecification","valueRequired":true,"valueName":"search_term_string"}}],"inLanguage":"en-GB"},{"@type":"Organization","@id":"https:\/\/eyeofthewind.net\/#organization","name":"Sailing Ship Charter &amp; Travelling - Eye of the Wind","url":"https:\/\/eyeofthewind.net\/","logo":{"@type":"ImageObject","inLanguage":"en-GB","@id":"https:\/\/eyeofthewind.net\/#\/schema\/logo\/image\/","url":"https:\/\/eyeofthewind.net\/wp-content\/uploads\/2024\/10\/L_Eye_weiss.svg","contentUrl":"https:\/\/eyeofthewind.net\/wp-content\/uploads\/2024\/10\/L_Eye_weiss.svg","width":202,"height":123,"caption":"Segelschiff Charter &amp; Reisen - Eye of the Wind"},"image":{"@id":"https:\/\/eyeofthewind.net\/#\/schema\/logo\/image\/"}}]}},"_links":{"self":[{"href":"https:\/\/eyeofthewind.net\/en\/wp-json\/wp\/v2\/product\/5873","targetHints":{"allow":["GET"]}}],"collection":[{"href":"https:\/\/eyeofthewind.net\/en\/wp-json\/wp\/v2\/product"}],"about":[{"href":"https:\/\/eyeofthewind.net\/en\/wp-json\/wp\/v2\/types\/product"}],"wp:featuredmedia":[{"embeddable":true,"href":"https:\/\/eyeofthewind.net\/en\/wp-json\/wp\/v2\/media\/5875"}],"wp:attachment":[{"href":"https:\/\/eyeofthewind.net\/en\/wp-json\/wp\/v2\/media?parent=5873"}],"wp:term":[{"taxonomy":"product_brand","embeddable":true,"href":"https:\/\/eyeofthewind.net\/en\/wp-json\/wp\/v2\/product_brand?post=5873"},{"taxonomy":"product_cat","embeddable":true,"href":"https:\/\/eyeofthewind.net\/en\/wp-json\/wp\/v2\/product_cat?post=5873"},{"taxonomy":"product_tag","embeddable":true,"href":"https:\/\/eyeofthewind.net\/en\/wp-json\/wp\/v2\/product_tag?post=5873"}],"curies":[{"name":"wp","href":"https:\/\/api.w.org\/{rel}","templated":true}]}}

<p class="translation-block">Swap everyday life for a week <strong>aboard a traditional tall ship</strong>! On this sea voyage through the summery <strong>archipelago off the coast of southern Sweden</strong>, we first visit the <strong>Danish island of Bornholm</strong>. The journey ends in Kalmar, where the Eye of the Wind had her home port almost 100 years ago. Adventure, relaxation and <strong>nature impressions off the coasts of the Swedish summer provinces of Skåne län and Småland</strong>: the vastness of the sea and the gentle sound of the Baltic Sea waves are the best ingredients for a relaxing holiday experience!</p>

<p>Tauschen Sie den Alltag eine Woche lang gegen das Leben an Bord eines traditionellen Großseglers! Auf dieser Seereise durch die sommerliche Schären-Landschaft vor der südschwedischen Küste besuchen wir zunächst die dänische Insel Bornholm. Die Reise endet in Kalmar, wo die Eye of the Wind vor fast 100 Jahren ihren Heimathafen hatte. Abenteuer, Entspannung und Natureindrücke [&hellip;]</p>

<!-- This site is optimized with the Yoast SEO plugin v27.4 - https://yoast.com/product/yoast-seo-wordpress/ -->
<title>Sommer in Süd-Skandinavien - Segelschiff Charter &amp; Reisen - Eye of the Wind</title>
<meta name="description" content="Sommer in Süd-Skandinavien: Segeltörn auf der Ostsee mit dem Segelschiff Eye of the Wind von Stralsund nach Kalmar (Schweden)" />
<meta name="robots" content="index, follow, max-snippet:-1, max-image-preview:large, max-video-preview:-1" />
<link rel="canonical" href="https://eyeofthewind.net/en/product/summer-in-southern-scandinavia/" />
<meta property="og:locale" content="en_GB" />
<meta property="og:type" content="article" />
<meta property="og:title" content="Sommer in Süd-Skandinavien - Segelschiff Charter &amp; Reisen - Eye of the Wind" />
<meta property="og:description" content="Sommer in Süd-Skandinavien: Segeltörn auf der Ostsee mit dem Segelschiff Eye of the Wind von Stralsund nach Kalmar (Schweden)" />
<meta property="og:url" content="https://eyeofthewind.net/en/product/summer-in-southern-scandinavia/" />
<meta property="og:site_name" content="Segelschiff Charter &amp; Reisen - Eye of the Wind" />
<meta property="article:modified_time" content="2026-04-17T08:23:12+00:00" />
<meta property="og:image" content="https://eyeofthewind.net/wp-content/uploads/2026/01/IMG_3828-Willy-Bauhofer-scaled.jpg" />
	<meta property="og:image:width" content="2560" />
	<meta property="og:image:height" content="1920" />
	<meta property="og:image:type" content="image/jpeg" />
<meta name="twitter:card" content="summary_large_image" />
<meta name="twitter:label1" content="Estimated reading time" />
	<meta name="twitter:data1" content="1 minute" />
<script type="application/ld+json" class="yoast-schema-graph">{"@context":"https:\/\/schema.org","@graph":[{"@type":"WebPage","@id":"https:\/\/eyeofthewind.net\/produkt\/sommer-in-sued-skandinavien\/","url":"https:\/\/eyeofthewind.net\/produkt\/sommer-in-sued-skandinavien\/","name":"Sommer in Süd-Skandinavien - Segelschiff Charter &amp; Reisen - Eye of the Wind","isPartOf":{"@id":"https:\/\/eyeofthewind.net\/#website"},"primaryImageOfPage":{"@id":"https:\/\/eyeofthewind.net\/produkt\/sommer-in-sued-skandinavien\/#primaryimage"},"image":{"@id":"https:\/\/eyeofthewind.net\/produkt\/sommer-in-sued-skandinavien\/#primaryimage"},"thumbnailUrl":"https:\/\/eyeofthewind.net\/wp-content\/uploads\/2026\/01\/IMG_3828-Willy-Bauhofer-scaled.jpg","datePublished":"2026-01-19T09:50:36+00:00","dateModified":"2026-04-17T08:23:12+00:00","description":"Sommer in Süd-Skandinavien: Segeltörn auf der Ostsee mit dem Segelschiff Eye of the Wind von Stralsund nach Kalmar (Schweden)","breadcrumb":{"@id":"https:\/\/eyeofthewind.net\/produkt\/sommer-in-sued-skandinavien\/#breadcrumb"},"inLanguage":"en-GB","potentialAction":[{"@type":"ReadAction","target":["https:\/\/eyeofthewind.net\/produkt\/sommer-in-sued-skandinavien\/"]}]},{"@type":"ImageObject","inLanguage":"en-GB","@id":"https:\/\/eyeofthewind.net\/produkt\/sommer-in-sued-skandinavien\/#primaryimage","url":"https:\/\/eyeofthewind.net\/wp-content\/uploads\/2026\/01\/IMG_3828-Willy-Bauhofer-scaled.jpg","contentUrl":"https:\/\/eyeofthewind.net\/wp-content\/uploads\/2026\/01\/IMG_3828-Willy-Bauhofer-scaled.jpg","width":2560,"height":1920,"caption":"Sommer in Süd-Skandinavien"},{"@type":"BreadcrumbList","@id":"https:\/\/eyeofthewind.net\/produkt\/sommer-in-sued-skandinavien\/#breadcrumb","itemListElement":[{"@type":"ListItem","position":1,"name":"Startseite","item":"https:\/\/eyeofthewind.net\/"},{"@type":"ListItem","position":2,"name":"Shop","item":"https:\/\/eyeofthewind.net\/shop\/"},{"@type":"ListItem","position":3,"name":"Sommer in Süd-Skandinavien"}]},{"@type":"WebSite","@id":"https:\/\/eyeofthewind.net\/#website","url":"https:\/\/eyeofthewind.net\/","name":"Segelschiff Charter &amp; Reisen - Eye of the Wind","description":"Segelurlaub mit der Eye of the Wind: Segeltörns zwischen Ostsee, Kanaren und Karibik. Jeder kann mitsegeln! Mehr zu Ihrer Segelreise.","publisher":{"@id":"https:\/\/eyeofthewind.net\/#organization"},"potentialAction":[{"@type":"SearchAction","target":{"@type":"EntryPoint","urlTemplate":"https:\/\/eyeofthewind.net\/?s={search_term_string}"},"query-input":{"@type":"PropertyValueSpecification","valueRequired":true,"valueName":"search_term_string"}}],"inLanguage":"en-GB"},{"@type":"Organization","@id":"https:\/\/eyeofthewind.net\/#organization","name":"Segelschiff Charter &amp; Reisen - Eye of the Wind","url":"https:\/\/eyeofthewind.net\/","logo":{"@type":"ImageObject","inLanguage":"en-GB","@id":"https:\/\/eyeofthewind.net\/#\/schema\/logo\/image\/","url":"https:\/\/eyeofthewind.net\/wp-content\/uploads\/2024\/10\/L_Eye_weiss.svg","contentUrl":"https:\/\/eyeofthewind.net\/wp-content\/uploads\/2024\/10\/L_Eye_weiss.svg","width":202,"height":123,"caption":"Segelschiff Charter &amp; Reisen - Eye of the Wind"},"image":{"@id":"https:\/\/eyeofthewind.net\/#\/schema\/logo\/image\/"}}]}</script>
<!-- / Yoast SEO plugin. -->

Sommer in Süd-Skandinavien - Segelschiff Charter &amp; Reisen - Eye of the Wind

Sommer in Süd-Skandinavien: Segeltörn auf der Ostsee mit dem Segelschiff Eye of the Wind von Stralsund nach Kalmar (Schweden)

Sommer in Süd-Skandinavien
