{"id":5894,"date":"2026-01-20T12:19:16","date_gmt":"2026-01-20T11:19:16","guid":{"rendered":"https:\/\/eyeofthewind.net\/?post_type=product&#038;p=5894"},"modified":"2026-04-07T12:31:17","modified_gmt":"2026-04-07T10:31:17","slug":"stockholmer-schaerengarten-and-aland","status":"publish","type":"product","link":"https:\/\/eyeofthewind.net\/en\/produkt\/stockholmer-schaerengarten-und-aland\/","title":{"rendered":"Stockholm archipelago and \u00c5land"},"content":{"rendered":"<p class=\"translation-block\">Simply summer! This <strong>Baltic Sea voyage<\/strong> offers a mixture of culture and nature, coastline and islands, shore leave and sailing, active participation and relaxing tranquillity. The <strong>southern part of the Gulf of Bothnia<\/strong> is considered one of the most attractive areas of the Baltic Sea: the extensive, idyllic <strong>Stockholm archipelago<\/strong> with its countless bays and the <strong>\u00c5land Islands archipelago<\/strong> offer scenic and cultural variety from the first to the last day of the trip. The trip begins and ends in <strong>Sweden's capital, Stockholm<\/strong>. At the end of this <strong>week-long summer sailing trip<\/strong>, you will find it difficult to sort through all your experiences and impressions... what better way to describe a holiday?<\/p>","protected":false},"excerpt":{"rendered":"<p>Einfach Sommer! Dieser Ostsee-T\u00f6rn bietet eine Mischung aus Kultur und Natur, K\u00fcste und Inseln, Landgang und Segeln, aktivem Mitmachen und erholsamer Ruhe. Der s\u00fcdliche Teil des Bottnischen Meerbusens gilt als eines der attraktivsten Ostsee-Reviere: Der weitreichende, idyllische Stockholmer Sch\u00e4rengarten mit seinen unz\u00e4hligen Buchten und das Archipel der \u00c5land-Inseln erm\u00f6glichen landschaftliche und kulturelle Abwechslung vom ersten [&hellip;]<\/p>\n","protected":false},"featured_media":5895,"template":"","meta":{"_acf_changed":false,"_vp_format_video_url":"","_vp_image_focal_point":[]},"product_brand":[],"product_cat":[15],"product_tag":[],"class_list":{"0":"post-5894","1":"product","2":"type-product","3":"status-publish","4":"has-post-thumbnail","6":"product_cat-unkategorisiert","8":"first","9":"outofstock","10":"virtual","11":"purchasable","12":"product-type-simple"},"acf":[],"yoast_head":"<!-- This site is optimized with the Yoast SEO plugin v27.4 - https:\/\/yoast.com\/product\/yoast-seo-wordpress\/ -->\n<title>Stockholmer Sch\u00e4rengarten und \u00c5land - Segelschiff Charter &amp; Reisen - Eye of the Wind<\/title>\n<meta name=\"description\" content=\"Stockholmer Sch\u00e4rengarten und \u00c5land: Segelt\u00f6rn auf der Ostsee mit dem Segelschiff Eye of the Wind, Start- und Zielhafen Stockholm (Schweden)\" \/>\n<meta name=\"robots\" content=\"index, follow, max-snippet:-1, max-image-preview:large, max-video-preview:-1\" \/>\n<link rel=\"canonical\" href=\"https:\/\/eyeofthewind.net\/en\/product\/stockholmer-schaerengarten-and-aland\/\" \/>\n<meta property=\"og:locale\" content=\"en_GB\" \/>\n<meta property=\"og:type\" content=\"article\" \/>\n<meta property=\"og:title\" content=\"Stockholmer Sch\u00e4rengarten und \u00c5land - Segelschiff Charter &amp; Reisen - Eye of the Wind\" \/>\n<meta property=\"og:description\" content=\"Stockholmer Sch\u00e4rengarten und \u00c5land: Segelt\u00f6rn auf der Ostsee mit dem Segelschiff Eye of the Wind, Start- und Zielhafen Stockholm (Schweden)\" \/>\n<meta property=\"og:url\" content=\"https:\/\/eyeofthewind.net\/en\/product\/stockholmer-schaerengarten-and-aland\/\" \/>\n<meta property=\"og:site_name\" content=\"Segelschiff Charter &amp; Reisen - Eye of the Wind\" \/>\n<meta property=\"article:modified_time\" content=\"2026-04-07T10:31:17+00:00\" \/>\n<meta property=\"og:image\" content=\"https:\/\/eyeofthewind.net\/wp-content\/uploads\/2026\/01\/Lena-Schwarz-2019-1_edited-k.jpg\" \/>\n\t<meta property=\"og:image:width\" content=\"1024\" \/>\n\t<meta property=\"og:image:height\" content=\"683\" \/>\n\t<meta property=\"og:image:type\" content=\"image\/jpeg\" \/>\n<meta name=\"twitter:card\" content=\"summary_large_image\" \/>\n<meta name=\"twitter:label1\" content=\"Estimated reading time\" \/>\n\t<meta name=\"twitter:data1\" content=\"1 minute\" \/>\n<script type=\"application\/ld+json\" class=\"yoast-schema-graph\">{\"@context\":\"https:\\\/\\\/schema.org\",\"@graph\":[{\"@type\":\"WebPage\",\"@id\":\"https:\\\/\\\/eyeofthewind.net\\\/produkt\\\/stockholmer-schaerengarten-und-aland\\\/\",\"url\":\"https:\\\/\\\/eyeofthewind.net\\\/produkt\\\/stockholmer-schaerengarten-und-aland\\\/\",\"name\":\"Stockholmer Sch\u00e4rengarten und \u00c5land - Segelschiff Charter &amp; Reisen - Eye of the Wind\",\"isPartOf\":{\"@id\":\"https:\\\/\\\/eyeofthewind.net\\\/#website\"},\"primaryImageOfPage\":{\"@id\":\"https:\\\/\\\/eyeofthewind.net\\\/produkt\\\/stockholmer-schaerengarten-und-aland\\\/#primaryimage\"},\"image\":{\"@id\":\"https:\\\/\\\/eyeofthewind.net\\\/produkt\\\/stockholmer-schaerengarten-und-aland\\\/#primaryimage\"},\"thumbnailUrl\":\"https:\\\/\\\/eyeofthewind.net\\\/wp-content\\\/uploads\\\/2026\\\/01\\\/Lena-Schwarz-2019-1_edited-k.jpg\",\"datePublished\":\"2026-01-20T11:19:16+00:00\",\"dateModified\":\"2026-04-07T10:31:17+00:00\",\"description\":\"Stockholmer Sch\u00e4rengarten und \u00c5land: Segelt\u00f6rn auf der Ostsee mit dem Segelschiff Eye of the Wind, Start- und Zielhafen Stockholm (Schweden)\",\"breadcrumb\":{\"@id\":\"https:\\\/\\\/eyeofthewind.net\\\/produkt\\\/stockholmer-schaerengarten-und-aland\\\/#breadcrumb\"},\"inLanguage\":\"en-GB\",\"potentialAction\":[{\"@type\":\"ReadAction\",\"target\":[\"https:\\\/\\\/eyeofthewind.net\\\/produkt\\\/stockholmer-schaerengarten-und-aland\\\/\"]}]},{\"@type\":\"ImageObject\",\"inLanguage\":\"en-GB\",\"@id\":\"https:\\\/\\\/eyeofthewind.net\\\/produkt\\\/stockholmer-schaerengarten-und-aland\\\/#primaryimage\",\"url\":\"https:\\\/\\\/eyeofthewind.net\\\/wp-content\\\/uploads\\\/2026\\\/01\\\/Lena-Schwarz-2019-1_edited-k.jpg\",\"contentUrl\":\"https:\\\/\\\/eyeofthewind.net\\\/wp-content\\\/uploads\\\/2026\\\/01\\\/Lena-Schwarz-2019-1_edited-k.jpg\",\"width\":1024,\"height\":683,\"caption\":\"Stockholmer Sch\u00e4rengarten und \u00c5land\"},{\"@type\":\"BreadcrumbList\",\"@id\":\"https:\\\/\\\/eyeofthewind.net\\\/produkt\\\/stockholmer-schaerengarten-und-aland\\\/#breadcrumb\",\"itemListElement\":[{\"@type\":\"ListItem\",\"position\":1,\"name\":\"Startseite\",\"item\":\"https:\\\/\\\/eyeofthewind.net\\\/\"},{\"@type\":\"ListItem\",\"position\":2,\"name\":\"Shop\",\"item\":\"https:\\\/\\\/eyeofthewind.net\\\/shop\\\/\"},{\"@type\":\"ListItem\",\"position\":3,\"name\":\"Stockholmer Sch\u00e4rengarten und \u00c5land\"}]},{\"@type\":\"WebSite\",\"@id\":\"https:\\\/\\\/eyeofthewind.net\\\/#website\",\"url\":\"https:\\\/\\\/eyeofthewind.net\\\/\",\"name\":\"Segelschiff Charter &amp; Reisen - Eye of the Wind\",\"description\":\"Segelurlaub mit der Eye of the Wind: Segelt\u00f6rns zwischen Ostsee, Kanaren und Karibik. Jeder kann mitsegeln! Mehr zu Ihrer Segelreise.\",\"publisher\":{\"@id\":\"https:\\\/\\\/eyeofthewind.net\\\/#organization\"},\"potentialAction\":[{\"@type\":\"SearchAction\",\"target\":{\"@type\":\"EntryPoint\",\"urlTemplate\":\"https:\\\/\\\/eyeofthewind.net\\\/?s={search_term_string}\"},\"query-input\":{\"@type\":\"PropertyValueSpecification\",\"valueRequired\":true,\"valueName\":\"search_term_string\"}}],\"inLanguage\":\"en-GB\"},{\"@type\":\"Organization\",\"@id\":\"https:\\\/\\\/eyeofthewind.net\\\/#organization\",\"name\":\"Segelschiff Charter &amp; Reisen - Eye of the Wind\",\"url\":\"https:\\\/\\\/eyeofthewind.net\\\/\",\"logo\":{\"@type\":\"ImageObject\",\"inLanguage\":\"en-GB\",\"@id\":\"https:\\\/\\\/eyeofthewind.net\\\/#\\\/schema\\\/logo\\\/image\\\/\",\"url\":\"https:\\\/\\\/eyeofthewind.net\\\/wp-content\\\/uploads\\\/2024\\\/10\\\/L_Eye_weiss.svg\",\"contentUrl\":\"https:\\\/\\\/eyeofthewind.net\\\/wp-content\\\/uploads\\\/2024\\\/10\\\/L_Eye_weiss.svg\",\"width\":202,\"height\":123,\"caption\":\"Segelschiff Charter &amp; Reisen - Eye of the Wind\"},\"image\":{\"@id\":\"https:\\\/\\\/eyeofthewind.net\\\/#\\\/schema\\\/logo\\\/image\\\/\"}}]}<\/script>\n<!-- \/ Yoast SEO plugin. -->","yoast_head_json":{"title":"Stockholm Archipelago and \u00c5land - Sailboat Charter &amp; Travel - Eye of the Wind","description":"Stockholm Archipelago and \u00c5land: Sailing trip on the Baltic Sea with the sailing ship Eye of the Wind, starting and finishing harbour Stockholm (Sweden)","robots":{"index":"index","follow":"follow","max-snippet":"max-snippet:-1","max-image-preview":"max-image-preview:large","max-video-preview":"max-video-preview:-1"},"canonical":"https:\/\/eyeofthewind.net\/en\/product\/stockholmer-schaerengarten-and-aland\/","og_locale":"en_GB","og_type":"article","og_title":"Stockholmer Sch\u00e4rengarten und \u00c5land - Segelschiff Charter &amp; Reisen - Eye of the Wind","og_description":"Stockholmer Sch\u00e4rengarten und \u00c5land: Segelt\u00f6rn auf der Ostsee mit dem Segelschiff Eye of the Wind, Start- und Zielhafen Stockholm (Schweden)","og_url":"https:\/\/eyeofthewind.net\/en\/product\/stockholmer-schaerengarten-and-aland\/","og_site_name":"Segelschiff Charter &amp; Reisen - Eye of the Wind","article_modified_time":"2026-04-07T10:31:17+00:00","og_image":[{"width":1024,"height":683,"url":"https:\/\/eyeofthewind.net\/wp-content\/uploads\/2026\/01\/Lena-Schwarz-2019-1_edited-k.jpg","type":"image\/jpeg"}],"twitter_card":"summary_large_image","twitter_misc":{"Estimated reading time":"1 minute"},"schema":{"@context":"https:\/\/schema.org","@graph":[{"@type":"WebPage","@id":"https:\/\/eyeofthewind.net\/produkt\/stockholmer-schaerengarten-und-aland\/","url":"https:\/\/eyeofthewind.net\/produkt\/stockholmer-schaerengarten-und-aland\/","name":"Stockholm Archipelago and \u00c5land - Sailboat Charter &amp; Travel - Eye of the Wind","isPartOf":{"@id":"https:\/\/eyeofthewind.net\/#website"},"primaryImageOfPage":{"@id":"https:\/\/eyeofthewind.net\/produkt\/stockholmer-schaerengarten-und-aland\/#primaryimage"},"image":{"@id":"https:\/\/eyeofthewind.net\/produkt\/stockholmer-schaerengarten-und-aland\/#primaryimage"},"thumbnailUrl":"https:\/\/eyeofthewind.net\/wp-content\/uploads\/2026\/01\/Lena-Schwarz-2019-1_edited-k.jpg","datePublished":"2026-01-20T11:19:16+00:00","dateModified":"2026-04-07T10:31:17+00:00","description":"Stockholm Archipelago and \u00c5land: Sailing trip on the Baltic Sea with the sailing ship Eye of the Wind, starting and finishing harbour Stockholm (Sweden)","breadcrumb":{"@id":"https:\/\/eyeofthewind.net\/produkt\/stockholmer-schaerengarten-und-aland\/#breadcrumb"},"inLanguage":"en-GB","potentialAction":[{"@type":"ReadAction","target":["https:\/\/eyeofthewind.net\/produkt\/stockholmer-schaerengarten-und-aland\/"]}]},{"@type":"ImageObject","inLanguage":"en-GB","@id":"https:\/\/eyeofthewind.net\/produkt\/stockholmer-schaerengarten-und-aland\/#primaryimage","url":"https:\/\/eyeofthewind.net\/wp-content\/uploads\/2026\/01\/Lena-Schwarz-2019-1_edited-k.jpg","contentUrl":"https:\/\/eyeofthewind.net\/wp-content\/uploads\/2026\/01\/Lena-Schwarz-2019-1_edited-k.jpg","width":1024,"height":683,"caption":"Stockholmer Sch\u00e4rengarten und \u00c5land"},{"@type":"BreadcrumbList","@id":"https:\/\/eyeofthewind.net\/produkt\/stockholmer-schaerengarten-und-aland\/#breadcrumb","itemListElement":[{"@type":"ListItem","position":1,"name":"Startseite","item":"https:\/\/eyeofthewind.net\/"},{"@type":"ListItem","position":2,"name":"Shop","item":"https:\/\/eyeofthewind.net\/shop\/"},{"@type":"ListItem","position":3,"name":"Stockholmer Sch\u00e4rengarten und \u00c5land"}]},{"@type":"WebSite","@id":"https:\/\/eyeofthewind.net\/#website","url":"https:\/\/eyeofthewind.net\/","name":"Sailing Ship Charter &amp; Travelling - Eye of the Wind","description":"Sailing holidays with the Eye of the Wind: sailing trips between the Baltic Sea, Canary Islands and Caribbean. Anyone can sail with us! More about your sailing holiday.","publisher":{"@id":"https:\/\/eyeofthewind.net\/#organization"},"potentialAction":[{"@type":"SearchAction","target":{"@type":"EntryPoint","urlTemplate":"https:\/\/eyeofthewind.net\/?s={search_term_string}"},"query-input":{"@type":"PropertyValueSpecification","valueRequired":true,"valueName":"search_term_string"}}],"inLanguage":"en-GB"},{"@type":"Organization","@id":"https:\/\/eyeofthewind.net\/#organization","name":"Sailing Ship Charter &amp; Travelling - Eye of the Wind","url":"https:\/\/eyeofthewind.net\/","logo":{"@type":"ImageObject","inLanguage":"en-GB","@id":"https:\/\/eyeofthewind.net\/#\/schema\/logo\/image\/","url":"https:\/\/eyeofthewind.net\/wp-content\/uploads\/2024\/10\/L_Eye_weiss.svg","contentUrl":"https:\/\/eyeofthewind.net\/wp-content\/uploads\/2024\/10\/L_Eye_weiss.svg","width":202,"height":123,"caption":"Segelschiff Charter &amp; Reisen - Eye of the Wind"},"image":{"@id":"https:\/\/eyeofthewind.net\/#\/schema\/logo\/image\/"}}]}},"_links":{"self":[{"href":"https:\/\/eyeofthewind.net\/en\/wp-json\/wp\/v2\/product\/5894","targetHints":{"allow":["GET"]}}],"collection":[{"href":"https:\/\/eyeofthewind.net\/en\/wp-json\/wp\/v2\/product"}],"about":[{"href":"https:\/\/eyeofthewind.net\/en\/wp-json\/wp\/v2\/types\/product"}],"wp:featuredmedia":[{"embeddable":true,"href":"https:\/\/eyeofthewind.net\/en\/wp-json\/wp\/v2\/media\/5895"}],"wp:attachment":[{"href":"https:\/\/eyeofthewind.net\/en\/wp-json\/wp\/v2\/media?parent=5894"}],"wp:term":[{"taxonomy":"product_brand","embeddable":true,"href":"https:\/\/eyeofthewind.net\/en\/wp-json\/wp\/v2\/product_brand?post=5894"},{"taxonomy":"product_cat","embeddable":true,"href":"https:\/\/eyeofthewind.net\/en\/wp-json\/wp\/v2\/product_cat?post=5894"},{"taxonomy":"product_tag","embeddable":true,"href":"https:\/\/eyeofthewind.net\/en\/wp-json\/wp\/v2\/product_tag?post=5894"}],"curies":[{"name":"wp","href":"https:\/\/api.w.org\/{rel}","templated":true}]}}

Stockholm archipelago and Åland

<p class="translation-block">Simply summer! This <strong>Baltic Sea voyage</strong> offers a mixture of culture and nature, coastline and islands, shore leave and sailing, active participation and relaxing tranquillity. The <strong>southern part of the Gulf of Bothnia</strong> is considered one of the most attractive areas of the Baltic Sea: the extensive, idyllic <strong>Stockholm archipelago</strong> with its countless bays and the <strong>Åland Islands archipelago</strong> offer scenic and cultural variety from the first to the last day of the trip. The trip begins and ends in <strong>Sweden's capital, Stockholm</strong>. At the end of this <strong>week-long summer sailing trip</strong>, you will find it difficult to sort through all your experiences and impressions... what better way to describe a holiday?</p>

<p>Einfach Sommer! Dieser Ostsee-Törn bietet eine Mischung aus Kultur und Natur, Küste und Inseln, Landgang und Segeln, aktivem Mitmachen und erholsamer Ruhe. Der südliche Teil des Bottnischen Meerbusens gilt als eines der attraktivsten Ostsee-Reviere: Der weitreichende, idyllische Stockholmer Schärengarten mit seinen unzähligen Buchten und das Archipel der Åland-Inseln ermöglichen landschaftliche und kulturelle Abwechslung vom ersten [&hellip;]</p>

<!-- This site is optimized with the Yoast SEO plugin v27.4 - https://yoast.com/product/yoast-seo-wordpress/ -->
<title>Stockholmer Schärengarten und Åland - Segelschiff Charter &amp; Reisen - Eye of the Wind</title>
<meta name="description" content="Stockholmer Schärengarten und Åland: Segeltörn auf der Ostsee mit dem Segelschiff Eye of the Wind, Start- und Zielhafen Stockholm (Schweden)" />
<meta name="robots" content="index, follow, max-snippet:-1, max-image-preview:large, max-video-preview:-1" />
<link rel="canonical" href="https://eyeofthewind.net/en/product/stockholmer-schaerengarten-and-aland/" />
<meta property="og:locale" content="en_GB" />
<meta property="og:type" content="article" />
<meta property="og:title" content="Stockholmer Schärengarten und Åland - Segelschiff Charter &amp; Reisen - Eye of the Wind" />
<meta property="og:description" content="Stockholmer Schärengarten und Åland: Segeltörn auf der Ostsee mit dem Segelschiff Eye of the Wind, Start- und Zielhafen Stockholm (Schweden)" />
<meta property="og:url" content="https://eyeofthewind.net/en/product/stockholmer-schaerengarten-and-aland/" />
<meta property="og:site_name" content="Segelschiff Charter &amp; Reisen - Eye of the Wind" />
<meta property="article:modified_time" content="2026-04-07T10:31:17+00:00" />
<meta property="og:image" content="https://eyeofthewind.net/wp-content/uploads/2026/01/Lena-Schwarz-2019-1_edited-k.jpg" />
	<meta property="og:image:width" content="1024" />
	<meta property="og:image:height" content="683" />
	<meta property="og:image:type" content="image/jpeg" />
<meta name="twitter:card" content="summary_large_image" />
<meta name="twitter:label1" content="Estimated reading time" />
	<meta name="twitter:data1" content="1 minute" />
<script type="application/ld+json" class="yoast-schema-graph">{"@context":"https:\/\/schema.org","@graph":[{"@type":"WebPage","@id":"https:\/\/eyeofthewind.net\/produkt\/stockholmer-schaerengarten-und-aland\/","url":"https:\/\/eyeofthewind.net\/produkt\/stockholmer-schaerengarten-und-aland\/","name":"Stockholmer Schärengarten und Åland - Segelschiff Charter &amp; Reisen - Eye of the Wind","isPartOf":{"@id":"https:\/\/eyeofthewind.net\/#website"},"primaryImageOfPage":{"@id":"https:\/\/eyeofthewind.net\/produkt\/stockholmer-schaerengarten-und-aland\/#primaryimage"},"image":{"@id":"https:\/\/eyeofthewind.net\/produkt\/stockholmer-schaerengarten-und-aland\/#primaryimage"},"thumbnailUrl":"https:\/\/eyeofthewind.net\/wp-content\/uploads\/2026\/01\/Lena-Schwarz-2019-1_edited-k.jpg","datePublished":"2026-01-20T11:19:16+00:00","dateModified":"2026-04-07T10:31:17+00:00","description":"Stockholmer Schärengarten und Åland: Segeltörn auf der Ostsee mit dem Segelschiff Eye of the Wind, Start- und Zielhafen Stockholm (Schweden)","breadcrumb":{"@id":"https:\/\/eyeofthewind.net\/produkt\/stockholmer-schaerengarten-und-aland\/#breadcrumb"},"inLanguage":"en-GB","potentialAction":[{"@type":"ReadAction","target":["https:\/\/eyeofthewind.net\/produkt\/stockholmer-schaerengarten-und-aland\/"]}]},{"@type":"ImageObject","inLanguage":"en-GB","@id":"https:\/\/eyeofthewind.net\/produkt\/stockholmer-schaerengarten-und-aland\/#primaryimage","url":"https:\/\/eyeofthewind.net\/wp-content\/uploads\/2026\/01\/Lena-Schwarz-2019-1_edited-k.jpg","contentUrl":"https:\/\/eyeofthewind.net\/wp-content\/uploads\/2026\/01\/Lena-Schwarz-2019-1_edited-k.jpg","width":1024,"height":683,"caption":"Stockholmer Schärengarten und Åland"},{"@type":"BreadcrumbList","@id":"https:\/\/eyeofthewind.net\/produkt\/stockholmer-schaerengarten-und-aland\/#breadcrumb","itemListElement":[{"@type":"ListItem","position":1,"name":"Startseite","item":"https:\/\/eyeofthewind.net\/"},{"@type":"ListItem","position":2,"name":"Shop","item":"https:\/\/eyeofthewind.net\/shop\/"},{"@type":"ListItem","position":3,"name":"Stockholmer Schärengarten und Åland"}]},{"@type":"WebSite","@id":"https:\/\/eyeofthewind.net\/#website","url":"https:\/\/eyeofthewind.net\/","name":"Segelschiff Charter &amp; Reisen - Eye of the Wind","description":"Segelurlaub mit der Eye of the Wind: Segeltörns zwischen Ostsee, Kanaren und Karibik. Jeder kann mitsegeln! Mehr zu Ihrer Segelreise.","publisher":{"@id":"https:\/\/eyeofthewind.net\/#organization"},"potentialAction":[{"@type":"SearchAction","target":{"@type":"EntryPoint","urlTemplate":"https:\/\/eyeofthewind.net\/?s={search_term_string}"},"query-input":{"@type":"PropertyValueSpecification","valueRequired":true,"valueName":"search_term_string"}}],"inLanguage":"en-GB"},{"@type":"Organization","@id":"https:\/\/eyeofthewind.net\/#organization","name":"Segelschiff Charter &amp; Reisen - Eye of the Wind","url":"https:\/\/eyeofthewind.net\/","logo":{"@type":"ImageObject","inLanguage":"en-GB","@id":"https:\/\/eyeofthewind.net\/#\/schema\/logo\/image\/","url":"https:\/\/eyeofthewind.net\/wp-content\/uploads\/2024\/10\/L_Eye_weiss.svg","contentUrl":"https:\/\/eyeofthewind.net\/wp-content\/uploads\/2024\/10\/L_Eye_weiss.svg","width":202,"height":123,"caption":"Segelschiff Charter &amp; Reisen - Eye of the Wind"},"image":{"@id":"https:\/\/eyeofthewind.net\/#\/schema\/logo\/image\/"}}]}</script>
<!-- / Yoast SEO plugin. -->

Stockholm Archipelago and Åland - Sailboat Charter &amp; Travel - Eye of the Wind

Stockholm Archipelago and Åland: Sailing trip on the Baltic Sea with the sailing ship Eye of the Wind, starting and finishing harbour Stockholm (Sweden)

Stockholmer Schärengarten und Åland - Segelschiff Charter &amp; Reisen - Eye of the Wind

Stockholmer Schärengarten und Åland: Segeltörn auf der Ostsee mit dem Segelschiff Eye of the Wind, Start- und Zielhafen Stockholm (Schweden)

Stockholmer Schärengarten und Åland
