{"id":5901,"date":"2026-01-21T10:28:58","date_gmt":"2026-01-21T09:28:58","guid":{"rendered":"https:\/\/eyeofthewind.net\/?post_type=product&#038;p=5901"},"modified":"2026-04-23T16:36:14","modified_gmt":"2026-04-23T14:36:14","slug":"sweden-aland-and-finland","status":"publish","type":"product","link":"https:\/\/eyeofthewind.net\/en\/produkt\/schweden-aland-und-finnland\/","title":{"rendered":"Sweden, \u00c5land and Finland"},"content":{"rendered":"<p class=\"translation-block\">The area between the Gulf of Bothnia and the Gulf of Finland is considered one of the <strong>most attractive sailing areas in the Baltic Sea<\/strong>. The <strong>Stockholm archipelago<\/strong>, the <strong>\u00c5land Islands<\/strong> and the sights of the <strong>southern Finnish coastal region<\/strong> offer scenic and cultural variety from the first to the last day of your trip. Discover <strong>two of Northern Europe's most beautiful cities<\/strong>: the journey begins in the <strong>Swedish capital Stockholm<\/strong> and ends in the <strong>medieval city of Turku<\/strong>. A longer stopover is planned in <strong>Mariehamn on the \u00c5land Islands<\/strong>.<\/p>","protected":false},"excerpt":{"rendered":"<p>Der Bereich zwischen dem Bottnischen und dem Finnischen Meerbusen gilt als eines der attraktivsten Ostsee-Reviere. Der Stockholmer Sch\u00e4rengarten, das Archipel der \u00c5landinseln und die Sehensw\u00fcrdigkeiten der s\u00fcdfinnischen K\u00fcstenregion bieten landschaftliche und kulturelle Abwechslung vom ersten bis zum letzten T\u00f6rntag. Entdecken Sie zwei der sch\u00f6nsten Metropolen Nordeuropas: Ausgangspunkt der Reise ist die schwedische Hauptstadt Stockholm, Zielhafen [&hellip;]<\/p>\n","protected":false},"featured_media":5905,"template":"","meta":{"_acf_changed":false,"_vp_format_video_url":"","_vp_image_focal_point":[]},"product_brand":[],"product_cat":[15],"product_tag":[],"class_list":{"0":"post-5901","1":"product","2":"type-product","3":"status-publish","4":"has-post-thumbnail","6":"product_cat-unkategorisiert","8":"first","9":"instock","10":"featured","11":"virtual","12":"purchasable","13":"product-type-simple"},"acf":[],"yoast_head":"<!-- This site is optimized with the Yoast SEO plugin v27.4 - https:\/\/yoast.com\/product\/yoast-seo-wordpress\/ -->\n<title>Schweden, \u00c5land und Finnland - Segelschiff Charter &amp; Reisen - Eye of the Wind<\/title>\n<meta name=\"description\" content=\"Schweden, \u00c5land und Finnland: Segelt\u00f6rn auf der Ostsee mit dem Segelschiff Eye of the Wind von Stockholm (Schweden) nach Turku (Finnland)\" \/>\n<meta name=\"robots\" content=\"index, follow, max-snippet:-1, max-image-preview:large, max-video-preview:-1\" \/>\n<link rel=\"canonical\" href=\"https:\/\/eyeofthewind.net\/en\/product\/sweden-aland-and-finland\/\" \/>\n<meta property=\"og:locale\" content=\"en_GB\" \/>\n<meta property=\"og:type\" content=\"article\" \/>\n<meta property=\"og:title\" content=\"Schweden, \u00c5land und Finnland - Segelschiff Charter &amp; Reisen - Eye of the Wind\" \/>\n<meta property=\"og:description\" content=\"Schweden, \u00c5land und Finnland: Segelt\u00f6rn auf der Ostsee mit dem Segelschiff Eye of the Wind von Stockholm (Schweden) nach Turku (Finnland)\" \/>\n<meta property=\"og:url\" content=\"https:\/\/eyeofthewind.net\/en\/product\/sweden-aland-and-finland\/\" \/>\n<meta property=\"og:site_name\" content=\"Segelschiff Charter &amp; Reisen - Eye of the Wind\" \/>\n<meta property=\"article:modified_time\" content=\"2026-04-23T14:36:14+00:00\" \/>\n<meta property=\"og:image\" content=\"https:\/\/eyeofthewind.net\/wp-content\/uploads\/2026\/01\/eyeofthewind-2-k-e1768987934776.jpg\" \/>\n\t<meta property=\"og:image:width\" content=\"1024\" \/>\n\t<meta property=\"og:image:height\" content=\"567\" \/>\n\t<meta property=\"og:image:type\" content=\"image\/jpeg\" \/>\n<meta name=\"twitter:card\" content=\"summary_large_image\" \/>\n<meta name=\"twitter:label1\" content=\"Estimated reading time\" \/>\n\t<meta name=\"twitter:data1\" content=\"1 minute\" \/>\n<script type=\"application\/ld+json\" class=\"yoast-schema-graph\">{\"@context\":\"https:\\\/\\\/schema.org\",\"@graph\":[{\"@type\":\"WebPage\",\"@id\":\"https:\\\/\\\/eyeofthewind.net\\\/produkt\\\/schweden-aland-und-finnland\\\/\",\"url\":\"https:\\\/\\\/eyeofthewind.net\\\/produkt\\\/schweden-aland-und-finnland\\\/\",\"name\":\"Schweden, \u00c5land und Finnland - Segelschiff Charter &amp; Reisen - Eye of the Wind\",\"isPartOf\":{\"@id\":\"https:\\\/\\\/eyeofthewind.net\\\/#website\"},\"primaryImageOfPage\":{\"@id\":\"https:\\\/\\\/eyeofthewind.net\\\/produkt\\\/schweden-aland-und-finnland\\\/#primaryimage\"},\"image\":{\"@id\":\"https:\\\/\\\/eyeofthewind.net\\\/produkt\\\/schweden-aland-und-finnland\\\/#primaryimage\"},\"thumbnailUrl\":\"https:\\\/\\\/eyeofthewind.net\\\/wp-content\\\/uploads\\\/2026\\\/01\\\/eyeofthewind-2-k-e1768987934776.jpg\",\"datePublished\":\"2026-01-21T09:28:58+00:00\",\"dateModified\":\"2026-04-23T14:36:14+00:00\",\"description\":\"Schweden, \u00c5land und Finnland: Segelt\u00f6rn auf der Ostsee mit dem Segelschiff Eye of the Wind von Stockholm (Schweden) nach Turku (Finnland)\",\"breadcrumb\":{\"@id\":\"https:\\\/\\\/eyeofthewind.net\\\/produkt\\\/schweden-aland-und-finnland\\\/#breadcrumb\"},\"inLanguage\":\"en-GB\",\"potentialAction\":[{\"@type\":\"ReadAction\",\"target\":[\"https:\\\/\\\/eyeofthewind.net\\\/produkt\\\/schweden-aland-und-finnland\\\/\"]}]},{\"@type\":\"ImageObject\",\"inLanguage\":\"en-GB\",\"@id\":\"https:\\\/\\\/eyeofthewind.net\\\/produkt\\\/schweden-aland-und-finnland\\\/#primaryimage\",\"url\":\"https:\\\/\\\/eyeofthewind.net\\\/wp-content\\\/uploads\\\/2026\\\/01\\\/eyeofthewind-2-k-e1768987934776.jpg\",\"contentUrl\":\"https:\\\/\\\/eyeofthewind.net\\\/wp-content\\\/uploads\\\/2026\\\/01\\\/eyeofthewind-2-k-e1768987934776.jpg\",\"width\":1024,\"height\":567,\"caption\":\"Schweden, \u00c5land und Finnland\"},{\"@type\":\"BreadcrumbList\",\"@id\":\"https:\\\/\\\/eyeofthewind.net\\\/produkt\\\/schweden-aland-und-finnland\\\/#breadcrumb\",\"itemListElement\":[{\"@type\":\"ListItem\",\"position\":1,\"name\":\"Startseite\",\"item\":\"https:\\\/\\\/eyeofthewind.net\\\/\"},{\"@type\":\"ListItem\",\"position\":2,\"name\":\"Shop\",\"item\":\"https:\\\/\\\/eyeofthewind.net\\\/shop\\\/\"},{\"@type\":\"ListItem\",\"position\":3,\"name\":\"Schweden, \u00c5land und Finnland\"}]},{\"@type\":\"WebSite\",\"@id\":\"https:\\\/\\\/eyeofthewind.net\\\/#website\",\"url\":\"https:\\\/\\\/eyeofthewind.net\\\/\",\"name\":\"Segelschiff Charter &amp; Reisen - Eye of the Wind\",\"description\":\"Segelurlaub mit der Eye of the Wind: Segelt\u00f6rns zwischen Ostsee, Kanaren und Karibik. Jeder kann mitsegeln! Mehr zu Ihrer Segelreise.\",\"publisher\":{\"@id\":\"https:\\\/\\\/eyeofthewind.net\\\/#organization\"},\"potentialAction\":[{\"@type\":\"SearchAction\",\"target\":{\"@type\":\"EntryPoint\",\"urlTemplate\":\"https:\\\/\\\/eyeofthewind.net\\\/?s={search_term_string}\"},\"query-input\":{\"@type\":\"PropertyValueSpecification\",\"valueRequired\":true,\"valueName\":\"search_term_string\"}}],\"inLanguage\":\"en-GB\"},{\"@type\":\"Organization\",\"@id\":\"https:\\\/\\\/eyeofthewind.net\\\/#organization\",\"name\":\"Segelschiff Charter &amp; Reisen - Eye of the Wind\",\"url\":\"https:\\\/\\\/eyeofthewind.net\\\/\",\"logo\":{\"@type\":\"ImageObject\",\"inLanguage\":\"en-GB\",\"@id\":\"https:\\\/\\\/eyeofthewind.net\\\/#\\\/schema\\\/logo\\\/image\\\/\",\"url\":\"https:\\\/\\\/eyeofthewind.net\\\/wp-content\\\/uploads\\\/2024\\\/10\\\/L_Eye_weiss.svg\",\"contentUrl\":\"https:\\\/\\\/eyeofthewind.net\\\/wp-content\\\/uploads\\\/2024\\\/10\\\/L_Eye_weiss.svg\",\"width\":202,\"height\":123,\"caption\":\"Segelschiff Charter &amp; Reisen - Eye of the Wind\"},\"image\":{\"@id\":\"https:\\\/\\\/eyeofthewind.net\\\/#\\\/schema\\\/logo\\\/image\\\/\"}}]}<\/script>\n<!-- \/ Yoast SEO plugin. -->","yoast_head_json":{"title":"Sweden, \u00c5land and Finland - Sailboat Charter &amp; Travelling - Eye of the Wind","description":"Sweden, \u00c5land and Finland: Sailing trip on the Baltic Sea with the sailing ship Eye of the Wind from Stockholm (Sweden) to Turku (Finland)","robots":{"index":"index","follow":"follow","max-snippet":"max-snippet:-1","max-image-preview":"max-image-preview:large","max-video-preview":"max-video-preview:-1"},"canonical":"https:\/\/eyeofthewind.net\/en\/product\/sweden-aland-and-finland\/","og_locale":"en_GB","og_type":"article","og_title":"Schweden, \u00c5land und Finnland - Segelschiff Charter &amp; Reisen - Eye of the Wind","og_description":"Schweden, \u00c5land und Finnland: Segelt\u00f6rn auf der Ostsee mit dem Segelschiff Eye of the Wind von Stockholm (Schweden) nach Turku (Finnland)","og_url":"https:\/\/eyeofthewind.net\/en\/product\/sweden-aland-and-finland\/","og_site_name":"Segelschiff Charter &amp; Reisen - Eye of the Wind","article_modified_time":"2026-04-23T14:36:14+00:00","og_image":[{"width":1024,"height":567,"url":"https:\/\/eyeofthewind.net\/wp-content\/uploads\/2026\/01\/eyeofthewind-2-k-e1768987934776.jpg","type":"image\/jpeg"}],"twitter_card":"summary_large_image","twitter_misc":{"Estimated reading time":"1 minute"},"schema":{"@context":"https:\/\/schema.org","@graph":[{"@type":"WebPage","@id":"https:\/\/eyeofthewind.net\/produkt\/schweden-aland-und-finnland\/","url":"https:\/\/eyeofthewind.net\/produkt\/schweden-aland-und-finnland\/","name":"Sweden, \u00c5land and Finland - Sailboat Charter &amp; Travelling - Eye of the Wind","isPartOf":{"@id":"https:\/\/eyeofthewind.net\/#website"},"primaryImageOfPage":{"@id":"https:\/\/eyeofthewind.net\/produkt\/schweden-aland-und-finnland\/#primaryimage"},"image":{"@id":"https:\/\/eyeofthewind.net\/produkt\/schweden-aland-und-finnland\/#primaryimage"},"thumbnailUrl":"https:\/\/eyeofthewind.net\/wp-content\/uploads\/2026\/01\/eyeofthewind-2-k-e1768987934776.jpg","datePublished":"2026-01-21T09:28:58+00:00","dateModified":"2026-04-23T14:36:14+00:00","description":"Sweden, \u00c5land and Finland: Sailing trip on the Baltic Sea with the sailing ship Eye of the Wind from Stockholm (Sweden) to Turku (Finland)","breadcrumb":{"@id":"https:\/\/eyeofthewind.net\/produkt\/schweden-aland-und-finnland\/#breadcrumb"},"inLanguage":"en-GB","potentialAction":[{"@type":"ReadAction","target":["https:\/\/eyeofthewind.net\/produkt\/schweden-aland-und-finnland\/"]}]},{"@type":"ImageObject","inLanguage":"en-GB","@id":"https:\/\/eyeofthewind.net\/produkt\/schweden-aland-und-finnland\/#primaryimage","url":"https:\/\/eyeofthewind.net\/wp-content\/uploads\/2026\/01\/eyeofthewind-2-k-e1768987934776.jpg","contentUrl":"https:\/\/eyeofthewind.net\/wp-content\/uploads\/2026\/01\/eyeofthewind-2-k-e1768987934776.jpg","width":1024,"height":567,"caption":"Schweden, \u00c5land und Finnland"},{"@type":"BreadcrumbList","@id":"https:\/\/eyeofthewind.net\/produkt\/schweden-aland-und-finnland\/#breadcrumb","itemListElement":[{"@type":"ListItem","position":1,"name":"Startseite","item":"https:\/\/eyeofthewind.net\/"},{"@type":"ListItem","position":2,"name":"Shop","item":"https:\/\/eyeofthewind.net\/shop\/"},{"@type":"ListItem","position":3,"name":"Schweden, \u00c5land und Finnland"}]},{"@type":"WebSite","@id":"https:\/\/eyeofthewind.net\/#website","url":"https:\/\/eyeofthewind.net\/","name":"Sailing Ship Charter &amp; Travelling - Eye of the Wind","description":"Sailing holidays with the Eye of the Wind: sailing trips between the Baltic Sea, Canary Islands and Caribbean. Anyone can sail with us! More about your sailing holiday.","publisher":{"@id":"https:\/\/eyeofthewind.net\/#organization"},"potentialAction":[{"@type":"SearchAction","target":{"@type":"EntryPoint","urlTemplate":"https:\/\/eyeofthewind.net\/?s={search_term_string}"},"query-input":{"@type":"PropertyValueSpecification","valueRequired":true,"valueName":"search_term_string"}}],"inLanguage":"en-GB"},{"@type":"Organization","@id":"https:\/\/eyeofthewind.net\/#organization","name":"Sailing Ship Charter &amp; Travelling - Eye of the Wind","url":"https:\/\/eyeofthewind.net\/","logo":{"@type":"ImageObject","inLanguage":"en-GB","@id":"https:\/\/eyeofthewind.net\/#\/schema\/logo\/image\/","url":"https:\/\/eyeofthewind.net\/wp-content\/uploads\/2024\/10\/L_Eye_weiss.svg","contentUrl":"https:\/\/eyeofthewind.net\/wp-content\/uploads\/2024\/10\/L_Eye_weiss.svg","width":202,"height":123,"caption":"Segelschiff Charter &amp; Reisen - Eye of the Wind"},"image":{"@id":"https:\/\/eyeofthewind.net\/#\/schema\/logo\/image\/"}}]}},"_links":{"self":[{"href":"https:\/\/eyeofthewind.net\/en\/wp-json\/wp\/v2\/product\/5901","targetHints":{"allow":["GET"]}}],"collection":[{"href":"https:\/\/eyeofthewind.net\/en\/wp-json\/wp\/v2\/product"}],"about":[{"href":"https:\/\/eyeofthewind.net\/en\/wp-json\/wp\/v2\/types\/product"}],"wp:featuredmedia":[{"embeddable":true,"href":"https:\/\/eyeofthewind.net\/en\/wp-json\/wp\/v2\/media\/5905"}],"wp:attachment":[{"href":"https:\/\/eyeofthewind.net\/en\/wp-json\/wp\/v2\/media?parent=5901"}],"wp:term":[{"taxonomy":"product_brand","embeddable":true,"href":"https:\/\/eyeofthewind.net\/en\/wp-json\/wp\/v2\/product_brand?post=5901"},{"taxonomy":"product_cat","embeddable":true,"href":"https:\/\/eyeofthewind.net\/en\/wp-json\/wp\/v2\/product_cat?post=5901"},{"taxonomy":"product_tag","embeddable":true,"href":"https:\/\/eyeofthewind.net\/en\/wp-json\/wp\/v2\/product_tag?post=5901"}],"curies":[{"name":"wp","href":"https:\/\/api.w.org\/{rel}","templated":true}]}}

Sweden, Åland and Finland

<p class="translation-block">The area between the Gulf of Bothnia and the Gulf of Finland is considered one of the <strong>most attractive sailing areas in the Baltic Sea</strong>. The <strong>Stockholm archipelago</strong>, the <strong>Åland Islands</strong> and the sights of the <strong>southern Finnish coastal region</strong> offer scenic and cultural variety from the first to the last day of your trip. Discover <strong>two of Northern Europe's most beautiful cities</strong>: the journey begins in the <strong>Swedish capital Stockholm</strong> and ends in the <strong>medieval city of Turku</strong>. A longer stopover is planned in <strong>Mariehamn on the Åland Islands</strong>.</p>

<p>Der Bereich zwischen dem Bottnischen und dem Finnischen Meerbusen gilt als eines der attraktivsten Ostsee-Reviere. Der Stockholmer Schärengarten, das Archipel der Ålandinseln und die Sehenswürdigkeiten der südfinnischen Küstenregion bieten landschaftliche und kulturelle Abwechslung vom ersten bis zum letzten Törntag. Entdecken Sie zwei der schönsten Metropolen Nordeuropas: Ausgangspunkt der Reise ist die schwedische Hauptstadt Stockholm, Zielhafen [&hellip;]</p>

<!-- This site is optimized with the Yoast SEO plugin v27.4 - https://yoast.com/product/yoast-seo-wordpress/ -->
<title>Schweden, Åland und Finnland - Segelschiff Charter &amp; Reisen - Eye of the Wind</title>
<meta name="description" content="Schweden, Åland und Finnland: Segeltörn auf der Ostsee mit dem Segelschiff Eye of the Wind von Stockholm (Schweden) nach Turku (Finnland)" />
<meta name="robots" content="index, follow, max-snippet:-1, max-image-preview:large, max-video-preview:-1" />
<link rel="canonical" href="https://eyeofthewind.net/en/product/sweden-aland-and-finland/" />
<meta property="og:locale" content="en_GB" />
<meta property="og:type" content="article" />
<meta property="og:title" content="Schweden, Åland und Finnland - Segelschiff Charter &amp; Reisen - Eye of the Wind" />
<meta property="og:description" content="Schweden, Åland und Finnland: Segeltörn auf der Ostsee mit dem Segelschiff Eye of the Wind von Stockholm (Schweden) nach Turku (Finnland)" />
<meta property="og:url" content="https://eyeofthewind.net/en/product/sweden-aland-and-finland/" />
<meta property="og:site_name" content="Segelschiff Charter &amp; Reisen - Eye of the Wind" />
<meta property="article:modified_time" content="2026-04-23T14:36:14+00:00" />
<meta property="og:image" content="https://eyeofthewind.net/wp-content/uploads/2026/01/eyeofthewind-2-k-e1768987934776.jpg" />
	<meta property="og:image:width" content="1024" />
	<meta property="og:image:height" content="567" />
	<meta property="og:image:type" content="image/jpeg" />
<meta name="twitter:card" content="summary_large_image" />
<meta name="twitter:label1" content="Estimated reading time" />
	<meta name="twitter:data1" content="1 minute" />
<script type="application/ld+json" class="yoast-schema-graph">{"@context":"https:\/\/schema.org","@graph":[{"@type":"WebPage","@id":"https:\/\/eyeofthewind.net\/produkt\/schweden-aland-und-finnland\/","url":"https:\/\/eyeofthewind.net\/produkt\/schweden-aland-und-finnland\/","name":"Schweden, Åland und Finnland - Segelschiff Charter &amp; Reisen - Eye of the Wind","isPartOf":{"@id":"https:\/\/eyeofthewind.net\/#website"},"primaryImageOfPage":{"@id":"https:\/\/eyeofthewind.net\/produkt\/schweden-aland-und-finnland\/#primaryimage"},"image":{"@id":"https:\/\/eyeofthewind.net\/produkt\/schweden-aland-und-finnland\/#primaryimage"},"thumbnailUrl":"https:\/\/eyeofthewind.net\/wp-content\/uploads\/2026\/01\/eyeofthewind-2-k-e1768987934776.jpg","datePublished":"2026-01-21T09:28:58+00:00","dateModified":"2026-04-23T14:36:14+00:00","description":"Schweden, Åland und Finnland: Segeltörn auf der Ostsee mit dem Segelschiff Eye of the Wind von Stockholm (Schweden) nach Turku (Finnland)","breadcrumb":{"@id":"https:\/\/eyeofthewind.net\/produkt\/schweden-aland-und-finnland\/#breadcrumb"},"inLanguage":"en-GB","potentialAction":[{"@type":"ReadAction","target":["https:\/\/eyeofthewind.net\/produkt\/schweden-aland-und-finnland\/"]}]},{"@type":"ImageObject","inLanguage":"en-GB","@id":"https:\/\/eyeofthewind.net\/produkt\/schweden-aland-und-finnland\/#primaryimage","url":"https:\/\/eyeofthewind.net\/wp-content\/uploads\/2026\/01\/eyeofthewind-2-k-e1768987934776.jpg","contentUrl":"https:\/\/eyeofthewind.net\/wp-content\/uploads\/2026\/01\/eyeofthewind-2-k-e1768987934776.jpg","width":1024,"height":567,"caption":"Schweden, Åland und Finnland"},{"@type":"BreadcrumbList","@id":"https:\/\/eyeofthewind.net\/produkt\/schweden-aland-und-finnland\/#breadcrumb","itemListElement":[{"@type":"ListItem","position":1,"name":"Startseite","item":"https:\/\/eyeofthewind.net\/"},{"@type":"ListItem","position":2,"name":"Shop","item":"https:\/\/eyeofthewind.net\/shop\/"},{"@type":"ListItem","position":3,"name":"Schweden, Åland und Finnland"}]},{"@type":"WebSite","@id":"https:\/\/eyeofthewind.net\/#website","url":"https:\/\/eyeofthewind.net\/","name":"Segelschiff Charter &amp; Reisen - Eye of the Wind","description":"Segelurlaub mit der Eye of the Wind: Segeltörns zwischen Ostsee, Kanaren und Karibik. Jeder kann mitsegeln! Mehr zu Ihrer Segelreise.","publisher":{"@id":"https:\/\/eyeofthewind.net\/#organization"},"potentialAction":[{"@type":"SearchAction","target":{"@type":"EntryPoint","urlTemplate":"https:\/\/eyeofthewind.net\/?s={search_term_string}"},"query-input":{"@type":"PropertyValueSpecification","valueRequired":true,"valueName":"search_term_string"}}],"inLanguage":"en-GB"},{"@type":"Organization","@id":"https:\/\/eyeofthewind.net\/#organization","name":"Segelschiff Charter &amp; Reisen - Eye of the Wind","url":"https:\/\/eyeofthewind.net\/","logo":{"@type":"ImageObject","inLanguage":"en-GB","@id":"https:\/\/eyeofthewind.net\/#\/schema\/logo\/image\/","url":"https:\/\/eyeofthewind.net\/wp-content\/uploads\/2024\/10\/L_Eye_weiss.svg","contentUrl":"https:\/\/eyeofthewind.net\/wp-content\/uploads\/2024\/10\/L_Eye_weiss.svg","width":202,"height":123,"caption":"Segelschiff Charter &amp; Reisen - Eye of the Wind"},"image":{"@id":"https:\/\/eyeofthewind.net\/#\/schema\/logo\/image\/"}}]}</script>
<!-- / Yoast SEO plugin. -->

Sweden, Åland and Finland - Sailboat Charter &amp; Travelling - Eye of the Wind

Sweden, Åland and Finland: Sailing trip on the Baltic Sea with the sailing ship Eye of the Wind from Stockholm (Sweden) to Turku (Finland)

Schweden, Åland und Finnland - Segelschiff Charter &amp; Reisen - Eye of the Wind

Schweden, Åland und Finnland: Segeltörn auf der Ostsee mit dem Segelschiff Eye of the Wind von Stockholm (Schweden) nach Turku (Finnland)

Schweden, Åland und Finnland
