{"id":5978,"date":"2026-02-05T10:18:54","date_gmt":"2026-02-05T09:18:54","guid":{"rendered":"https:\/\/eyeofthewind.net\/?post_type=product&#038;p=5978"},"modified":"2026-04-13T16:57:33","modified_gmt":"2026-04-13T14:57:33","slug":"baltic-sea-summer-holidays-pearls-of-the-baltics","status":"publish","type":"product","link":"https:\/\/eyeofthewind.net\/en\/produkt\/ostsee-sommertoern-perlen-des-baltikum\/","title":{"rendered":"Summer sailing trip: Pearls of the Baltic"},"content":{"rendered":"<p class=\"translation-block\">On this sailing trip, you will <strong>experience the Baltic States<\/strong> from the deck of a sailing ship: the <strong>summery Baltic Sea<\/strong>, quiet bays, lively harbour towns and lots of history. You can actively participate in the sailing manoeuvres or simply enjoy the wind and the vastness of the ocean. In the evenings, we moor in sheltered anchorages or small harbours and end the day watching the sun set over the Baltic Sea \u2013 always <strong>close to nature and culture<\/strong>. The sailing trip is framed by two <strong>attractive and easily accessible harbours<\/strong>: <strong>Tallinn<\/strong> in Estonia and <strong>Riga<\/strong> in Latvia.<\/p>","protected":false},"excerpt":{"rendered":"<p>Auf dieser Segelreise erleben Sie das Baltikum vom Deck eines Segelschiffs aus: die sommerliche Ostsee, stille Buchten, lebendige Hafenst\u00e4dte und viel Geschichte. Sie k\u00f6nnen sich aktiv an den Segelman\u00f6vern beteiligen oder einfach den Wind und die Weite genie\u00dfen. Abends liegen wir in gesch\u00fctzten Ankerpl\u00e4tzen oder kleineren H\u00e4fen und lassen den Tag beim Sonnenuntergang \u00fcber der [&hellip;]<\/p>\n","protected":false},"featured_media":5983,"template":"","meta":{"_acf_changed":false,"_vp_format_video_url":"","_vp_image_focal_point":[]},"product_brand":[],"product_cat":[15],"product_tag":[],"class_list":{"0":"post-5978","1":"product","2":"type-product","3":"status-publish","4":"has-post-thumbnail","6":"product_cat-unkategorisiert","8":"first","9":"instock","10":"featured","11":"virtual","12":"purchasable","13":"product-type-simple"},"acf":[],"yoast_head":"<!-- This site is optimized with the Yoast SEO plugin v27.4 - https:\/\/yoast.com\/product\/yoast-seo-wordpress\/ -->\n<title>Ostsee-Sommert\u00f6rn: Perlen des Baltikum - Segelschiff Charter &amp; Reisen - Eye of the Wind<\/title>\n<meta name=\"description\" content=\"Ostsee-Sommert\u00f6rn &quot;Perlen des Baltikum&quot;: Segelreise mit dem Segelschiff Eye of the Wind von Tallinn (Estland) nach Riga (Lettland)\" \/>\n<meta name=\"robots\" content=\"index, follow, max-snippet:-1, max-image-preview:large, max-video-preview:-1\" \/>\n<link rel=\"canonical\" href=\"https:\/\/eyeofthewind.net\/en\/product\/baltic-sea-summer-holidays-pearls-of-the-baltics\/\" \/>\n<meta property=\"og:locale\" content=\"en_GB\" \/>\n<meta property=\"og:type\" content=\"article\" \/>\n<meta property=\"og:title\" content=\"Ostsee-Sommert\u00f6rn: Perlen des Baltikum - Segelschiff Charter &amp; Reisen - Eye of the Wind\" \/>\n<meta property=\"og:description\" content=\"Ostsee-Sommert\u00f6rn &quot;Perlen des Baltikum&quot;: Segelreise mit dem Segelschiff Eye of the Wind von Tallinn (Estland) nach Riga (Lettland)\" \/>\n<meta property=\"og:url\" content=\"https:\/\/eyeofthewind.net\/en\/product\/baltic-sea-summer-holidays-pearls-of-the-baltics\/\" \/>\n<meta property=\"og:site_name\" content=\"Segelschiff Charter &amp; Reisen - Eye of the Wind\" \/>\n<meta property=\"article:modified_time\" content=\"2026-04-13T14:57:33+00:00\" \/>\n<meta property=\"og:image\" content=\"https:\/\/eyeofthewind.net\/wp-content\/uploads\/2026\/02\/IMG_1810klein-1024x682.jpg\" \/>\n\t<meta property=\"og:image:width\" content=\"1024\" \/>\n\t<meta property=\"og:image:height\" content=\"682\" \/>\n\t<meta property=\"og:image:type\" content=\"image\/jpeg\" \/>\n<meta name=\"twitter:card\" content=\"summary_large_image\" \/>\n<meta name=\"twitter:label1\" content=\"Estimated reading time\" \/>\n\t<meta name=\"twitter:data1\" content=\"1 minute\" \/>\n<script type=\"application\/ld+json\" class=\"yoast-schema-graph\">{\"@context\":\"https:\\\/\\\/schema.org\",\"@graph\":[{\"@type\":\"WebPage\",\"@id\":\"https:\\\/\\\/eyeofthewind.net\\\/produkt\\\/ostsee-sommertoern-perlen-des-baltikum\\\/\",\"url\":\"https:\\\/\\\/eyeofthewind.net\\\/produkt\\\/ostsee-sommertoern-perlen-des-baltikum\\\/\",\"name\":\"Ostsee-Sommert\u00f6rn: Perlen des Baltikum - Segelschiff Charter &amp; Reisen - Eye of the Wind\",\"isPartOf\":{\"@id\":\"https:\\\/\\\/eyeofthewind.net\\\/#website\"},\"primaryImageOfPage\":{\"@id\":\"https:\\\/\\\/eyeofthewind.net\\\/produkt\\\/ostsee-sommertoern-perlen-des-baltikum\\\/#primaryimage\"},\"image\":{\"@id\":\"https:\\\/\\\/eyeofthewind.net\\\/produkt\\\/ostsee-sommertoern-perlen-des-baltikum\\\/#primaryimage\"},\"thumbnailUrl\":\"https:\\\/\\\/eyeofthewind.net\\\/wp-content\\\/uploads\\\/2026\\\/02\\\/IMG_1810klein.jpg\",\"datePublished\":\"2026-02-05T09:18:54+00:00\",\"dateModified\":\"2026-04-13T14:57:33+00:00\",\"description\":\"Ostsee-Sommert\u00f6rn \\\"Perlen des Baltikum\\\": Segelreise mit dem Segelschiff Eye of the Wind von Tallinn (Estland) nach Riga (Lettland)\",\"breadcrumb\":{\"@id\":\"https:\\\/\\\/eyeofthewind.net\\\/produkt\\\/ostsee-sommertoern-perlen-des-baltikum\\\/#breadcrumb\"},\"inLanguage\":\"en-GB\",\"potentialAction\":[{\"@type\":\"ReadAction\",\"target\":[\"https:\\\/\\\/eyeofthewind.net\\\/produkt\\\/ostsee-sommertoern-perlen-des-baltikum\\\/\"]}]},{\"@type\":\"ImageObject\",\"inLanguage\":\"en-GB\",\"@id\":\"https:\\\/\\\/eyeofthewind.net\\\/produkt\\\/ostsee-sommertoern-perlen-des-baltikum\\\/#primaryimage\",\"url\":\"https:\\\/\\\/eyeofthewind.net\\\/wp-content\\\/uploads\\\/2026\\\/02\\\/IMG_1810klein.jpg\",\"contentUrl\":\"https:\\\/\\\/eyeofthewind.net\\\/wp-content\\\/uploads\\\/2026\\\/02\\\/IMG_1810klein.jpg\",\"width\":1920,\"height\":1279,\"caption\":\"Ostsee-Sommert\u00f6rn: Perlen des Baltikum\"},{\"@type\":\"BreadcrumbList\",\"@id\":\"https:\\\/\\\/eyeofthewind.net\\\/produkt\\\/ostsee-sommertoern-perlen-des-baltikum\\\/#breadcrumb\",\"itemListElement\":[{\"@type\":\"ListItem\",\"position\":1,\"name\":\"Startseite\",\"item\":\"https:\\\/\\\/eyeofthewind.net\\\/\"},{\"@type\":\"ListItem\",\"position\":2,\"name\":\"Shop\",\"item\":\"https:\\\/\\\/eyeofthewind.net\\\/shop\\\/\"},{\"@type\":\"ListItem\",\"position\":3,\"name\":\"Ostsee-Sommert\u00f6rn: Perlen des Baltikum\"}]},{\"@type\":\"WebSite\",\"@id\":\"https:\\\/\\\/eyeofthewind.net\\\/#website\",\"url\":\"https:\\\/\\\/eyeofthewind.net\\\/\",\"name\":\"Segelschiff Charter &amp; Reisen - Eye of the Wind\",\"description\":\"Segelurlaub mit der Eye of the Wind: Segelt\u00f6rns zwischen Ostsee, Kanaren und Karibik. Jeder kann mitsegeln! Mehr zu Ihrer Segelreise.\",\"publisher\":{\"@id\":\"https:\\\/\\\/eyeofthewind.net\\\/#organization\"},\"potentialAction\":[{\"@type\":\"SearchAction\",\"target\":{\"@type\":\"EntryPoint\",\"urlTemplate\":\"https:\\\/\\\/eyeofthewind.net\\\/?s={search_term_string}\"},\"query-input\":{\"@type\":\"PropertyValueSpecification\",\"valueRequired\":true,\"valueName\":\"search_term_string\"}}],\"inLanguage\":\"en-GB\"},{\"@type\":\"Organization\",\"@id\":\"https:\\\/\\\/eyeofthewind.net\\\/#organization\",\"name\":\"Segelschiff Charter &amp; Reisen - Eye of the Wind\",\"url\":\"https:\\\/\\\/eyeofthewind.net\\\/\",\"logo\":{\"@type\":\"ImageObject\",\"inLanguage\":\"en-GB\",\"@id\":\"https:\\\/\\\/eyeofthewind.net\\\/#\\\/schema\\\/logo\\\/image\\\/\",\"url\":\"https:\\\/\\\/eyeofthewind.net\\\/wp-content\\\/uploads\\\/2024\\\/10\\\/L_Eye_weiss.svg\",\"contentUrl\":\"https:\\\/\\\/eyeofthewind.net\\\/wp-content\\\/uploads\\\/2024\\\/10\\\/L_Eye_weiss.svg\",\"width\":202,\"height\":123,\"caption\":\"Segelschiff Charter &amp; Reisen - Eye of the Wind\"},\"image\":{\"@id\":\"https:\\\/\\\/eyeofthewind.net\\\/#\\\/schema\\\/logo\\\/image\\\/\"}}]}<\/script>\n<!-- \/ Yoast SEO plugin. -->","yoast_head_json":{"title":"Baltic Sea summer cruise: Pearls of the Baltic - Sailboat Charter &amp; Travel - Eye of the Wind","description":"Baltic Sea summer cruise \"Pearls of the Baltic\": Sailing trip with the sailing ship Eye of the Wind from Tallinn (Estonia) to Riga (Latvia)","robots":{"index":"index","follow":"follow","max-snippet":"max-snippet:-1","max-image-preview":"max-image-preview:large","max-video-preview":"max-video-preview:-1"},"canonical":"https:\/\/eyeofthewind.net\/en\/product\/baltic-sea-summer-holidays-pearls-of-the-baltics\/","og_locale":"en_GB","og_type":"article","og_title":"Ostsee-Sommert\u00f6rn: Perlen des Baltikum - Segelschiff Charter &amp; Reisen - Eye of the Wind","og_description":"Ostsee-Sommert\u00f6rn \"Perlen des Baltikum\": Segelreise mit dem Segelschiff Eye of the Wind von Tallinn (Estland) nach Riga (Lettland)","og_url":"https:\/\/eyeofthewind.net\/en\/product\/baltic-sea-summer-holidays-pearls-of-the-baltics\/","og_site_name":"Segelschiff Charter &amp; Reisen - Eye of the Wind","article_modified_time":"2026-04-13T14:57:33+00:00","og_image":[{"width":1024,"height":682,"url":"https:\/\/eyeofthewind.net\/wp-content\/uploads\/2026\/02\/IMG_1810klein-1024x682.jpg","type":"image\/jpeg"}],"twitter_card":"summary_large_image","twitter_misc":{"Estimated reading time":"1 minute"},"schema":{"@context":"https:\/\/schema.org","@graph":[{"@type":"WebPage","@id":"https:\/\/eyeofthewind.net\/produkt\/ostsee-sommertoern-perlen-des-baltikum\/","url":"https:\/\/eyeofthewind.net\/produkt\/ostsee-sommertoern-perlen-des-baltikum\/","name":"Baltic Sea summer cruise: Pearls of the Baltic - Sailboat Charter &amp; Travel - Eye of the Wind","isPartOf":{"@id":"https:\/\/eyeofthewind.net\/#website"},"primaryImageOfPage":{"@id":"https:\/\/eyeofthewind.net\/produkt\/ostsee-sommertoern-perlen-des-baltikum\/#primaryimage"},"image":{"@id":"https:\/\/eyeofthewind.net\/produkt\/ostsee-sommertoern-perlen-des-baltikum\/#primaryimage"},"thumbnailUrl":"https:\/\/eyeofthewind.net\/wp-content\/uploads\/2026\/02\/IMG_1810klein.jpg","datePublished":"2026-02-05T09:18:54+00:00","dateModified":"2026-04-13T14:57:33+00:00","description":"Baltic Sea summer cruise \"Pearls of the Baltic\": Sailing trip with the sailing ship Eye of the Wind from Tallinn (Estonia) to Riga (Latvia)","breadcrumb":{"@id":"https:\/\/eyeofthewind.net\/produkt\/ostsee-sommertoern-perlen-des-baltikum\/#breadcrumb"},"inLanguage":"en-GB","potentialAction":[{"@type":"ReadAction","target":["https:\/\/eyeofthewind.net\/produkt\/ostsee-sommertoern-perlen-des-baltikum\/"]}]},{"@type":"ImageObject","inLanguage":"en-GB","@id":"https:\/\/eyeofthewind.net\/produkt\/ostsee-sommertoern-perlen-des-baltikum\/#primaryimage","url":"https:\/\/eyeofthewind.net\/wp-content\/uploads\/2026\/02\/IMG_1810klein.jpg","contentUrl":"https:\/\/eyeofthewind.net\/wp-content\/uploads\/2026\/02\/IMG_1810klein.jpg","width":1920,"height":1279,"caption":"Ostsee-Sommert\u00f6rn: Perlen des Baltikum"},{"@type":"BreadcrumbList","@id":"https:\/\/eyeofthewind.net\/produkt\/ostsee-sommertoern-perlen-des-baltikum\/#breadcrumb","itemListElement":[{"@type":"ListItem","position":1,"name":"Startseite","item":"https:\/\/eyeofthewind.net\/"},{"@type":"ListItem","position":2,"name":"Shop","item":"https:\/\/eyeofthewind.net\/shop\/"},{"@type":"ListItem","position":3,"name":"Ostsee-Sommert\u00f6rn: Perlen des Baltikum"}]},{"@type":"WebSite","@id":"https:\/\/eyeofthewind.net\/#website","url":"https:\/\/eyeofthewind.net\/","name":"Sailing Ship Charter &amp; Travelling - Eye of the Wind","description":"Sailing holidays with the Eye of the Wind: sailing trips between the Baltic Sea, Canary Islands and Caribbean. Anyone can sail with us! More about your sailing holiday.","publisher":{"@id":"https:\/\/eyeofthewind.net\/#organization"},"potentialAction":[{"@type":"SearchAction","target":{"@type":"EntryPoint","urlTemplate":"https:\/\/eyeofthewind.net\/?s={search_term_string}"},"query-input":{"@type":"PropertyValueSpecification","valueRequired":true,"valueName":"search_term_string"}}],"inLanguage":"en-GB"},{"@type":"Organization","@id":"https:\/\/eyeofthewind.net\/#organization","name":"Sailing Ship Charter &amp; Travelling - Eye of the Wind","url":"https:\/\/eyeofthewind.net\/","logo":{"@type":"ImageObject","inLanguage":"en-GB","@id":"https:\/\/eyeofthewind.net\/#\/schema\/logo\/image\/","url":"https:\/\/eyeofthewind.net\/wp-content\/uploads\/2024\/10\/L_Eye_weiss.svg","contentUrl":"https:\/\/eyeofthewind.net\/wp-content\/uploads\/2024\/10\/L_Eye_weiss.svg","width":202,"height":123,"caption":"Segelschiff Charter &amp; Reisen - Eye of the Wind"},"image":{"@id":"https:\/\/eyeofthewind.net\/#\/schema\/logo\/image\/"}}]}},"_links":{"self":[{"href":"https:\/\/eyeofthewind.net\/en\/wp-json\/wp\/v2\/product\/5978","targetHints":{"allow":["GET"]}}],"collection":[{"href":"https:\/\/eyeofthewind.net\/en\/wp-json\/wp\/v2\/product"}],"about":[{"href":"https:\/\/eyeofthewind.net\/en\/wp-json\/wp\/v2\/types\/product"}],"wp:featuredmedia":[{"embeddable":true,"href":"https:\/\/eyeofthewind.net\/en\/wp-json\/wp\/v2\/media\/5983"}],"wp:attachment":[{"href":"https:\/\/eyeofthewind.net\/en\/wp-json\/wp\/v2\/media?parent=5978"}],"wp:term":[{"taxonomy":"product_brand","embeddable":true,"href":"https:\/\/eyeofthewind.net\/en\/wp-json\/wp\/v2\/product_brand?post=5978"},{"taxonomy":"product_cat","embeddable":true,"href":"https:\/\/eyeofthewind.net\/en\/wp-json\/wp\/v2\/product_cat?post=5978"},{"taxonomy":"product_tag","embeddable":true,"href":"https:\/\/eyeofthewind.net\/en\/wp-json\/wp\/v2\/product_tag?post=5978"}],"curies":[{"name":"wp","href":"https:\/\/api.w.org\/{rel}","templated":true}]}}

<p>Auf dieser Segelreise erleben Sie das Baltikum vom Deck eines Segelschiffs aus: die sommerliche Ostsee, stille Buchten, lebendige Hafenstädte und viel Geschichte. Sie können sich aktiv an den Segelmanövern beteiligen oder einfach den Wind und die Weite genießen. Abends liegen wir in geschützten Ankerplätzen oder kleineren Häfen und lassen den Tag beim Sonnenuntergang über der [&hellip;]</p>

<!-- This site is optimized with the Yoast SEO plugin v27.4 - https://yoast.com/product/yoast-seo-wordpress/ -->
<title>Ostsee-Sommertörn: Perlen des Baltikum - Segelschiff Charter &amp; Reisen - Eye of the Wind</title>
<meta name="description" content="Ostsee-Sommertörn &quot;Perlen des Baltikum&quot;: Segelreise mit dem Segelschiff Eye of the Wind von Tallinn (Estland) nach Riga (Lettland)" />
<meta name="robots" content="index, follow, max-snippet:-1, max-image-preview:large, max-video-preview:-1" />
<link rel="canonical" href="https://eyeofthewind.net/en/product/baltic-sea-summer-holidays-pearls-of-the-baltics/" />
<meta property="og:locale" content="en_GB" />
<meta property="og:type" content="article" />
<meta property="og:title" content="Ostsee-Sommertörn: Perlen des Baltikum - Segelschiff Charter &amp; Reisen - Eye of the Wind" />
<meta property="og:description" content="Ostsee-Sommertörn &quot;Perlen des Baltikum&quot;: Segelreise mit dem Segelschiff Eye of the Wind von Tallinn (Estland) nach Riga (Lettland)" />
<meta property="og:url" content="https://eyeofthewind.net/en/product/baltic-sea-summer-holidays-pearls-of-the-baltics/" />
<meta property="og:site_name" content="Segelschiff Charter &amp; Reisen - Eye of the Wind" />
<meta property="article:modified_time" content="2026-04-13T14:57:33+00:00" />
<meta property="og:image" content="https://eyeofthewind.net/wp-content/uploads/2026/02/IMG_1810klein-1024x682.jpg" />
	<meta property="og:image:width" content="1024" />
	<meta property="og:image:height" content="682" />
	<meta property="og:image:type" content="image/jpeg" />
<meta name="twitter:card" content="summary_large_image" />
<meta name="twitter:label1" content="Estimated reading time" />
	<meta name="twitter:data1" content="1 minute" />
<script type="application/ld+json" class="yoast-schema-graph">{"@context":"https:\/\/schema.org","@graph":[{"@type":"WebPage","@id":"https:\/\/eyeofthewind.net\/produkt\/ostsee-sommertoern-perlen-des-baltikum\/","url":"https:\/\/eyeofthewind.net\/produkt\/ostsee-sommertoern-perlen-des-baltikum\/","name":"Ostsee-Sommertörn: Perlen des Baltikum - Segelschiff Charter &amp; Reisen - Eye of the Wind","isPartOf":{"@id":"https:\/\/eyeofthewind.net\/#website"},"primaryImageOfPage":{"@id":"https:\/\/eyeofthewind.net\/produkt\/ostsee-sommertoern-perlen-des-baltikum\/#primaryimage"},"image":{"@id":"https:\/\/eyeofthewind.net\/produkt\/ostsee-sommertoern-perlen-des-baltikum\/#primaryimage"},"thumbnailUrl":"https:\/\/eyeofthewind.net\/wp-content\/uploads\/2026\/02\/IMG_1810klein.jpg","datePublished":"2026-02-05T09:18:54+00:00","dateModified":"2026-04-13T14:57:33+00:00","description":"Ostsee-Sommertörn \"Perlen des Baltikum\": Segelreise mit dem Segelschiff Eye of the Wind von Tallinn (Estland) nach Riga (Lettland)","breadcrumb":{"@id":"https:\/\/eyeofthewind.net\/produkt\/ostsee-sommertoern-perlen-des-baltikum\/#breadcrumb"},"inLanguage":"en-GB","potentialAction":[{"@type":"ReadAction","target":["https:\/\/eyeofthewind.net\/produkt\/ostsee-sommertoern-perlen-des-baltikum\/"]}]},{"@type":"ImageObject","inLanguage":"en-GB","@id":"https:\/\/eyeofthewind.net\/produkt\/ostsee-sommertoern-perlen-des-baltikum\/#primaryimage","url":"https:\/\/eyeofthewind.net\/wp-content\/uploads\/2026\/02\/IMG_1810klein.jpg","contentUrl":"https:\/\/eyeofthewind.net\/wp-content\/uploads\/2026\/02\/IMG_1810klein.jpg","width":1920,"height":1279,"caption":"Ostsee-Sommertörn: Perlen des Baltikum"},{"@type":"BreadcrumbList","@id":"https:\/\/eyeofthewind.net\/produkt\/ostsee-sommertoern-perlen-des-baltikum\/#breadcrumb","itemListElement":[{"@type":"ListItem","position":1,"name":"Startseite","item":"https:\/\/eyeofthewind.net\/"},{"@type":"ListItem","position":2,"name":"Shop","item":"https:\/\/eyeofthewind.net\/shop\/"},{"@type":"ListItem","position":3,"name":"Ostsee-Sommertörn: Perlen des Baltikum"}]},{"@type":"WebSite","@id":"https:\/\/eyeofthewind.net\/#website","url":"https:\/\/eyeofthewind.net\/","name":"Segelschiff Charter &amp; Reisen - Eye of the Wind","description":"Segelurlaub mit der Eye of the Wind: Segeltörns zwischen Ostsee, Kanaren und Karibik. Jeder kann mitsegeln! Mehr zu Ihrer Segelreise.","publisher":{"@id":"https:\/\/eyeofthewind.net\/#organization"},"potentialAction":[{"@type":"SearchAction","target":{"@type":"EntryPoint","urlTemplate":"https:\/\/eyeofthewind.net\/?s={search_term_string}"},"query-input":{"@type":"PropertyValueSpecification","valueRequired":true,"valueName":"search_term_string"}}],"inLanguage":"en-GB"},{"@type":"Organization","@id":"https:\/\/eyeofthewind.net\/#organization","name":"Segelschiff Charter &amp; Reisen - Eye of the Wind","url":"https:\/\/eyeofthewind.net\/","logo":{"@type":"ImageObject","inLanguage":"en-GB","@id":"https:\/\/eyeofthewind.net\/#\/schema\/logo\/image\/","url":"https:\/\/eyeofthewind.net\/wp-content\/uploads\/2024\/10\/L_Eye_weiss.svg","contentUrl":"https:\/\/eyeofthewind.net\/wp-content\/uploads\/2024\/10\/L_Eye_weiss.svg","width":202,"height":123,"caption":"Segelschiff Charter &amp; Reisen - Eye of the Wind"},"image":{"@id":"https:\/\/eyeofthewind.net\/#\/schema\/logo\/image\/"}}]}</script>
<!-- / Yoast SEO plugin. -->

Ostsee-Sommertörn: Perlen des Baltikum - Segelschiff Charter &amp; Reisen - Eye of the Wind

Ostsee-Sommertörn "Perlen des Baltikum": Segelreise mit dem Segelschiff Eye of the Wind von Tallinn (Estland) nach Riga (Lettland)

Ostsee-Sommertörn: Perlen des Baltikum
