{"id":5984,"date":"2026-02-05T13:54:27","date_gmt":"2026-02-05T12:54:27","guid":{"rendered":"https:\/\/eyeofthewind.net\/?post_type=product&#038;p=5984"},"modified":"2026-04-13T16:58:11","modified_gmt":"2026-04-13T14:58:11","slug":"summer-sailing-on-the-baltic-amber-coast","status":"publish","type":"product","link":"https:\/\/eyeofthewind.net\/en\/produkt\/sommer-segeln-an-der-baltischen-bernsteinkueste\/","title":{"rendered":"Summer sailing along the Baltic Amber Coast"},"content":{"rendered":"<p class=\"translation-block\">Experience a <strong>summer sailing trip from Riga to Gda\u0144sk<\/strong>: this journey takes us along the picturesque Baltic Sea coast from <strong>Latvia's lively capital<\/strong> to the <strong>historic port city of Gda\u0144sk in Poland<\/strong>. Stopovers are possible in the charming Baltic ports of <strong>Ventspils, Liep\u0101ja and Klaip\u0117da<\/strong> or, depending on wind and weather conditions, on the <strong>Swedish island of Gotland<\/strong>. Along the way, we discover sandy beaches and cosy old towns with a maritime atmosphere. During the day, you will have the opportunity to <strong>actively participate in ship operations on deck<\/strong> on a voluntary basis and under the expert guidance of the crew \u2013 <strong>setting the sails, at the helm<\/strong> or looking over the captain's shoulder as he navigates. The route is characterised by a <strong>balanced combination of coastal sailing, relaxation on board and varied shore excursions<\/strong>. Ideal for sailing enthusiasts who want to <strong>experience the diversity of the Baltic coast<\/strong> while enjoying authentic <strong>life on board a sailing ship<\/strong>.<\/p>","protected":false},"excerpt":{"rendered":"<p>Erleben Sie eine sommerliche Seereise unter Segeln von Riga nach Gda\u0144sk: Entlang der malerischen Ostseek\u00fcste f\u00fchrt uns diese Reise von Lettlands lebendiger Hauptstadt bis in die historische Hafenstadt Danzig in Polen. Zwischenstopps sind in den charmanten Ostseeh\u00e4fen Ventspils, Liep\u0101ja und Klaip\u0117da oder \u2013 je nach Wind- und Wetterverh\u00e4ltnissen \u2013 auf der schwedischen Insel Gotland m\u00f6glich. [&hellip;]<\/p>\n","protected":false},"featured_media":5986,"template":"","meta":{"_acf_changed":false,"_vp_format_video_url":"","_vp_image_focal_point":[]},"product_brand":[],"product_cat":[15],"product_tag":[],"class_list":{"0":"post-5984","1":"product","2":"type-product","3":"status-publish","4":"has-post-thumbnail","6":"product_cat-unkategorisiert","8":"first","9":"instock","10":"featured","11":"virtual","12":"purchasable","13":"product-type-simple"},"acf":[],"yoast_head":"<!-- This site is optimized with the Yoast SEO plugin v27.4 - https:\/\/yoast.com\/product\/yoast-seo-wordpress\/ -->\n<title>Sommer-Segeln an der baltischen Bernsteink\u00fcste - Segelschiff Charter &amp; Reisen - Eye of the Wind<\/title>\n<meta name=\"description\" content=\"Sommer-Segeln an der baltischen Bernsteink\u00fcste: Segelreise mit dem Segelschiff Eye of the Wind von Riga (Lettland) nach Gdansk (Polen)\" \/>\n<meta name=\"robots\" content=\"index, follow, max-snippet:-1, max-image-preview:large, max-video-preview:-1\" \/>\n<link rel=\"canonical\" href=\"https:\/\/eyeofthewind.net\/en\/product\/summer-sailing-on-the-baltic-amber-coast\/\" \/>\n<meta property=\"og:locale\" content=\"en_GB\" \/>\n<meta property=\"og:type\" content=\"article\" \/>\n<meta property=\"og:title\" content=\"Sommer-Segeln an der baltischen Bernsteink\u00fcste - Segelschiff Charter &amp; Reisen - Eye of the Wind\" \/>\n<meta property=\"og:description\" content=\"Sommer-Segeln an der baltischen Bernsteink\u00fcste: Segelreise mit dem Segelschiff Eye of the Wind von Riga (Lettland) nach Gdansk (Polen)\" \/>\n<meta property=\"og:url\" content=\"https:\/\/eyeofthewind.net\/en\/product\/summer-sailing-on-the-baltic-amber-coast\/\" \/>\n<meta property=\"og:site_name\" content=\"Segelschiff Charter &amp; Reisen - Eye of the Wind\" \/>\n<meta property=\"article:modified_time\" content=\"2026-04-13T14:58:11+00:00\" \/>\n<meta property=\"og:image\" content=\"https:\/\/eyeofthewind.net\/wp-content\/uploads\/2026\/02\/IMG_5530-k.jpg\" \/>\n\t<meta property=\"og:image:width\" content=\"1024\" \/>\n\t<meta property=\"og:image:height\" content=\"683\" \/>\n\t<meta property=\"og:image:type\" content=\"image\/jpeg\" \/>\n<meta name=\"twitter:card\" content=\"summary_large_image\" \/>\n<meta name=\"twitter:label1\" content=\"Estimated reading time\" \/>\n\t<meta name=\"twitter:data1\" content=\"1 minute\" \/>\n<script type=\"application\/ld+json\" class=\"yoast-schema-graph\">{\"@context\":\"https:\\\/\\\/schema.org\",\"@graph\":[{\"@type\":\"WebPage\",\"@id\":\"https:\\\/\\\/eyeofthewind.net\\\/produkt\\\/sommer-segeln-an-der-baltischen-bernsteinkueste\\\/\",\"url\":\"https:\\\/\\\/eyeofthewind.net\\\/produkt\\\/sommer-segeln-an-der-baltischen-bernsteinkueste\\\/\",\"name\":\"Sommer-Segeln an der baltischen Bernsteink\u00fcste - Segelschiff Charter &amp; Reisen - Eye of the Wind\",\"isPartOf\":{\"@id\":\"https:\\\/\\\/eyeofthewind.net\\\/#website\"},\"primaryImageOfPage\":{\"@id\":\"https:\\\/\\\/eyeofthewind.net\\\/produkt\\\/sommer-segeln-an-der-baltischen-bernsteinkueste\\\/#primaryimage\"},\"image\":{\"@id\":\"https:\\\/\\\/eyeofthewind.net\\\/produkt\\\/sommer-segeln-an-der-baltischen-bernsteinkueste\\\/#primaryimage\"},\"thumbnailUrl\":\"https:\\\/\\\/eyeofthewind.net\\\/wp-content\\\/uploads\\\/2026\\\/02\\\/IMG_5530-k.jpg\",\"datePublished\":\"2026-02-05T12:54:27+00:00\",\"dateModified\":\"2026-04-13T14:58:11+00:00\",\"description\":\"Sommer-Segeln an der baltischen Bernsteink\u00fcste: Segelreise mit dem Segelschiff Eye of the Wind von Riga (Lettland) nach Gdansk (Polen)\",\"breadcrumb\":{\"@id\":\"https:\\\/\\\/eyeofthewind.net\\\/produkt\\\/sommer-segeln-an-der-baltischen-bernsteinkueste\\\/#breadcrumb\"},\"inLanguage\":\"en-GB\",\"potentialAction\":[{\"@type\":\"ReadAction\",\"target\":[\"https:\\\/\\\/eyeofthewind.net\\\/produkt\\\/sommer-segeln-an-der-baltischen-bernsteinkueste\\\/\"]}]},{\"@type\":\"ImageObject\",\"inLanguage\":\"en-GB\",\"@id\":\"https:\\\/\\\/eyeofthewind.net\\\/produkt\\\/sommer-segeln-an-der-baltischen-bernsteinkueste\\\/#primaryimage\",\"url\":\"https:\\\/\\\/eyeofthewind.net\\\/wp-content\\\/uploads\\\/2026\\\/02\\\/IMG_5530-k.jpg\",\"contentUrl\":\"https:\\\/\\\/eyeofthewind.net\\\/wp-content\\\/uploads\\\/2026\\\/02\\\/IMG_5530-k.jpg\",\"width\":1024,\"height\":683,\"caption\":\"Sommer-Segeln an der baltischen Bernsteink\u00fcste\"},{\"@type\":\"BreadcrumbList\",\"@id\":\"https:\\\/\\\/eyeofthewind.net\\\/produkt\\\/sommer-segeln-an-der-baltischen-bernsteinkueste\\\/#breadcrumb\",\"itemListElement\":[{\"@type\":\"ListItem\",\"position\":1,\"name\":\"Startseite\",\"item\":\"https:\\\/\\\/eyeofthewind.net\\\/\"},{\"@type\":\"ListItem\",\"position\":2,\"name\":\"Shop\",\"item\":\"https:\\\/\\\/eyeofthewind.net\\\/shop\\\/\"},{\"@type\":\"ListItem\",\"position\":3,\"name\":\"Sommer-Segeln an der baltischen Bernsteink\u00fcste\"}]},{\"@type\":\"WebSite\",\"@id\":\"https:\\\/\\\/eyeofthewind.net\\\/#website\",\"url\":\"https:\\\/\\\/eyeofthewind.net\\\/\",\"name\":\"Segelschiff Charter &amp; Reisen - Eye of the Wind\",\"description\":\"Segelurlaub mit der Eye of the Wind: Segelt\u00f6rns zwischen Ostsee, Kanaren und Karibik. Jeder kann mitsegeln! Mehr zu Ihrer Segelreise.\",\"publisher\":{\"@id\":\"https:\\\/\\\/eyeofthewind.net\\\/#organization\"},\"potentialAction\":[{\"@type\":\"SearchAction\",\"target\":{\"@type\":\"EntryPoint\",\"urlTemplate\":\"https:\\\/\\\/eyeofthewind.net\\\/?s={search_term_string}\"},\"query-input\":{\"@type\":\"PropertyValueSpecification\",\"valueRequired\":true,\"valueName\":\"search_term_string\"}}],\"inLanguage\":\"en-GB\"},{\"@type\":\"Organization\",\"@id\":\"https:\\\/\\\/eyeofthewind.net\\\/#organization\",\"name\":\"Segelschiff Charter &amp; Reisen - Eye of the Wind\",\"url\":\"https:\\\/\\\/eyeofthewind.net\\\/\",\"logo\":{\"@type\":\"ImageObject\",\"inLanguage\":\"en-GB\",\"@id\":\"https:\\\/\\\/eyeofthewind.net\\\/#\\\/schema\\\/logo\\\/image\\\/\",\"url\":\"https:\\\/\\\/eyeofthewind.net\\\/wp-content\\\/uploads\\\/2024\\\/10\\\/L_Eye_weiss.svg\",\"contentUrl\":\"https:\\\/\\\/eyeofthewind.net\\\/wp-content\\\/uploads\\\/2024\\\/10\\\/L_Eye_weiss.svg\",\"width\":202,\"height\":123,\"caption\":\"Segelschiff Charter &amp; Reisen - Eye of the Wind\"},\"image\":{\"@id\":\"https:\\\/\\\/eyeofthewind.net\\\/#\\\/schema\\\/logo\\\/image\\\/\"}}]}<\/script>\n<!-- \/ Yoast SEO plugin. -->","yoast_head_json":{"title":"Summer sailing on the Baltic Amber Coast - Sailboat Charter &amp; Travelling - Eye of the Wind","description":"Summer sailing on the Baltic Amber Coast: sailing trip with the sailing ship Eye of the Wind from Riga (Latvia) to Gdansk (Poland)","robots":{"index":"index","follow":"follow","max-snippet":"max-snippet:-1","max-image-preview":"max-image-preview:large","max-video-preview":"max-video-preview:-1"},"canonical":"https:\/\/eyeofthewind.net\/en\/product\/summer-sailing-on-the-baltic-amber-coast\/","og_locale":"en_GB","og_type":"article","og_title":"Sommer-Segeln an der baltischen Bernsteink\u00fcste - Segelschiff Charter &amp; Reisen - Eye of the Wind","og_description":"Sommer-Segeln an der baltischen Bernsteink\u00fcste: Segelreise mit dem Segelschiff Eye of the Wind von Riga (Lettland) nach Gdansk (Polen)","og_url":"https:\/\/eyeofthewind.net\/en\/product\/summer-sailing-on-the-baltic-amber-coast\/","og_site_name":"Segelschiff Charter &amp; Reisen - Eye of the Wind","article_modified_time":"2026-04-13T14:58:11+00:00","og_image":[{"width":1024,"height":683,"url":"https:\/\/eyeofthewind.net\/wp-content\/uploads\/2026\/02\/IMG_5530-k.jpg","type":"image\/jpeg"}],"twitter_card":"summary_large_image","twitter_misc":{"Estimated reading time":"1 minute"},"schema":{"@context":"https:\/\/schema.org","@graph":[{"@type":"WebPage","@id":"https:\/\/eyeofthewind.net\/produkt\/sommer-segeln-an-der-baltischen-bernsteinkueste\/","url":"https:\/\/eyeofthewind.net\/produkt\/sommer-segeln-an-der-baltischen-bernsteinkueste\/","name":"Summer sailing on the Baltic Amber Coast - Sailboat Charter &amp; Travelling - Eye of the Wind","isPartOf":{"@id":"https:\/\/eyeofthewind.net\/#website"},"primaryImageOfPage":{"@id":"https:\/\/eyeofthewind.net\/produkt\/sommer-segeln-an-der-baltischen-bernsteinkueste\/#primaryimage"},"image":{"@id":"https:\/\/eyeofthewind.net\/produkt\/sommer-segeln-an-der-baltischen-bernsteinkueste\/#primaryimage"},"thumbnailUrl":"https:\/\/eyeofthewind.net\/wp-content\/uploads\/2026\/02\/IMG_5530-k.jpg","datePublished":"2026-02-05T12:54:27+00:00","dateModified":"2026-04-13T14:58:11+00:00","description":"Summer sailing on the Baltic Amber Coast: sailing trip with the sailing ship Eye of the Wind from Riga (Latvia) to Gdansk (Poland)","breadcrumb":{"@id":"https:\/\/eyeofthewind.net\/produkt\/sommer-segeln-an-der-baltischen-bernsteinkueste\/#breadcrumb"},"inLanguage":"en-GB","potentialAction":[{"@type":"ReadAction","target":["https:\/\/eyeofthewind.net\/produkt\/sommer-segeln-an-der-baltischen-bernsteinkueste\/"]}]},{"@type":"ImageObject","inLanguage":"en-GB","@id":"https:\/\/eyeofthewind.net\/produkt\/sommer-segeln-an-der-baltischen-bernsteinkueste\/#primaryimage","url":"https:\/\/eyeofthewind.net\/wp-content\/uploads\/2026\/02\/IMG_5530-k.jpg","contentUrl":"https:\/\/eyeofthewind.net\/wp-content\/uploads\/2026\/02\/IMG_5530-k.jpg","width":1024,"height":683,"caption":"Sommer-Segeln an der baltischen Bernsteink\u00fcste"},{"@type":"BreadcrumbList","@id":"https:\/\/eyeofthewind.net\/produkt\/sommer-segeln-an-der-baltischen-bernsteinkueste\/#breadcrumb","itemListElement":[{"@type":"ListItem","position":1,"name":"Startseite","item":"https:\/\/eyeofthewind.net\/"},{"@type":"ListItem","position":2,"name":"Shop","item":"https:\/\/eyeofthewind.net\/shop\/"},{"@type":"ListItem","position":3,"name":"Sommer-Segeln an der baltischen Bernsteink\u00fcste"}]},{"@type":"WebSite","@id":"https:\/\/eyeofthewind.net\/#website","url":"https:\/\/eyeofthewind.net\/","name":"Sailing Ship Charter &amp; Travelling - Eye of the Wind","description":"Sailing holidays with the Eye of the Wind: sailing trips between the Baltic Sea, Canary Islands and Caribbean. Anyone can sail with us! More about your sailing holiday.","publisher":{"@id":"https:\/\/eyeofthewind.net\/#organization"},"potentialAction":[{"@type":"SearchAction","target":{"@type":"EntryPoint","urlTemplate":"https:\/\/eyeofthewind.net\/?s={search_term_string}"},"query-input":{"@type":"PropertyValueSpecification","valueRequired":true,"valueName":"search_term_string"}}],"inLanguage":"en-GB"},{"@type":"Organization","@id":"https:\/\/eyeofthewind.net\/#organization","name":"Sailing Ship Charter &amp; Travelling - Eye of the Wind","url":"https:\/\/eyeofthewind.net\/","logo":{"@type":"ImageObject","inLanguage":"en-GB","@id":"https:\/\/eyeofthewind.net\/#\/schema\/logo\/image\/","url":"https:\/\/eyeofthewind.net\/wp-content\/uploads\/2024\/10\/L_Eye_weiss.svg","contentUrl":"https:\/\/eyeofthewind.net\/wp-content\/uploads\/2024\/10\/L_Eye_weiss.svg","width":202,"height":123,"caption":"Segelschiff Charter &amp; Reisen - Eye of the Wind"},"image":{"@id":"https:\/\/eyeofthewind.net\/#\/schema\/logo\/image\/"}}]}},"_links":{"self":[{"href":"https:\/\/eyeofthewind.net\/en\/wp-json\/wp\/v2\/product\/5984","targetHints":{"allow":["GET"]}}],"collection":[{"href":"https:\/\/eyeofthewind.net\/en\/wp-json\/wp\/v2\/product"}],"about":[{"href":"https:\/\/eyeofthewind.net\/en\/wp-json\/wp\/v2\/types\/product"}],"wp:featuredmedia":[{"embeddable":true,"href":"https:\/\/eyeofthewind.net\/en\/wp-json\/wp\/v2\/media\/5986"}],"wp:attachment":[{"href":"https:\/\/eyeofthewind.net\/en\/wp-json\/wp\/v2\/media?parent=5984"}],"wp:term":[{"taxonomy":"product_brand","embeddable":true,"href":"https:\/\/eyeofthewind.net\/en\/wp-json\/wp\/v2\/product_brand?post=5984"},{"taxonomy":"product_cat","embeddable":true,"href":"https:\/\/eyeofthewind.net\/en\/wp-json\/wp\/v2\/product_cat?post=5984"},{"taxonomy":"product_tag","embeddable":true,"href":"https:\/\/eyeofthewind.net\/en\/wp-json\/wp\/v2\/product_tag?post=5984"}],"curies":[{"name":"wp","href":"https:\/\/api.w.org\/{rel}","templated":true}]}}

<p class="translation-block">Experience a <strong>summer sailing trip from Riga to Gdańsk</strong>: this journey takes us along the picturesque Baltic Sea coast from <strong>Latvia's lively capital</strong> to the <strong>historic port city of Gdańsk in Poland</strong>. Stopovers are possible in the charming Baltic ports of <strong>Ventspils, Liepāja and Klaipėda</strong> or, depending on wind and weather conditions, on the <strong>Swedish island of Gotland</strong>. Along the way, we discover sandy beaches and cosy old towns with a maritime atmosphere. During the day, you will have the opportunity to <strong>actively participate in ship operations on deck</strong> on a voluntary basis and under the expert guidance of the crew – <strong>setting the sails, at the helm</strong> or looking over the captain's shoulder as he navigates. The route is characterised by a <strong>balanced combination of coastal sailing, relaxation on board and varied shore excursions</strong>. Ideal for sailing enthusiasts who want to <strong>experience the diversity of the Baltic coast</strong> while enjoying authentic <strong>life on board a sailing ship</strong>.</p>

<p>Erleben Sie eine sommerliche Seereise unter Segeln von Riga nach Gdańsk: Entlang der malerischen Ostseeküste führt uns diese Reise von Lettlands lebendiger Hauptstadt bis in die historische Hafenstadt Danzig in Polen. Zwischenstopps sind in den charmanten Ostseehäfen Ventspils, Liepāja und Klaipėda oder – je nach Wind- und Wetterverhältnissen – auf der schwedischen Insel Gotland möglich. [&hellip;]</p>

<!-- This site is optimized with the Yoast SEO plugin v27.4 - https://yoast.com/product/yoast-seo-wordpress/ -->
<title>Sommer-Segeln an der baltischen Bernsteinküste - Segelschiff Charter &amp; Reisen - Eye of the Wind</title>
<meta name="description" content="Sommer-Segeln an der baltischen Bernsteinküste: Segelreise mit dem Segelschiff Eye of the Wind von Riga (Lettland) nach Gdansk (Polen)" />
<meta name="robots" content="index, follow, max-snippet:-1, max-image-preview:large, max-video-preview:-1" />
<link rel="canonical" href="https://eyeofthewind.net/en/product/summer-sailing-on-the-baltic-amber-coast/" />
<meta property="og:locale" content="en_GB" />
<meta property="og:type" content="article" />
<meta property="og:title" content="Sommer-Segeln an der baltischen Bernsteinküste - Segelschiff Charter &amp; Reisen - Eye of the Wind" />
<meta property="og:description" content="Sommer-Segeln an der baltischen Bernsteinküste: Segelreise mit dem Segelschiff Eye of the Wind von Riga (Lettland) nach Gdansk (Polen)" />
<meta property="og:url" content="https://eyeofthewind.net/en/product/summer-sailing-on-the-baltic-amber-coast/" />
<meta property="og:site_name" content="Segelschiff Charter &amp; Reisen - Eye of the Wind" />
<meta property="article:modified_time" content="2026-04-13T14:58:11+00:00" />
<meta property="og:image" content="https://eyeofthewind.net/wp-content/uploads/2026/02/IMG_5530-k.jpg" />
	<meta property="og:image:width" content="1024" />
	<meta property="og:image:height" content="683" />
	<meta property="og:image:type" content="image/jpeg" />
<meta name="twitter:card" content="summary_large_image" />
<meta name="twitter:label1" content="Estimated reading time" />
	<meta name="twitter:data1" content="1 minute" />
<script type="application/ld+json" class="yoast-schema-graph">{"@context":"https:\/\/schema.org","@graph":[{"@type":"WebPage","@id":"https:\/\/eyeofthewind.net\/produkt\/sommer-segeln-an-der-baltischen-bernsteinkueste\/","url":"https:\/\/eyeofthewind.net\/produkt\/sommer-segeln-an-der-baltischen-bernsteinkueste\/","name":"Sommer-Segeln an der baltischen Bernsteinküste - Segelschiff Charter &amp; Reisen - Eye of the Wind","isPartOf":{"@id":"https:\/\/eyeofthewind.net\/#website"},"primaryImageOfPage":{"@id":"https:\/\/eyeofthewind.net\/produkt\/sommer-segeln-an-der-baltischen-bernsteinkueste\/#primaryimage"},"image":{"@id":"https:\/\/eyeofthewind.net\/produkt\/sommer-segeln-an-der-baltischen-bernsteinkueste\/#primaryimage"},"thumbnailUrl":"https:\/\/eyeofthewind.net\/wp-content\/uploads\/2026\/02\/IMG_5530-k.jpg","datePublished":"2026-02-05T12:54:27+00:00","dateModified":"2026-04-13T14:58:11+00:00","description":"Sommer-Segeln an der baltischen Bernsteinküste: Segelreise mit dem Segelschiff Eye of the Wind von Riga (Lettland) nach Gdansk (Polen)","breadcrumb":{"@id":"https:\/\/eyeofthewind.net\/produkt\/sommer-segeln-an-der-baltischen-bernsteinkueste\/#breadcrumb"},"inLanguage":"en-GB","potentialAction":[{"@type":"ReadAction","target":["https:\/\/eyeofthewind.net\/produkt\/sommer-segeln-an-der-baltischen-bernsteinkueste\/"]}]},{"@type":"ImageObject","inLanguage":"en-GB","@id":"https:\/\/eyeofthewind.net\/produkt\/sommer-segeln-an-der-baltischen-bernsteinkueste\/#primaryimage","url":"https:\/\/eyeofthewind.net\/wp-content\/uploads\/2026\/02\/IMG_5530-k.jpg","contentUrl":"https:\/\/eyeofthewind.net\/wp-content\/uploads\/2026\/02\/IMG_5530-k.jpg","width":1024,"height":683,"caption":"Sommer-Segeln an der baltischen Bernsteinküste"},{"@type":"BreadcrumbList","@id":"https:\/\/eyeofthewind.net\/produkt\/sommer-segeln-an-der-baltischen-bernsteinkueste\/#breadcrumb","itemListElement":[{"@type":"ListItem","position":1,"name":"Startseite","item":"https:\/\/eyeofthewind.net\/"},{"@type":"ListItem","position":2,"name":"Shop","item":"https:\/\/eyeofthewind.net\/shop\/"},{"@type":"ListItem","position":3,"name":"Sommer-Segeln an der baltischen Bernsteinküste"}]},{"@type":"WebSite","@id":"https:\/\/eyeofthewind.net\/#website","url":"https:\/\/eyeofthewind.net\/","name":"Segelschiff Charter &amp; Reisen - Eye of the Wind","description":"Segelurlaub mit der Eye of the Wind: Segeltörns zwischen Ostsee, Kanaren und Karibik. Jeder kann mitsegeln! Mehr zu Ihrer Segelreise.","publisher":{"@id":"https:\/\/eyeofthewind.net\/#organization"},"potentialAction":[{"@type":"SearchAction","target":{"@type":"EntryPoint","urlTemplate":"https:\/\/eyeofthewind.net\/?s={search_term_string}"},"query-input":{"@type":"PropertyValueSpecification","valueRequired":true,"valueName":"search_term_string"}}],"inLanguage":"en-GB"},{"@type":"Organization","@id":"https:\/\/eyeofthewind.net\/#organization","name":"Segelschiff Charter &amp; Reisen - Eye of the Wind","url":"https:\/\/eyeofthewind.net\/","logo":{"@type":"ImageObject","inLanguage":"en-GB","@id":"https:\/\/eyeofthewind.net\/#\/schema\/logo\/image\/","url":"https:\/\/eyeofthewind.net\/wp-content\/uploads\/2024\/10\/L_Eye_weiss.svg","contentUrl":"https:\/\/eyeofthewind.net\/wp-content\/uploads\/2024\/10\/L_Eye_weiss.svg","width":202,"height":123,"caption":"Segelschiff Charter &amp; Reisen - Eye of the Wind"},"image":{"@id":"https:\/\/eyeofthewind.net\/#\/schema\/logo\/image\/"}}]}</script>
<!-- / Yoast SEO plugin. -->

Sommer-Segeln an der baltischen Bernsteinküste - Segelschiff Charter &amp; Reisen - Eye of the Wind

Sommer-Segeln an der baltischen Bernsteinküste: Segelreise mit dem Segelschiff Eye of the Wind von Riga (Lettland) nach Gdansk (Polen)

Sommer-Segeln an der baltischen Bernsteinküste
