{"id":6093,"date":"2026-02-26T09:29:19","date_gmt":"2026-02-26T08:29:19","guid":{"rendered":"https:\/\/eyeofthewind.net\/?post_type=product&#038;p=6093"},"modified":"2026-03-24T11:57:19","modified_gmt":"2026-03-24T10:57:19","slug":"water-world-between-western-pomerania-and-southern-sweden","status":"publish","type":"product","link":"https:\/\/eyeofthewind.net\/en\/produkt\/wasserwelt-zwischen-westpommern-und-suedschweden\/","title":{"rendered":"Between West Pomerania and southern Sweden"},"content":{"rendered":"<p class=\"translation-block\">This <strong>Baltic Sea trip<\/strong> begins in the port city of <strong>Gda\u0144sk<\/strong>. At a leisurely cruising speed, we leave Gda\u0144sk Bay and set course for the <strong>Danish island of Bornholm<\/strong>. Depending on the itinerary and wind direction, optional <strong>stopovers with shore leave<\/strong> are possible, for example in the Swedish port of Ystad, in the traditional sailing town of Greifswald, or in Sassnitz on R\u00fcgen. The journey ends in the southern Arkona Sea, with our destination port being the <strong>beautiful Hanseatic city of Stralsund<\/strong>. Sailing experiences, <strong>relaxation and nature impressions<\/strong> off the coasts of the Polish, Swedish and German Baltic Sea region: the vastness of the sea and the gentle sound of the waves against the hull are the best <strong>ingredients for a relaxing holiday experience<\/strong>!<\/p>","protected":false},"excerpt":{"rendered":"<p>Dieser Ostsee-T\u00f6rn beginnt in der Hafenstadt Danzig. In gem\u00fctlicher Reisegeschwindigkeit verlassen wir die Danziger Bucht und nehmen Kurs auf die d\u00e4nische Insel Bornholm. Je nach Reiseverlauf und in Abh\u00e4ngigkeit von der Windrichtung sind optionale Zwischenstopps mit Landgang m\u00f6glich, etwa im schwedischen Hafen Ystad, in der landeinw\u00e4rts gelegenen Traditionssegler-Stadt Greifswald oder in Sassnitz auf R\u00fcgen. Die [&hellip;]<\/p>\n","protected":false},"featured_media":6094,"template":"","meta":{"_acf_changed":false,"_vp_format_video_url":"","_vp_image_focal_point":[]},"product_brand":[],"product_cat":[15],"product_tag":[],"class_list":{"0":"post-6093","1":"product","2":"type-product","3":"status-publish","4":"has-post-thumbnail","6":"product_cat-unkategorisiert","8":"first","9":"instock","10":"featured","11":"virtual","12":"taxable","13":"purchasable","14":"product-type-simple"},"acf":[],"yoast_head":"<!-- This site is optimized with the Yoast SEO plugin v27.4 - https:\/\/yoast.com\/product\/yoast-seo-wordpress\/ -->\n<title>Wasserwelt zwischen Westpommern und S\u00fcdschweden - Segelschiff Charter &amp; Reisen - Eye of the Wind<\/title>\n<meta name=\"description\" content=\"Wasserwelt zwischen Westpommern und S\u00fcdschweden: Segelreise mit dem Segelschiff Eye of the Wind von Gdansk (Polen) nach Stralsund (Deutschland)\" \/>\n<meta name=\"robots\" content=\"index, follow, max-snippet:-1, max-image-preview:large, max-video-preview:-1\" \/>\n<link rel=\"canonical\" href=\"https:\/\/eyeofthewind.net\/en\/product\/water-world-between-western-pomerania-and-southern-sweden\/\" \/>\n<meta property=\"og:locale\" content=\"en_GB\" \/>\n<meta property=\"og:type\" content=\"article\" \/>\n<meta property=\"og:title\" content=\"Wasserwelt zwischen Westpommern und S\u00fcdschweden - Segelschiff Charter &amp; Reisen - Eye of the Wind\" \/>\n<meta property=\"og:description\" content=\"Wasserwelt zwischen Westpommern und S\u00fcdschweden: Segelreise mit dem Segelschiff Eye of the Wind von Gdansk (Polen) nach Stralsund (Deutschland)\" \/>\n<meta property=\"og:url\" content=\"https:\/\/eyeofthewind.net\/en\/product\/water-world-between-western-pomerania-and-southern-sweden\/\" \/>\n<meta property=\"og:site_name\" content=\"Segelschiff Charter &amp; Reisen - Eye of the Wind\" \/>\n<meta property=\"article:modified_time\" content=\"2026-03-24T10:57:19+00:00\" \/>\n<meta property=\"og:image\" content=\"https:\/\/eyeofthewind.net\/wp-content\/uploads\/2026\/02\/DSC_4167_edited-scaled.jpg\" \/>\n\t<meta property=\"og:image:width\" content=\"2560\" \/>\n\t<meta property=\"og:image:height\" content=\"1709\" \/>\n\t<meta property=\"og:image:type\" content=\"image\/jpeg\" \/>\n<meta name=\"twitter:card\" content=\"summary_large_image\" \/>\n<meta name=\"twitter:label1\" content=\"Estimated reading time\" \/>\n\t<meta name=\"twitter:data1\" content=\"1 minute\" \/>\n<script type=\"application\/ld+json\" class=\"yoast-schema-graph\">{\"@context\":\"https:\\\/\\\/schema.org\",\"@graph\":[{\"@type\":\"WebPage\",\"@id\":\"https:\\\/\\\/eyeofthewind.net\\\/produkt\\\/wasserwelt-zwischen-westpommern-und-suedschweden\\\/\",\"url\":\"https:\\\/\\\/eyeofthewind.net\\\/produkt\\\/wasserwelt-zwischen-westpommern-und-suedschweden\\\/\",\"name\":\"Wasserwelt zwischen Westpommern und S\u00fcdschweden - Segelschiff Charter &amp; Reisen - Eye of the Wind\",\"isPartOf\":{\"@id\":\"https:\\\/\\\/eyeofthewind.net\\\/#website\"},\"primaryImageOfPage\":{\"@id\":\"https:\\\/\\\/eyeofthewind.net\\\/produkt\\\/wasserwelt-zwischen-westpommern-und-suedschweden\\\/#primaryimage\"},\"image\":{\"@id\":\"https:\\\/\\\/eyeofthewind.net\\\/produkt\\\/wasserwelt-zwischen-westpommern-und-suedschweden\\\/#primaryimage\"},\"thumbnailUrl\":\"https:\\\/\\\/eyeofthewind.net\\\/wp-content\\\/uploads\\\/2026\\\/02\\\/DSC_4167_edited-scaled.jpg\",\"datePublished\":\"2026-02-26T08:29:19+00:00\",\"dateModified\":\"2026-03-24T10:57:19+00:00\",\"description\":\"Wasserwelt zwischen Westpommern und S\u00fcdschweden: Segelreise mit dem Segelschiff Eye of the Wind von Gdansk (Polen) nach Stralsund (Deutschland)\",\"breadcrumb\":{\"@id\":\"https:\\\/\\\/eyeofthewind.net\\\/produkt\\\/wasserwelt-zwischen-westpommern-und-suedschweden\\\/#breadcrumb\"},\"inLanguage\":\"en-GB\",\"potentialAction\":[{\"@type\":\"ReadAction\",\"target\":[\"https:\\\/\\\/eyeofthewind.net\\\/produkt\\\/wasserwelt-zwischen-westpommern-und-suedschweden\\\/\"]}]},{\"@type\":\"ImageObject\",\"inLanguage\":\"en-GB\",\"@id\":\"https:\\\/\\\/eyeofthewind.net\\\/produkt\\\/wasserwelt-zwischen-westpommern-und-suedschweden\\\/#primaryimage\",\"url\":\"https:\\\/\\\/eyeofthewind.net\\\/wp-content\\\/uploads\\\/2026\\\/02\\\/DSC_4167_edited-scaled.jpg\",\"contentUrl\":\"https:\\\/\\\/eyeofthewind.net\\\/wp-content\\\/uploads\\\/2026\\\/02\\\/DSC_4167_edited-scaled.jpg\",\"width\":2560,\"height\":1709,\"caption\":\"Wasserwelt zwischen Westpommern und S\u00fcdschweden\"},{\"@type\":\"BreadcrumbList\",\"@id\":\"https:\\\/\\\/eyeofthewind.net\\\/produkt\\\/wasserwelt-zwischen-westpommern-und-suedschweden\\\/#breadcrumb\",\"itemListElement\":[{\"@type\":\"ListItem\",\"position\":1,\"name\":\"Startseite\",\"item\":\"https:\\\/\\\/eyeofthewind.net\\\/\"},{\"@type\":\"ListItem\",\"position\":2,\"name\":\"Shop\",\"item\":\"https:\\\/\\\/eyeofthewind.net\\\/shop\\\/\"},{\"@type\":\"ListItem\",\"position\":3,\"name\":\"Wasserwelt zwischen Westpommern und S\u00fcdschweden\"}]},{\"@type\":\"WebSite\",\"@id\":\"https:\\\/\\\/eyeofthewind.net\\\/#website\",\"url\":\"https:\\\/\\\/eyeofthewind.net\\\/\",\"name\":\"Segelschiff Charter &amp; Reisen - Eye of the Wind\",\"description\":\"Segelurlaub mit der Eye of the Wind: Segelt\u00f6rns zwischen Ostsee, Kanaren und Karibik. Jeder kann mitsegeln! Mehr zu Ihrer Segelreise.\",\"publisher\":{\"@id\":\"https:\\\/\\\/eyeofthewind.net\\\/#organization\"},\"potentialAction\":[{\"@type\":\"SearchAction\",\"target\":{\"@type\":\"EntryPoint\",\"urlTemplate\":\"https:\\\/\\\/eyeofthewind.net\\\/?s={search_term_string}\"},\"query-input\":{\"@type\":\"PropertyValueSpecification\",\"valueRequired\":true,\"valueName\":\"search_term_string\"}}],\"inLanguage\":\"en-GB\"},{\"@type\":\"Organization\",\"@id\":\"https:\\\/\\\/eyeofthewind.net\\\/#organization\",\"name\":\"Segelschiff Charter &amp; Reisen - Eye of the Wind\",\"url\":\"https:\\\/\\\/eyeofthewind.net\\\/\",\"logo\":{\"@type\":\"ImageObject\",\"inLanguage\":\"en-GB\",\"@id\":\"https:\\\/\\\/eyeofthewind.net\\\/#\\\/schema\\\/logo\\\/image\\\/\",\"url\":\"https:\\\/\\\/eyeofthewind.net\\\/wp-content\\\/uploads\\\/2024\\\/10\\\/L_Eye_weiss.svg\",\"contentUrl\":\"https:\\\/\\\/eyeofthewind.net\\\/wp-content\\\/uploads\\\/2024\\\/10\\\/L_Eye_weiss.svg\",\"width\":202,\"height\":123,\"caption\":\"Segelschiff Charter &amp; Reisen - Eye of the Wind\"},\"image\":{\"@id\":\"https:\\\/\\\/eyeofthewind.net\\\/#\\\/schema\\\/logo\\\/image\\\/\"}}]}<\/script>\n<!-- \/ Yoast SEO plugin. -->","yoast_head_json":{"title":"Water world between West Pomerania and southern Sweden - Sailboat Charter &amp; Travel - Eye of the Wind","description":"Water world between West Pomerania and southern Sweden: Sailing trip with the sailing ship Eye of the Wind from Gdansk (Poland) to Stralsund (Germany)","robots":{"index":"index","follow":"follow","max-snippet":"max-snippet:-1","max-image-preview":"max-image-preview:large","max-video-preview":"max-video-preview:-1"},"canonical":"https:\/\/eyeofthewind.net\/en\/product\/water-world-between-western-pomerania-and-southern-sweden\/","og_locale":"en_GB","og_type":"article","og_title":"Wasserwelt zwischen Westpommern und S\u00fcdschweden - Segelschiff Charter &amp; Reisen - Eye of the Wind","og_description":"Wasserwelt zwischen Westpommern und S\u00fcdschweden: Segelreise mit dem Segelschiff Eye of the Wind von Gdansk (Polen) nach Stralsund (Deutschland)","og_url":"https:\/\/eyeofthewind.net\/en\/product\/water-world-between-western-pomerania-and-southern-sweden\/","og_site_name":"Segelschiff Charter &amp; Reisen - Eye of the Wind","article_modified_time":"2026-03-24T10:57:19+00:00","og_image":[{"width":2560,"height":1709,"url":"https:\/\/eyeofthewind.net\/wp-content\/uploads\/2026\/02\/DSC_4167_edited-scaled.jpg","type":"image\/jpeg"}],"twitter_card":"summary_large_image","twitter_misc":{"Estimated reading time":"1 minute"},"schema":{"@context":"https:\/\/schema.org","@graph":[{"@type":"WebPage","@id":"https:\/\/eyeofthewind.net\/produkt\/wasserwelt-zwischen-westpommern-und-suedschweden\/","url":"https:\/\/eyeofthewind.net\/produkt\/wasserwelt-zwischen-westpommern-und-suedschweden\/","name":"Water world between West Pomerania and southern Sweden - Sailboat Charter &amp; Travel - Eye of the Wind","isPartOf":{"@id":"https:\/\/eyeofthewind.net\/#website"},"primaryImageOfPage":{"@id":"https:\/\/eyeofthewind.net\/produkt\/wasserwelt-zwischen-westpommern-und-suedschweden\/#primaryimage"},"image":{"@id":"https:\/\/eyeofthewind.net\/produkt\/wasserwelt-zwischen-westpommern-und-suedschweden\/#primaryimage"},"thumbnailUrl":"https:\/\/eyeofthewind.net\/wp-content\/uploads\/2026\/02\/DSC_4167_edited-scaled.jpg","datePublished":"2026-02-26T08:29:19+00:00","dateModified":"2026-03-24T10:57:19+00:00","description":"Water world between West Pomerania and southern Sweden: Sailing trip with the sailing ship Eye of the Wind from Gdansk (Poland) to Stralsund (Germany)","breadcrumb":{"@id":"https:\/\/eyeofthewind.net\/produkt\/wasserwelt-zwischen-westpommern-und-suedschweden\/#breadcrumb"},"inLanguage":"en-GB","potentialAction":[{"@type":"ReadAction","target":["https:\/\/eyeofthewind.net\/produkt\/wasserwelt-zwischen-westpommern-und-suedschweden\/"]}]},{"@type":"ImageObject","inLanguage":"en-GB","@id":"https:\/\/eyeofthewind.net\/produkt\/wasserwelt-zwischen-westpommern-und-suedschweden\/#primaryimage","url":"https:\/\/eyeofthewind.net\/wp-content\/uploads\/2026\/02\/DSC_4167_edited-scaled.jpg","contentUrl":"https:\/\/eyeofthewind.net\/wp-content\/uploads\/2026\/02\/DSC_4167_edited-scaled.jpg","width":2560,"height":1709,"caption":"Wasserwelt zwischen Westpommern und S\u00fcdschweden"},{"@type":"BreadcrumbList","@id":"https:\/\/eyeofthewind.net\/produkt\/wasserwelt-zwischen-westpommern-und-suedschweden\/#breadcrumb","itemListElement":[{"@type":"ListItem","position":1,"name":"Startseite","item":"https:\/\/eyeofthewind.net\/"},{"@type":"ListItem","position":2,"name":"Shop","item":"https:\/\/eyeofthewind.net\/shop\/"},{"@type":"ListItem","position":3,"name":"Wasserwelt zwischen Westpommern und S\u00fcdschweden"}]},{"@type":"WebSite","@id":"https:\/\/eyeofthewind.net\/#website","url":"https:\/\/eyeofthewind.net\/","name":"Sailing Ship Charter &amp; Travelling - Eye of the Wind","description":"Sailing holidays with the Eye of the Wind: sailing trips between the Baltic Sea, Canary Islands and Caribbean. Anyone can sail with us! More about your sailing holiday.","publisher":{"@id":"https:\/\/eyeofthewind.net\/#organization"},"potentialAction":[{"@type":"SearchAction","target":{"@type":"EntryPoint","urlTemplate":"https:\/\/eyeofthewind.net\/?s={search_term_string}"},"query-input":{"@type":"PropertyValueSpecification","valueRequired":true,"valueName":"search_term_string"}}],"inLanguage":"en-GB"},{"@type":"Organization","@id":"https:\/\/eyeofthewind.net\/#organization","name":"Sailing Ship Charter &amp; Travelling - Eye of the Wind","url":"https:\/\/eyeofthewind.net\/","logo":{"@type":"ImageObject","inLanguage":"en-GB","@id":"https:\/\/eyeofthewind.net\/#\/schema\/logo\/image\/","url":"https:\/\/eyeofthewind.net\/wp-content\/uploads\/2024\/10\/L_Eye_weiss.svg","contentUrl":"https:\/\/eyeofthewind.net\/wp-content\/uploads\/2024\/10\/L_Eye_weiss.svg","width":202,"height":123,"caption":"Segelschiff Charter &amp; Reisen - Eye of the Wind"},"image":{"@id":"https:\/\/eyeofthewind.net\/#\/schema\/logo\/image\/"}}]}},"_links":{"self":[{"href":"https:\/\/eyeofthewind.net\/en\/wp-json\/wp\/v2\/product\/6093","targetHints":{"allow":["GET"]}}],"collection":[{"href":"https:\/\/eyeofthewind.net\/en\/wp-json\/wp\/v2\/product"}],"about":[{"href":"https:\/\/eyeofthewind.net\/en\/wp-json\/wp\/v2\/types\/product"}],"wp:featuredmedia":[{"embeddable":true,"href":"https:\/\/eyeofthewind.net\/en\/wp-json\/wp\/v2\/media\/6094"}],"wp:attachment":[{"href":"https:\/\/eyeofthewind.net\/en\/wp-json\/wp\/v2\/media?parent=6093"}],"wp:term":[{"taxonomy":"product_brand","embeddable":true,"href":"https:\/\/eyeofthewind.net\/en\/wp-json\/wp\/v2\/product_brand?post=6093"},{"taxonomy":"product_cat","embeddable":true,"href":"https:\/\/eyeofthewind.net\/en\/wp-json\/wp\/v2\/product_cat?post=6093"},{"taxonomy":"product_tag","embeddable":true,"href":"https:\/\/eyeofthewind.net\/en\/wp-json\/wp\/v2\/product_tag?post=6093"}],"curies":[{"name":"wp","href":"https:\/\/api.w.org\/{rel}","templated":true}]}}

<p class="translation-block">This <strong>Baltic Sea trip</strong> begins in the port city of <strong>Gdańsk</strong>. At a leisurely cruising speed, we leave Gdańsk Bay and set course for the <strong>Danish island of Bornholm</strong>. Depending on the itinerary and wind direction, optional <strong>stopovers with shore leave</strong> are possible, for example in the Swedish port of Ystad, in the traditional sailing town of Greifswald, or in Sassnitz on Rügen. The journey ends in the southern Arkona Sea, with our destination port being the <strong>beautiful Hanseatic city of Stralsund</strong>. Sailing experiences, <strong>relaxation and nature impressions</strong> off the coasts of the Polish, Swedish and German Baltic Sea region: the vastness of the sea and the gentle sound of the waves against the hull are the best <strong>ingredients for a relaxing holiday experience</strong>!</p>

<p>Dieser Ostsee-Törn beginnt in der Hafenstadt Danzig. In gemütlicher Reisegeschwindigkeit verlassen wir die Danziger Bucht und nehmen Kurs auf die dänische Insel Bornholm. Je nach Reiseverlauf und in Abhängigkeit von der Windrichtung sind optionale Zwischenstopps mit Landgang möglich, etwa im schwedischen Hafen Ystad, in der landeinwärts gelegenen Traditionssegler-Stadt Greifswald oder in Sassnitz auf Rügen. Die [&hellip;]</p>

<!-- This site is optimized with the Yoast SEO plugin v27.4 - https://yoast.com/product/yoast-seo-wordpress/ -->
<title>Wasserwelt zwischen Westpommern und Südschweden - Segelschiff Charter &amp; Reisen - Eye of the Wind</title>
<meta name="description" content="Wasserwelt zwischen Westpommern und Südschweden: Segelreise mit dem Segelschiff Eye of the Wind von Gdansk (Polen) nach Stralsund (Deutschland)" />
<meta name="robots" content="index, follow, max-snippet:-1, max-image-preview:large, max-video-preview:-1" />
<link rel="canonical" href="https://eyeofthewind.net/en/product/water-world-between-western-pomerania-and-southern-sweden/" />
<meta property="og:locale" content="en_GB" />
<meta property="og:type" content="article" />
<meta property="og:title" content="Wasserwelt zwischen Westpommern und Südschweden - Segelschiff Charter &amp; Reisen - Eye of the Wind" />
<meta property="og:description" content="Wasserwelt zwischen Westpommern und Südschweden: Segelreise mit dem Segelschiff Eye of the Wind von Gdansk (Polen) nach Stralsund (Deutschland)" />
<meta property="og:url" content="https://eyeofthewind.net/en/product/water-world-between-western-pomerania-and-southern-sweden/" />
<meta property="og:site_name" content="Segelschiff Charter &amp; Reisen - Eye of the Wind" />
<meta property="article:modified_time" content="2026-03-24T10:57:19+00:00" />
<meta property="og:image" content="https://eyeofthewind.net/wp-content/uploads/2026/02/DSC_4167_edited-scaled.jpg" />
	<meta property="og:image:width" content="2560" />
	<meta property="og:image:height" content="1709" />
	<meta property="og:image:type" content="image/jpeg" />
<meta name="twitter:card" content="summary_large_image" />
<meta name="twitter:label1" content="Estimated reading time" />
	<meta name="twitter:data1" content="1 minute" />
<script type="application/ld+json" class="yoast-schema-graph">{"@context":"https:\/\/schema.org","@graph":[{"@type":"WebPage","@id":"https:\/\/eyeofthewind.net\/produkt\/wasserwelt-zwischen-westpommern-und-suedschweden\/","url":"https:\/\/eyeofthewind.net\/produkt\/wasserwelt-zwischen-westpommern-und-suedschweden\/","name":"Wasserwelt zwischen Westpommern und Südschweden - Segelschiff Charter &amp; Reisen - Eye of the Wind","isPartOf":{"@id":"https:\/\/eyeofthewind.net\/#website"},"primaryImageOfPage":{"@id":"https:\/\/eyeofthewind.net\/produkt\/wasserwelt-zwischen-westpommern-und-suedschweden\/#primaryimage"},"image":{"@id":"https:\/\/eyeofthewind.net\/produkt\/wasserwelt-zwischen-westpommern-und-suedschweden\/#primaryimage"},"thumbnailUrl":"https:\/\/eyeofthewind.net\/wp-content\/uploads\/2026\/02\/DSC_4167_edited-scaled.jpg","datePublished":"2026-02-26T08:29:19+00:00","dateModified":"2026-03-24T10:57:19+00:00","description":"Wasserwelt zwischen Westpommern und Südschweden: Segelreise mit dem Segelschiff Eye of the Wind von Gdansk (Polen) nach Stralsund (Deutschland)","breadcrumb":{"@id":"https:\/\/eyeofthewind.net\/produkt\/wasserwelt-zwischen-westpommern-und-suedschweden\/#breadcrumb"},"inLanguage":"en-GB","potentialAction":[{"@type":"ReadAction","target":["https:\/\/eyeofthewind.net\/produkt\/wasserwelt-zwischen-westpommern-und-suedschweden\/"]}]},{"@type":"ImageObject","inLanguage":"en-GB","@id":"https:\/\/eyeofthewind.net\/produkt\/wasserwelt-zwischen-westpommern-und-suedschweden\/#primaryimage","url":"https:\/\/eyeofthewind.net\/wp-content\/uploads\/2026\/02\/DSC_4167_edited-scaled.jpg","contentUrl":"https:\/\/eyeofthewind.net\/wp-content\/uploads\/2026\/02\/DSC_4167_edited-scaled.jpg","width":2560,"height":1709,"caption":"Wasserwelt zwischen Westpommern und Südschweden"},{"@type":"BreadcrumbList","@id":"https:\/\/eyeofthewind.net\/produkt\/wasserwelt-zwischen-westpommern-und-suedschweden\/#breadcrumb","itemListElement":[{"@type":"ListItem","position":1,"name":"Startseite","item":"https:\/\/eyeofthewind.net\/"},{"@type":"ListItem","position":2,"name":"Shop","item":"https:\/\/eyeofthewind.net\/shop\/"},{"@type":"ListItem","position":3,"name":"Wasserwelt zwischen Westpommern und Südschweden"}]},{"@type":"WebSite","@id":"https:\/\/eyeofthewind.net\/#website","url":"https:\/\/eyeofthewind.net\/","name":"Segelschiff Charter &amp; Reisen - Eye of the Wind","description":"Segelurlaub mit der Eye of the Wind: Segeltörns zwischen Ostsee, Kanaren und Karibik. Jeder kann mitsegeln! Mehr zu Ihrer Segelreise.","publisher":{"@id":"https:\/\/eyeofthewind.net\/#organization"},"potentialAction":[{"@type":"SearchAction","target":{"@type":"EntryPoint","urlTemplate":"https:\/\/eyeofthewind.net\/?s={search_term_string}"},"query-input":{"@type":"PropertyValueSpecification","valueRequired":true,"valueName":"search_term_string"}}],"inLanguage":"en-GB"},{"@type":"Organization","@id":"https:\/\/eyeofthewind.net\/#organization","name":"Segelschiff Charter &amp; Reisen - Eye of the Wind","url":"https:\/\/eyeofthewind.net\/","logo":{"@type":"ImageObject","inLanguage":"en-GB","@id":"https:\/\/eyeofthewind.net\/#\/schema\/logo\/image\/","url":"https:\/\/eyeofthewind.net\/wp-content\/uploads\/2024\/10\/L_Eye_weiss.svg","contentUrl":"https:\/\/eyeofthewind.net\/wp-content\/uploads\/2024\/10\/L_Eye_weiss.svg","width":202,"height":123,"caption":"Segelschiff Charter &amp; Reisen - Eye of the Wind"},"image":{"@id":"https:\/\/eyeofthewind.net\/#\/schema\/logo\/image\/"}}]}</script>
<!-- / Yoast SEO plugin. -->

Wasserwelt zwischen Westpommern und Südschweden - Segelschiff Charter &amp; Reisen - Eye of the Wind

Wasserwelt zwischen Westpommern und Südschweden: Segelreise mit dem Segelschiff Eye of the Wind von Gdansk (Polen) nach Stralsund (Deutschland)

Wasserwelt zwischen Westpommern und Südschweden
