{"id":6097,"date":"2026-02-26T10:27:41","date_gmt":"2026-02-26T09:27:41","guid":{"rendered":"https:\/\/eyeofthewind.net\/?post_type=product&#038;p=6097"},"modified":"2026-03-25T08:57:43","modified_gmt":"2026-03-25T07:57:43","slug":"through-the-fehmarnbelt-and-the-danish-islands","status":"publish","type":"product","link":"https:\/\/eyeofthewind.net\/en\/produkt\/durch-den-fehmarnbelt-und-die-daenische-inselwelt\/","title":{"rendered":"Through the Fehmarnbelt and to the Danish islands"},"content":{"rendered":"<p class=\"translation-block\">This trip is framed by two attractive harbour towns: from the <strong>Hanseatic city of Stralsund<\/strong>, we set course for <strong>Kiel<\/strong>. Along the way, we want to take time to explore the <strong>Baltic Sea coast between Germany and Denmark<\/strong>. Optional stopovers are possible on the Danish islands of Falster, Lolland, Langeland or \u00c6r\u00f8. Depending on the wind direction, we can also choose from ports in L\u00fcbeck Bay, Heiligenhafen or on the island of Fehmarn for a shore leave. If the sea is calm, it will be possible to spend a night at anchor \u2013 one of the most relaxing highlights of any sailing trip. This week-long journey combines <strong>sailing experiences on the Baltic Sea, nature impressions in sheltered anchorages and eventful shore excursions<\/strong>.<\/p>","protected":false},"excerpt":{"rendered":"<p>Eingerahmt wird dieser T\u00f6rn von zwei attraktiven Hafenst\u00e4dten: Von der Hansestadt Stralsund aus nehmen wir Kurs auf Kiel \u2026 unterwegs wollen wir uns Zeit nehmen, die Ostseek\u00fcste zwischen Deutschland und D\u00e4nemark zu erkunden. Optionale Zwischenstopps sind auf den d\u00e4nischen Inseln Falster, Lolland, Langeland oder \u00c6r\u00f8 m\u00f6glich. In Abh\u00e4ngigkeit von der Windrichtung stehen uns alternativ in [&hellip;]<\/p>\n","protected":false},"featured_media":6100,"template":"","meta":{"_acf_changed":false,"_vp_format_video_url":"","_vp_image_focal_point":[]},"product_brand":[],"product_cat":[15],"product_tag":[],"class_list":{"0":"post-6097","1":"product","2":"type-product","3":"status-publish","4":"has-post-thumbnail","6":"product_cat-unkategorisiert","8":"first","9":"instock","10":"featured","11":"virtual","12":"taxable","13":"purchasable","14":"product-type-simple"},"acf":[],"yoast_head":"<!-- This site is optimized with the Yoast SEO plugin v27.4 - https:\/\/yoast.com\/product\/yoast-seo-wordpress\/ -->\n<title>Durch den Fehmarnbelt und die d\u00e4nische Inselwelt - Segelschiff Charter &amp; Reisen - Eye of the Wind<\/title>\n<meta name=\"description\" content=\"Durch den Fehmarnbelt und die d\u00e4nische Inselwelt: Ostsee Segelreise mit dem Segelschiff Eye of the Wind von Stralsund nach Kiel (Deutschland)\" \/>\n<meta name=\"robots\" content=\"index, follow, max-snippet:-1, max-image-preview:large, max-video-preview:-1\" \/>\n<link rel=\"canonical\" href=\"https:\/\/eyeofthewind.net\/en\/product\/through-the-fehmarnbelt-and-the-danish-islands\/\" \/>\n<meta property=\"og:locale\" content=\"en_GB\" \/>\n<meta property=\"og:type\" content=\"article\" \/>\n<meta property=\"og:title\" content=\"Durch den Fehmarnbelt und die d\u00e4nische Inselwelt - Segelschiff Charter &amp; Reisen - Eye of the Wind\" \/>\n<meta property=\"og:description\" content=\"Durch den Fehmarnbelt und die d\u00e4nische Inselwelt: Ostsee Segelreise mit dem Segelschiff Eye of the Wind von Stralsund nach Kiel (Deutschland)\" \/>\n<meta property=\"og:url\" content=\"https:\/\/eyeofthewind.net\/en\/product\/through-the-fehmarnbelt-and-the-danish-islands\/\" \/>\n<meta property=\"og:site_name\" content=\"Segelschiff Charter &amp; Reisen - Eye of the Wind\" \/>\n<meta property=\"article:modified_time\" content=\"2026-03-25T07:57:43+00:00\" \/>\n<meta property=\"og:image\" content=\"https:\/\/eyeofthewind.net\/wp-content\/uploads\/2026\/02\/DSC_4344-scaled.jpg\" \/>\n\t<meta property=\"og:image:width\" content=\"2560\" \/>\n\t<meta property=\"og:image:height\" content=\"1709\" \/>\n\t<meta property=\"og:image:type\" content=\"image\/jpeg\" \/>\n<meta name=\"twitter:card\" content=\"summary_large_image\" \/>\n<meta name=\"twitter:label1\" content=\"Estimated reading time\" \/>\n\t<meta name=\"twitter:data1\" content=\"1 minute\" \/>\n<script type=\"application\/ld+json\" class=\"yoast-schema-graph\">{\"@context\":\"https:\\\/\\\/schema.org\",\"@graph\":[{\"@type\":\"WebPage\",\"@id\":\"https:\\\/\\\/eyeofthewind.net\\\/produkt\\\/durch-den-fehmarnbelt-und-die-daenische-inselwelt\\\/\",\"url\":\"https:\\\/\\\/eyeofthewind.net\\\/produkt\\\/durch-den-fehmarnbelt-und-die-daenische-inselwelt\\\/\",\"name\":\"Durch den Fehmarnbelt und die d\u00e4nische Inselwelt - Segelschiff Charter &amp; Reisen - Eye of the Wind\",\"isPartOf\":{\"@id\":\"https:\\\/\\\/eyeofthewind.net\\\/#website\"},\"primaryImageOfPage\":{\"@id\":\"https:\\\/\\\/eyeofthewind.net\\\/produkt\\\/durch-den-fehmarnbelt-und-die-daenische-inselwelt\\\/#primaryimage\"},\"image\":{\"@id\":\"https:\\\/\\\/eyeofthewind.net\\\/produkt\\\/durch-den-fehmarnbelt-und-die-daenische-inselwelt\\\/#primaryimage\"},\"thumbnailUrl\":\"https:\\\/\\\/eyeofthewind.net\\\/wp-content\\\/uploads\\\/2026\\\/02\\\/DSC_4344-scaled.jpg\",\"datePublished\":\"2026-02-26T09:27:41+00:00\",\"dateModified\":\"2026-03-25T07:57:43+00:00\",\"description\":\"Durch den Fehmarnbelt und die d\u00e4nische Inselwelt: Ostsee Segelreise mit dem Segelschiff Eye of the Wind von Stralsund nach Kiel (Deutschland)\",\"breadcrumb\":{\"@id\":\"https:\\\/\\\/eyeofthewind.net\\\/produkt\\\/durch-den-fehmarnbelt-und-die-daenische-inselwelt\\\/#breadcrumb\"},\"inLanguage\":\"en-GB\",\"potentialAction\":[{\"@type\":\"ReadAction\",\"target\":[\"https:\\\/\\\/eyeofthewind.net\\\/produkt\\\/durch-den-fehmarnbelt-und-die-daenische-inselwelt\\\/\"]}]},{\"@type\":\"ImageObject\",\"inLanguage\":\"en-GB\",\"@id\":\"https:\\\/\\\/eyeofthewind.net\\\/produkt\\\/durch-den-fehmarnbelt-und-die-daenische-inselwelt\\\/#primaryimage\",\"url\":\"https:\\\/\\\/eyeofthewind.net\\\/wp-content\\\/uploads\\\/2026\\\/02\\\/DSC_4344-scaled.jpg\",\"contentUrl\":\"https:\\\/\\\/eyeofthewind.net\\\/wp-content\\\/uploads\\\/2026\\\/02\\\/DSC_4344-scaled.jpg\",\"width\":2560,\"height\":1709,\"caption\":\"Durch den Fehmarnbelt und die d\u00e4nische Inselwelt\"},{\"@type\":\"BreadcrumbList\",\"@id\":\"https:\\\/\\\/eyeofthewind.net\\\/produkt\\\/durch-den-fehmarnbelt-und-die-daenische-inselwelt\\\/#breadcrumb\",\"itemListElement\":[{\"@type\":\"ListItem\",\"position\":1,\"name\":\"Startseite\",\"item\":\"https:\\\/\\\/eyeofthewind.net\\\/\"},{\"@type\":\"ListItem\",\"position\":2,\"name\":\"Shop\",\"item\":\"https:\\\/\\\/eyeofthewind.net\\\/shop\\\/\"},{\"@type\":\"ListItem\",\"position\":3,\"name\":\"Durch den Fehmarnbelt und die d\u00e4nische Inselwelt\"}]},{\"@type\":\"WebSite\",\"@id\":\"https:\\\/\\\/eyeofthewind.net\\\/#website\",\"url\":\"https:\\\/\\\/eyeofthewind.net\\\/\",\"name\":\"Segelschiff Charter &amp; Reisen - Eye of the Wind\",\"description\":\"Segelurlaub mit der Eye of the Wind: Segelt\u00f6rns zwischen Ostsee, Kanaren und Karibik. Jeder kann mitsegeln! Mehr zu Ihrer Segelreise.\",\"publisher\":{\"@id\":\"https:\\\/\\\/eyeofthewind.net\\\/#organization\"},\"potentialAction\":[{\"@type\":\"SearchAction\",\"target\":{\"@type\":\"EntryPoint\",\"urlTemplate\":\"https:\\\/\\\/eyeofthewind.net\\\/?s={search_term_string}\"},\"query-input\":{\"@type\":\"PropertyValueSpecification\",\"valueRequired\":true,\"valueName\":\"search_term_string\"}}],\"inLanguage\":\"en-GB\"},{\"@type\":\"Organization\",\"@id\":\"https:\\\/\\\/eyeofthewind.net\\\/#organization\",\"name\":\"Segelschiff Charter &amp; Reisen - Eye of the Wind\",\"url\":\"https:\\\/\\\/eyeofthewind.net\\\/\",\"logo\":{\"@type\":\"ImageObject\",\"inLanguage\":\"en-GB\",\"@id\":\"https:\\\/\\\/eyeofthewind.net\\\/#\\\/schema\\\/logo\\\/image\\\/\",\"url\":\"https:\\\/\\\/eyeofthewind.net\\\/wp-content\\\/uploads\\\/2024\\\/10\\\/L_Eye_weiss.svg\",\"contentUrl\":\"https:\\\/\\\/eyeofthewind.net\\\/wp-content\\\/uploads\\\/2024\\\/10\\\/L_Eye_weiss.svg\",\"width\":202,\"height\":123,\"caption\":\"Segelschiff Charter &amp; Reisen - Eye of the Wind\"},\"image\":{\"@id\":\"https:\\\/\\\/eyeofthewind.net\\\/#\\\/schema\\\/logo\\\/image\\\/\"}}]}<\/script>\n<!-- \/ Yoast SEO plugin. -->","yoast_head_json":{"title":"Through the Fehmarnbelt and the Danish islands - Sailboat Charter &amp; Travel - Eye of the Wind","description":"Through the Fehmarnbelt and the Danish archipelago: Baltic Sea sailing trip with the sailing ship Eye of the Wind from Stralsund to Kiel (Germany)","robots":{"index":"index","follow":"follow","max-snippet":"max-snippet:-1","max-image-preview":"max-image-preview:large","max-video-preview":"max-video-preview:-1"},"canonical":"https:\/\/eyeofthewind.net\/en\/product\/through-the-fehmarnbelt-and-the-danish-islands\/","og_locale":"en_GB","og_type":"article","og_title":"Durch den Fehmarnbelt und die d\u00e4nische Inselwelt - Segelschiff Charter &amp; Reisen - Eye of the Wind","og_description":"Durch den Fehmarnbelt und die d\u00e4nische Inselwelt: Ostsee Segelreise mit dem Segelschiff Eye of the Wind von Stralsund nach Kiel (Deutschland)","og_url":"https:\/\/eyeofthewind.net\/en\/product\/through-the-fehmarnbelt-and-the-danish-islands\/","og_site_name":"Segelschiff Charter &amp; Reisen - Eye of the Wind","article_modified_time":"2026-03-25T07:57:43+00:00","og_image":[{"width":2560,"height":1709,"url":"https:\/\/eyeofthewind.net\/wp-content\/uploads\/2026\/02\/DSC_4344-scaled.jpg","type":"image\/jpeg"}],"twitter_card":"summary_large_image","twitter_misc":{"Estimated reading time":"1 minute"},"schema":{"@context":"https:\/\/schema.org","@graph":[{"@type":"WebPage","@id":"https:\/\/eyeofthewind.net\/produkt\/durch-den-fehmarnbelt-und-die-daenische-inselwelt\/","url":"https:\/\/eyeofthewind.net\/produkt\/durch-den-fehmarnbelt-und-die-daenische-inselwelt\/","name":"Through the Fehmarnbelt and the Danish islands - Sailboat Charter &amp; Travel - Eye of the Wind","isPartOf":{"@id":"https:\/\/eyeofthewind.net\/#website"},"primaryImageOfPage":{"@id":"https:\/\/eyeofthewind.net\/produkt\/durch-den-fehmarnbelt-und-die-daenische-inselwelt\/#primaryimage"},"image":{"@id":"https:\/\/eyeofthewind.net\/produkt\/durch-den-fehmarnbelt-und-die-daenische-inselwelt\/#primaryimage"},"thumbnailUrl":"https:\/\/eyeofthewind.net\/wp-content\/uploads\/2026\/02\/DSC_4344-scaled.jpg","datePublished":"2026-02-26T09:27:41+00:00","dateModified":"2026-03-25T07:57:43+00:00","description":"Through the Fehmarnbelt and the Danish archipelago: Baltic Sea sailing trip with the sailing ship Eye of the Wind from Stralsund to Kiel (Germany)","breadcrumb":{"@id":"https:\/\/eyeofthewind.net\/produkt\/durch-den-fehmarnbelt-und-die-daenische-inselwelt\/#breadcrumb"},"inLanguage":"en-GB","potentialAction":[{"@type":"ReadAction","target":["https:\/\/eyeofthewind.net\/produkt\/durch-den-fehmarnbelt-und-die-daenische-inselwelt\/"]}]},{"@type":"ImageObject","inLanguage":"en-GB","@id":"https:\/\/eyeofthewind.net\/produkt\/durch-den-fehmarnbelt-und-die-daenische-inselwelt\/#primaryimage","url":"https:\/\/eyeofthewind.net\/wp-content\/uploads\/2026\/02\/DSC_4344-scaled.jpg","contentUrl":"https:\/\/eyeofthewind.net\/wp-content\/uploads\/2026\/02\/DSC_4344-scaled.jpg","width":2560,"height":1709,"caption":"Durch den Fehmarnbelt und die d\u00e4nische Inselwelt"},{"@type":"BreadcrumbList","@id":"https:\/\/eyeofthewind.net\/produkt\/durch-den-fehmarnbelt-und-die-daenische-inselwelt\/#breadcrumb","itemListElement":[{"@type":"ListItem","position":1,"name":"Startseite","item":"https:\/\/eyeofthewind.net\/"},{"@type":"ListItem","position":2,"name":"Shop","item":"https:\/\/eyeofthewind.net\/shop\/"},{"@type":"ListItem","position":3,"name":"Durch den Fehmarnbelt und die d\u00e4nische Inselwelt"}]},{"@type":"WebSite","@id":"https:\/\/eyeofthewind.net\/#website","url":"https:\/\/eyeofthewind.net\/","name":"Sailing Ship Charter &amp; Travelling - Eye of the Wind","description":"Sailing holidays with the Eye of the Wind: sailing trips between the Baltic Sea, Canary Islands and Caribbean. Anyone can sail with us! More about your sailing holiday.","publisher":{"@id":"https:\/\/eyeofthewind.net\/#organization"},"potentialAction":[{"@type":"SearchAction","target":{"@type":"EntryPoint","urlTemplate":"https:\/\/eyeofthewind.net\/?s={search_term_string}"},"query-input":{"@type":"PropertyValueSpecification","valueRequired":true,"valueName":"search_term_string"}}],"inLanguage":"en-GB"},{"@type":"Organization","@id":"https:\/\/eyeofthewind.net\/#organization","name":"Sailing Ship Charter &amp; Travelling - Eye of the Wind","url":"https:\/\/eyeofthewind.net\/","logo":{"@type":"ImageObject","inLanguage":"en-GB","@id":"https:\/\/eyeofthewind.net\/#\/schema\/logo\/image\/","url":"https:\/\/eyeofthewind.net\/wp-content\/uploads\/2024\/10\/L_Eye_weiss.svg","contentUrl":"https:\/\/eyeofthewind.net\/wp-content\/uploads\/2024\/10\/L_Eye_weiss.svg","width":202,"height":123,"caption":"Segelschiff Charter &amp; Reisen - Eye of the Wind"},"image":{"@id":"https:\/\/eyeofthewind.net\/#\/schema\/logo\/image\/"}}]}},"_links":{"self":[{"href":"https:\/\/eyeofthewind.net\/en\/wp-json\/wp\/v2\/product\/6097","targetHints":{"allow":["GET"]}}],"collection":[{"href":"https:\/\/eyeofthewind.net\/en\/wp-json\/wp\/v2\/product"}],"about":[{"href":"https:\/\/eyeofthewind.net\/en\/wp-json\/wp\/v2\/types\/product"}],"wp:featuredmedia":[{"embeddable":true,"href":"https:\/\/eyeofthewind.net\/en\/wp-json\/wp\/v2\/media\/6100"}],"wp:attachment":[{"href":"https:\/\/eyeofthewind.net\/en\/wp-json\/wp\/v2\/media?parent=6097"}],"wp:term":[{"taxonomy":"product_brand","embeddable":true,"href":"https:\/\/eyeofthewind.net\/en\/wp-json\/wp\/v2\/product_brand?post=6097"},{"taxonomy":"product_cat","embeddable":true,"href":"https:\/\/eyeofthewind.net\/en\/wp-json\/wp\/v2\/product_cat?post=6097"},{"taxonomy":"product_tag","embeddable":true,"href":"https:\/\/eyeofthewind.net\/en\/wp-json\/wp\/v2\/product_tag?post=6097"}],"curies":[{"name":"wp","href":"https:\/\/api.w.org\/{rel}","templated":true}]}}

<p class="translation-block">This trip is framed by two attractive harbour towns: from the <strong>Hanseatic city of Stralsund</strong>, we set course for <strong>Kiel</strong>. Along the way, we want to take time to explore the <strong>Baltic Sea coast between Germany and Denmark</strong>. Optional stopovers are possible on the Danish islands of Falster, Lolland, Langeland or Ærø. Depending on the wind direction, we can also choose from ports in Lübeck Bay, Heiligenhafen or on the island of Fehmarn for a shore leave. If the sea is calm, it will be possible to spend a night at anchor – one of the most relaxing highlights of any sailing trip. This week-long journey combines <strong>sailing experiences on the Baltic Sea, nature impressions in sheltered anchorages and eventful shore excursions</strong>.</p>

<p>Eingerahmt wird dieser Törn von zwei attraktiven Hafenstädten: Von der Hansestadt Stralsund aus nehmen wir Kurs auf Kiel … unterwegs wollen wir uns Zeit nehmen, die Ostseeküste zwischen Deutschland und Dänemark zu erkunden. Optionale Zwischenstopps sind auf den dänischen Inseln Falster, Lolland, Langeland oder Ærø möglich. In Abhängigkeit von der Windrichtung stehen uns alternativ in [&hellip;]</p>

<!-- This site is optimized with the Yoast SEO plugin v27.4 - https://yoast.com/product/yoast-seo-wordpress/ -->
<title>Durch den Fehmarnbelt und die dänische Inselwelt - Segelschiff Charter &amp; Reisen - Eye of the Wind</title>
<meta name="description" content="Durch den Fehmarnbelt und die dänische Inselwelt: Ostsee Segelreise mit dem Segelschiff Eye of the Wind von Stralsund nach Kiel (Deutschland)" />
<meta name="robots" content="index, follow, max-snippet:-1, max-image-preview:large, max-video-preview:-1" />
<link rel="canonical" href="https://eyeofthewind.net/en/product/through-the-fehmarnbelt-and-the-danish-islands/" />
<meta property="og:locale" content="en_GB" />
<meta property="og:type" content="article" />
<meta property="og:title" content="Durch den Fehmarnbelt und die dänische Inselwelt - Segelschiff Charter &amp; Reisen - Eye of the Wind" />
<meta property="og:description" content="Durch den Fehmarnbelt und die dänische Inselwelt: Ostsee Segelreise mit dem Segelschiff Eye of the Wind von Stralsund nach Kiel (Deutschland)" />
<meta property="og:url" content="https://eyeofthewind.net/en/product/through-the-fehmarnbelt-and-the-danish-islands/" />
<meta property="og:site_name" content="Segelschiff Charter &amp; Reisen - Eye of the Wind" />
<meta property="article:modified_time" content="2026-03-25T07:57:43+00:00" />
<meta property="og:image" content="https://eyeofthewind.net/wp-content/uploads/2026/02/DSC_4344-scaled.jpg" />
	<meta property="og:image:width" content="2560" />
	<meta property="og:image:height" content="1709" />
	<meta property="og:image:type" content="image/jpeg" />
<meta name="twitter:card" content="summary_large_image" />
<meta name="twitter:label1" content="Estimated reading time" />
	<meta name="twitter:data1" content="1 minute" />
<script type="application/ld+json" class="yoast-schema-graph">{"@context":"https:\/\/schema.org","@graph":[{"@type":"WebPage","@id":"https:\/\/eyeofthewind.net\/produkt\/durch-den-fehmarnbelt-und-die-daenische-inselwelt\/","url":"https:\/\/eyeofthewind.net\/produkt\/durch-den-fehmarnbelt-und-die-daenische-inselwelt\/","name":"Durch den Fehmarnbelt und die dänische Inselwelt - Segelschiff Charter &amp; Reisen - Eye of the Wind","isPartOf":{"@id":"https:\/\/eyeofthewind.net\/#website"},"primaryImageOfPage":{"@id":"https:\/\/eyeofthewind.net\/produkt\/durch-den-fehmarnbelt-und-die-daenische-inselwelt\/#primaryimage"},"image":{"@id":"https:\/\/eyeofthewind.net\/produkt\/durch-den-fehmarnbelt-und-die-daenische-inselwelt\/#primaryimage"},"thumbnailUrl":"https:\/\/eyeofthewind.net\/wp-content\/uploads\/2026\/02\/DSC_4344-scaled.jpg","datePublished":"2026-02-26T09:27:41+00:00","dateModified":"2026-03-25T07:57:43+00:00","description":"Durch den Fehmarnbelt und die dänische Inselwelt: Ostsee Segelreise mit dem Segelschiff Eye of the Wind von Stralsund nach Kiel (Deutschland)","breadcrumb":{"@id":"https:\/\/eyeofthewind.net\/produkt\/durch-den-fehmarnbelt-und-die-daenische-inselwelt\/#breadcrumb"},"inLanguage":"en-GB","potentialAction":[{"@type":"ReadAction","target":["https:\/\/eyeofthewind.net\/produkt\/durch-den-fehmarnbelt-und-die-daenische-inselwelt\/"]}]},{"@type":"ImageObject","inLanguage":"en-GB","@id":"https:\/\/eyeofthewind.net\/produkt\/durch-den-fehmarnbelt-und-die-daenische-inselwelt\/#primaryimage","url":"https:\/\/eyeofthewind.net\/wp-content\/uploads\/2026\/02\/DSC_4344-scaled.jpg","contentUrl":"https:\/\/eyeofthewind.net\/wp-content\/uploads\/2026\/02\/DSC_4344-scaled.jpg","width":2560,"height":1709,"caption":"Durch den Fehmarnbelt und die dänische Inselwelt"},{"@type":"BreadcrumbList","@id":"https:\/\/eyeofthewind.net\/produkt\/durch-den-fehmarnbelt-und-die-daenische-inselwelt\/#breadcrumb","itemListElement":[{"@type":"ListItem","position":1,"name":"Startseite","item":"https:\/\/eyeofthewind.net\/"},{"@type":"ListItem","position":2,"name":"Shop","item":"https:\/\/eyeofthewind.net\/shop\/"},{"@type":"ListItem","position":3,"name":"Durch den Fehmarnbelt und die dänische Inselwelt"}]},{"@type":"WebSite","@id":"https:\/\/eyeofthewind.net\/#website","url":"https:\/\/eyeofthewind.net\/","name":"Segelschiff Charter &amp; Reisen - Eye of the Wind","description":"Segelurlaub mit der Eye of the Wind: Segeltörns zwischen Ostsee, Kanaren und Karibik. Jeder kann mitsegeln! Mehr zu Ihrer Segelreise.","publisher":{"@id":"https:\/\/eyeofthewind.net\/#organization"},"potentialAction":[{"@type":"SearchAction","target":{"@type":"EntryPoint","urlTemplate":"https:\/\/eyeofthewind.net\/?s={search_term_string}"},"query-input":{"@type":"PropertyValueSpecification","valueRequired":true,"valueName":"search_term_string"}}],"inLanguage":"en-GB"},{"@type":"Organization","@id":"https:\/\/eyeofthewind.net\/#organization","name":"Segelschiff Charter &amp; Reisen - Eye of the Wind","url":"https:\/\/eyeofthewind.net\/","logo":{"@type":"ImageObject","inLanguage":"en-GB","@id":"https:\/\/eyeofthewind.net\/#\/schema\/logo\/image\/","url":"https:\/\/eyeofthewind.net\/wp-content\/uploads\/2024\/10\/L_Eye_weiss.svg","contentUrl":"https:\/\/eyeofthewind.net\/wp-content\/uploads\/2024\/10\/L_Eye_weiss.svg","width":202,"height":123,"caption":"Segelschiff Charter &amp; Reisen - Eye of the Wind"},"image":{"@id":"https:\/\/eyeofthewind.net\/#\/schema\/logo\/image\/"}}]}</script>
<!-- / Yoast SEO plugin. -->

Durch den Fehmarnbelt und die dänische Inselwelt - Segelschiff Charter &amp; Reisen - Eye of the Wind

Durch den Fehmarnbelt und die dänische Inselwelt: Ostsee Segelreise mit dem Segelschiff Eye of the Wind von Stralsund nach Kiel (Deutschland)

Durch den Fehmarnbelt und die dänische Inselwelt
